{"id":8196,"date":"2023-02-23T22:19:06","date_gmt":"2023-02-24T04:19:06","guid":{"rendered":"https:\/\/tecsecmty.com\/index.php\/producto\/yli-ym60-cerradura-magnetica-para-control-de-acceso-fuerza-de-sujecion-60-kg-o-120-lb-12-vdc-para-puertas-de-madera-vidrio-y-metalicas-uso-interior-compatible-con-soporte-mbk70z\/"},"modified":"2023-03-22T23:25:06","modified_gmt":"2023-03-23T05:25:06","slug":"yli-ym60-cerradura-magnetica-para-control-de-acceso-fuerza-de-sujecion-60-kg-o-120-lb-12-vdc-para-puertas-de-madera-vidrio-y-metalicas-uso-interior-compatible-con-soporte-mbk70z","status":"publish","type":"product","link":"https:\/\/tecsecmty.com\/index.php\/producto\/yli-ym60-cerradura-magnetica-para-control-de-acceso-fuerza-de-sujecion-60-kg-o-120-lb-12-vdc-para-puertas-de-madera-vidrio-y-metalicas-uso-interior-compatible-con-soporte-mbk70z\/","title":{"rendered":"YLI YM60 &#8211; Cerradura Magn\u00e9tica para Control de Acceso \/ Fuerza de Sujeci\u00f3n 60 Kg o 120 Lb \/ 12 VDC \/ Para puertas de madera, vidrio y met\u00e1licas \/ Uso interior \/ Compatible con Soporte MBK70Z"},"content":{"rendered":"<h5 class=\"card-title text-center\">DESCRIPCI\u00d3N<\/h5>\n<p class=\"ql-align-justify\">La chapa magnetica\u00a0YLI modelo\u00a0<strong>YM60\u00a0<\/strong>tambien se le conoce como cerradura electromagn\u00e9tica hace uso del principio en la que la electricidad produce energ\u00eda magn\u00e9tica para su funcionamiento, por lo que cuando se hace\u00a0pasar electricidad por una hoja de acero de silicio, se crear\u00e1 un campo magn\u00e9tico entre la cerradura y una placa de hierro, tan fuerte como para bloquear una puerta en donde se haya instalado.<\/p>\n<p class=\"ql-align-justify\"><strong>ESPECIFICACIONES<\/strong><\/p>\n<ul>\n<li class=\"ql-align-justify\">Tama\u00f1o de Cerradura: 80x33x19mm.<\/li>\n<li class=\"ql-align-justify\">Voltaje: DC12V +10%.<\/li>\n<li class=\"ql-align-justify\">Fuerza de Retenci\u00f3n: 60 Kg.<\/li>\n<li class=\"ql-align-justify\">Consumo de Corriente: 12V\/300mA.<\/li>\n<li class=\"ql-align-justify\">Temp de Funcionamiento: -10\u00b0C~+55\u00b0C.<\/li>\n<li class=\"ql-align-justify\">Armaz\u00f3n: material de alta resistencia, cubierta de aluminio anodizado.<\/li>\n<li class=\"ql-align-justify\">Cerradura y Armadura: Zinc plateado.<\/li>\n<li class=\"ql-align-justify\">Peso: 0.55 kg.<\/li>\n<li class=\"ql-align-justify\">proporciona una protecci\u00f3n de corriente inversa.<\/li>\n<\/ul>\n<p class=\"ql-align-justify\"><strong>FUNCIONES<\/strong><\/p>\n<p class=\"ql-align-justify\">Para su apertura, la electricidad debe cortarse por medio de alg\u00fan sistema de control de acceso conectado al equipo. Como la cerradura magn\u00e9tica tiene una estructura mec\u00e1nica simple, se puede instalar en las puertas de uso de salida de emergencia y se aplica extensamente a las puertas para pasar su uso en lugares como los estadios para los juegos ol\u00edmpicos, aeropuerto, aduana, metro, f\u00e1brica, escuela, hotel, zona residencial, gobierno, telecomunicaciones, entidad financiera, etc<\/p>\n<ul>\n<li class=\"ql-align-justify\">Aumentar seguridad en accesos o puertas controladas.<\/li>\n<li class=\"ql-align-justify\">Soporta hasta 60Kg.<\/li>\n<li class=\"ql-align-justify\">Conexi\u00f3n Normalmente Cerrado.<\/li>\n<li class=\"ql-align-justify\">12vDC.<\/li>\n<\/ul>\n<p><img decoding=\"async\" class=\"overview-center-img-web\" src=\"https:\/\/tvc.mx\/media\/65142\/CENTRAL.png\" alt=\"\" \/><\/p>\n","protected":false},"excerpt":{"rendered":"<p>DESCRIPCI\u00d3N La chapa magnetica\u00a0YLI modelo\u00a0YM60\u00a0tambien se le conoce como cerradura electromagn\u00e9tica hace uso del principio en la que la electricidad produce energ\u00eda magn\u00e9tica para su funcionamiento, por lo que cuando se hace\u00a0pasar electricidad por una hoja de acero de silicio, se crear\u00e1 un campo magn\u00e9tico&hellip;<\/p>\n","protected":false},"featured_media":8195,"comment_status":"open","ping_status":"closed","template":"","meta":{"om_disable_all_campaigns":false,"_monsterinsights_skip_tracking":false,"_monsterinsights_sitenote_active":false,"_monsterinsights_sitenote_note":"","_monsterinsights_sitenote_category":0},"product_brand":[],"product_cat":[752],"product_tag":[81,727,730,66,731,728,729],"class_list":{"0":"post-8196","1":"product","2":"type-product","3":"status-publish","4":"has-post-thumbnail","6":"product_cat-magnetica-cerraduras-yli-acceso-asistencia","7":"product_tag-acceso-y-asistencia","8":"product_tag-cerraduras","9":"product_tag-commax-wulian","10":"product_tag-dahua","11":"product_tag-wejoin","12":"product_tag-yli","13":"product_tag-zkteco","15":"first","16":"instock","17":"sale","18":"taxable","19":"shipping-taxable","20":"purchasable","21":"product-type-simple"},"aioseo_notices":[],"_links":{"self":[{"href":"https:\/\/tecsecmty.com\/index.php\/wp-json\/wp\/v2\/product\/8196","targetHints":{"allow":["GET"]}}],"collection":[{"href":"https:\/\/tecsecmty.com\/index.php\/wp-json\/wp\/v2\/product"}],"about":[{"href":"https:\/\/tecsecmty.com\/index.php\/wp-json\/wp\/v2\/types\/product"}],"replies":[{"embeddable":true,"href":"https:\/\/tecsecmty.com\/index.php\/wp-json\/wp\/v2\/comments?post=8196"}],"version-history":[{"count":0,"href":"https:\/\/tecsecmty.com\/index.php\/wp-json\/wp\/v2\/product\/8196\/revisions"}],"wp:featuredmedia":[{"embeddable":true,"href":"https:\/\/tecsecmty.com\/index.php\/wp-json\/wp\/v2\/media\/8195"}],"wp:attachment":[{"href":"https:\/\/tecsecmty.com\/index.php\/wp-json\/wp\/v2\/media?parent=8196"}],"wp:term":[{"taxonomy":"product_brand","embeddable":true,"href":"https:\/\/tecsecmty.com\/index.php\/wp-json\/wp\/v2\/product_brand?post=8196"},{"taxonomy":"product_cat","embeddable":true,"href":"https:\/\/tecsecmty.com\/index.php\/wp-json\/wp\/v2\/product_cat?post=8196"},{"taxonomy":"product_tag","embeddable":true,"href":"https:\/\/tecsecmty.com\/index.php\/wp-json\/wp\/v2\/product_tag?post=8196"}],"curies":[{"name":"wp","href":"https:\/\/api.w.org\/{rel}","templated":true}]}}