{"id":8216,"date":"2023-02-23T22:19:27","date_gmt":"2023-02-24T04:19:27","guid":{"rendered":"https:\/\/tecsecmty.com\/index.php\/producto\/zkteco-lm200ypak-contrachapa-magnetica-de-200-kg-o-440-lb-incluye-soporte-de-instalacion-zl-y-gabinete-metalico-con-salida-de-12-vdc-a-3a-soporta-bateria-de-respaldo\/"},"modified":"2023-03-22T23:25:25","modified_gmt":"2023-03-23T05:25:25","slug":"zkteco-lm200ypak-contrachapa-magnetica-de-200-kg-o-440-lb-incluye-soporte-de-instalacion-zl-y-gabinete-metalico-con-salida-de-12-vdc-a-3a-soporta-bateria-de-respaldo","status":"publish","type":"product","link":"https:\/\/tecsecmty.com\/index.php\/producto\/zkteco-lm200ypak-contrachapa-magnetica-de-200-kg-o-440-lb-incluye-soporte-de-instalacion-zl-y-gabinete-metalico-con-salida-de-12-vdc-a-3a-soporta-bateria-de-respaldo\/","title":{"rendered":"ZKTECO LM200YPAK &#8211; Contrachapa magn\u00e9tica de 200 kg o 440 lb, incluye soporte de instalaci\u00f3n ZL y Gabinete met\u00e1lico con salida de 12 VDC a 3A, soporta bater\u00eda de respaldo"},"content":{"rendered":"<div class=\"row aling-items-center padding-bottom-2x\">\n<div class=\"col-lg-12\">\n<h5 class=\"card-title text-center\">Informaci\u00f3n general<\/h5>\n<p>ZKTECO LM2805YPACK &#8211; Cerradura magn\u00e9tica de 200 kg o 440 lbs, incluye soporte de instalaci\u00f3n en ZL y Gabinete met\u00e1lico con salida de 12 VDC a 3A, soporta bater\u00eda de respaldo<\/p>\n<p>Contenido del paquete:<\/p>\n<p>&nbsp;<\/p>\n<p><img decoding=\"async\" class=\"overview-center-img-web\" src=\"https:\/\/tvc.mx\/media\/170297\/ZKTECO-LM2805YPACK-Paquete-de-cerradura-magnetica-soporte-L-Z-y-gabinete-img2.png\" alt=\"\" \/><\/div>\n<\/div>\n<div class=\"row align-items-center padding-bottom-2x\">\n<div class=\"col-md-5 order-md-2\"><img decoding=\"async\" class=\"d-block m-auto img-thumbnail\" src=\"https:\/\/tvc.mx\/media\/170301\/ZKTECO-LM1805YPACK-Paquete-de-cerradura-magnetica-soporte-L-Z-y-gabinete-img3.png\" alt=\" \" \/><\/div>\n<div class=\"col-md-7 order-md-1 text-md-left text-center\">\n<h2>YLI YP902123<\/h2>\n<p class=\"text-muted\">\n<p class=\"ql-align-justify\">Esta fuente de alimentaci\u00f3n es una fuente de alimentaci\u00f3n ininterrumpida inteligente totalmente autom\u00e1tica. Adopta componentes importados originales de alta calidad y se fabrica con precisi\u00f3n utilizando el proceso avanzado internacional. Pr\u00e1ctica s\u00f3lida, interfaz simple, rendimiento estable, carga suficiente de la bater\u00eda, sin sobrecarga y sin carga baja durante la carga; la salida se corta autom\u00e1ticamente cuando el voltaje de la bater\u00eda es demasiado bajo, lo que puede proteger efectivamente la bater\u00eda y evitar el fen\u00f3meno de punto muerto debido a un bajo voltaje.<\/p>\n<p class=\"ql-align-justify\"><strong>Par\u00e1metros del producto :<\/strong><\/p>\n<ul>\n<li class=\"ql-align-justify\">Dimensiones: Longitud 226x ancho 226x espesor 82 (mm)<\/li>\n<li class=\"ql-align-justify\">Voltaje de entrada: AC100 \uff5e 240V 50 \/ 60Hz<\/li>\n<li class=\"ql-align-justify\">Potencia de salida: 30W<\/li>\n<li class=\"ql-align-justify\">Ajuste de retraso: 0 \uff5e 30 segundos ajustable<\/li>\n<li class=\"ql-align-justify\">Corriente de salida: 12VDC 3Amp<\/li>\n<li class=\"ql-align-justify\">Tipo de bater\u00eda: Bater\u00eda de plomo-\u00e1cido 12V \/ 7AH<\/li>\n<li class=\"ql-align-justify\">Peso del producto: 1.8kg<\/li>\n<\/ul>\n<p>&nbsp;<\/p>\n<\/div>\n<\/div>\n<hr class=\"padding-bottom-2x\" \/>\n<div class=\"row align-items-center padding-bottom-2x\">\n<div class=\"col-md-5 order-md-2\"><img decoding=\"async\" class=\"d-block m-auto img-thumbnail\" src=\"https:\/\/tvc.mx\/media\/170305\/ZKTECO-LM2805YPACK-Paquete-de-cerradura-magnetica-soporte-L-Z-y-gabinete-img4.png\" alt=\" \" \/><\/div>\n<div class=\"col-md-7 order-md-1 text-md-left text-center\">\n<h2>ZKTECO LM200<\/h2>\n<p class=\"text-muted\">\n<p class=\"ql-align-justify\">La cerradura electromagn\u00e9tica ZKTeco LM200 est\u00e1 dise\u00f1ada para instalaci\u00f3n en superficie en puertas internas de metal, pl\u00e1stico o madera con una fuerza de sujeci\u00f3n de hasta 200 kg, cuenta con un indicador LED y sensor de control de puerta.<\/p>\n<p>&nbsp;<\/p>\n<\/div>\n<\/div>\n<hr class=\"padding-bottom-2x\" \/>\n<div class=\"row align-items-center padding-bottom-2x\">\n<div class=\"col-md-5 order-md-2\"><img decoding=\"async\" class=\"d-block m-auto img-thumbnail\" src=\"https:\/\/tvc.mx\/media\/170309\/ZKTECO-LM2805YPACK-Paquete-de-cerradura-magnetica-soporte-L-Z-y-gabinete-img3.png\" alt=\" \" \/><\/div>\n<div class=\"col-md-7 order-md-1 text-md-left text-center\">\n<h2>ZKTECO LMB200ZL<\/h2>\n<p class=\"text-muted\">\n<p class=\"ql-align-justify\">El soporte en ZL. \u00a1Son fuertes, confiables y de buen precio! Se requieren soportes L y Z para aplicaciones de puertas con apertura de 90\u00b0..<\/p>\n<p class=\"ql-align-justify\">El soporte \u00abL\u00bb se usa para montar la cerradura magn\u00e9tica sobre la puerta y el soporte \u00abZ\u00bb se une a la puerta para alinear la placa de armadura con el im\u00e1n.<\/p>\n<p class=\"ql-align-justify\">Se utilizan para la conversi\u00f3n de cerraduras de oscilaci\u00f3n est\u00e1ndar para adaptarse a las aplicaciones de oscilaci\u00f3n. Nuestros soportes aseguran que el im\u00e1n permanezca en el lado protegido de las puertas.<\/p>\n<p class=\"ql-align-justify\">El soporte en L se usa para fijar el im\u00e1n a la jamba para adaptarse a las aplicaciones t\u00edpicas de puertas de apertura hacia afuera. Los soportes deben combinarse con nuestras cerraduras magn\u00e9ticas para aplicaciones en puertas batientes. Nuestras cerraduras magn\u00e9ticas son excelentes para \u00e1reas de tr\u00e1fico bajo, medio y alto, como oficinas, tiendas de conveniencia, entradas y salidas de edificios.<\/p>\n<\/div>\n<\/div>\n","protected":false},"excerpt":{"rendered":"<p>Informaci\u00f3n general ZKTECO LM2805YPACK &#8211; Cerradura magn\u00e9tica de 200 kg o 440 lbs, incluye soporte de instalaci\u00f3n en ZL y Gabinete met\u00e1lico con salida de 12 VDC a 3A, soporta bater\u00eda de respaldo Contenido del paquete: &nbsp; YLI YP902123 Esta fuente de alimentaci\u00f3n es una&hellip;<\/p>\n","protected":false},"featured_media":8215,"comment_status":"open","ping_status":"closed","template":"","meta":{"om_disable_all_campaigns":false,"_monsterinsights_skip_tracking":false,"_monsterinsights_sitenote_active":false,"_monsterinsights_sitenote_note":"","_monsterinsights_sitenote_category":0},"product_brand":[],"product_cat":[753],"product_tag":[81,727,730,66,731,728,729],"class_list":{"0":"post-8216","1":"product","2":"type-product","3":"status-publish","4":"has-post-thumbnail","6":"product_cat-magnetica-cerraduras-zkteco-acceso-asistencia","7":"product_tag-acceso-y-asistencia","8":"product_tag-cerraduras","9":"product_tag-commax-wulian","10":"product_tag-dahua","11":"product_tag-wejoin","12":"product_tag-yli","13":"product_tag-zkteco","15":"first","16":"instock","17":"sale","18":"taxable","19":"shipping-taxable","20":"purchasable","21":"product-type-simple"},"aioseo_notices":[],"_links":{"self":[{"href":"https:\/\/tecsecmty.com\/index.php\/wp-json\/wp\/v2\/product\/8216","targetHints":{"allow":["GET"]}}],"collection":[{"href":"https:\/\/tecsecmty.com\/index.php\/wp-json\/wp\/v2\/product"}],"about":[{"href":"https:\/\/tecsecmty.com\/index.php\/wp-json\/wp\/v2\/types\/product"}],"replies":[{"embeddable":true,"href":"https:\/\/tecsecmty.com\/index.php\/wp-json\/wp\/v2\/comments?post=8216"}],"version-history":[{"count":0,"href":"https:\/\/tecsecmty.com\/index.php\/wp-json\/wp\/v2\/product\/8216\/revisions"}],"wp:featuredmedia":[{"embeddable":true,"href":"https:\/\/tecsecmty.com\/index.php\/wp-json\/wp\/v2\/media\/8215"}],"wp:attachment":[{"href":"https:\/\/tecsecmty.com\/index.php\/wp-json\/wp\/v2\/media?parent=8216"}],"wp:term":[{"taxonomy":"product_brand","embeddable":true,"href":"https:\/\/tecsecmty.com\/index.php\/wp-json\/wp\/v2\/product_brand?post=8216"},{"taxonomy":"product_cat","embeddable":true,"href":"https:\/\/tecsecmty.com\/index.php\/wp-json\/wp\/v2\/product_cat?post=8216"},{"taxonomy":"product_tag","embeddable":true,"href":"https:\/\/tecsecmty.com\/index.php\/wp-json\/wp\/v2\/product_tag?post=8216"}],"curies":[{"name":"wp","href":"https:\/\/api.w.org\/{rel}","templated":true}]}}