{"id":8218,"date":"2023-02-23T22:19:30","date_gmt":"2023-02-24T04:19:30","guid":{"rendered":"https:\/\/tecsecmty.com\/index.php\/producto\/zkteco-lmb120su-paquete-de-contrachapa-magnetica-de-120-kg-incluye-soporte-de-fijacion-en-u-para-instalacion-en-puertas-de-vidrio-o-cristal-templado\/"},"modified":"2023-03-22T23:25:25","modified_gmt":"2023-03-23T05:25:25","slug":"zkteco-lmb120su-paquete-de-contrachapa-magnetica-de-120-kg-incluye-soporte-de-fijacion-en-u-para-instalacion-en-puertas-de-vidrio-o-cristal-templado","status":"publish","type":"product","link":"https:\/\/tecsecmty.com\/index.php\/producto\/zkteco-lmb120su-paquete-de-contrachapa-magnetica-de-120-kg-incluye-soporte-de-fijacion-en-u-para-instalacion-en-puertas-de-vidrio-o-cristal-templado\/","title":{"rendered":"ZKTECO LMB120SU &#8211; Paquete de contrachapa magn\u00e9tica de 120 Kg incluye soporte de fijaci\u00f3n en U para instalaci\u00f3n en puertas de vidrio o cristal templado"},"content":{"rendered":"<div class=\"row aling-items-center padding-bottom-2x\">\n<div class=\"col-lg-12\">\n<h5 class=\"card-title text-center\">Descripci\u00f3n<\/h5>\n<p><strong>Informaci\u00f3n general:<\/strong><\/p>\n<p>La cerradura electromagn\u00e9tica ZKTeco LM120 est\u00e1 dise\u00f1ada para instalaci\u00f3n en superficie en puertas internas de metal, pl\u00e1stico, metal-pl\u00e1stico o madera. Fuerza de sujeci\u00f3n de hasta 120 kg.<\/p>\n<p><strong>Caracter\u00edsticas:<\/strong><\/p>\n<ul>\n<li>Fuerza de sujeci\u00f3n a la rotura 120 kg;<\/li>\n<li>Equipado con un sensor de estado de la puerta;<\/li>\n<li>Fuente de alimentaci\u00f3n 12 V \/ 500 mA.;<\/li>\n<li>Instalaci\u00f3n montada en superficie.<\/li>\n<\/ul>\n<p><strong>Especificaciones t\u00e9cnicas:<\/strong><\/p>\n<ul>\n<li>Cuando la alimentaci\u00f3n es interrumpida (Fail Safe), el dispositivo de bloqueo electr\u00f3nico es liberado (unlocked = desbloqueado).<\/li>\n<li>Fuerza de retenci\u00f3n 120Kg (264Lbs).<\/li>\n<li>Voltaje 12V \/ 500mA.<\/li>\n<li>Tama\u00f1o 170L * 38.5A * 21D (mm); Tama\u00f1o de la placa met\u00e1lica: 130L * 33A * 11D (mm)<\/li>\n<li>Instalaci\u00f3n para todo tipo de puertas de madera, metal, puertas de vidrio.<\/li>\n<li>Rel\u00e9s de 500mA \/ 24VDC; el peso es de aproximadamente 2,5 kg<\/li>\n<li>05 cables de se\u00f1al: 1 par de cable de alimentaci\u00f3n (+\/-); Estado de la puerta de tres cables (NO \/ NC \/ COM).<\/li>\n<\/ul>\n<p><img decoding=\"async\" class=\"overview-center-img-web\" src=\"https:\/\/tvc.mx\/media\/261475\/Cerradura-magn%C3%A9tica-120KG-LM1805-ZKT-TVC-Overviews1.png\" alt=\"\" \/><\/div>\n<\/div>\n<div class=\"row aling-items-center padding-bottom-2x\">\n<div class=\"col-lg-12\">\n<h5 class=\"card-title text-center\">Descripci\u00f3n<\/h5>\n<p><strong>Informaci\u00f3n general:<\/strong><\/p>\n<p>El soporte tipo U LMB120U\u00a0de ZKTeco\u00a0est\u00e1 dise\u00f1ada para montaje de electroim\u00e1n para para puerta de vidrio sin marco.<\/p>\n<p><strong>Caracter\u00edsticas:<\/strong><\/p>\n<ul>\n<li>Adecuado para puerta: puerta<\/li>\n<li>Modo abierto: puerta 90 grados.<\/li>\n<li>Completo para carcasa: Aluminio anodizado.<\/li>\n<li>Adecuado para bloqueo magn\u00e9tico de 120 KG.<\/li>\n<\/ul>\n<p><strong>Especificaciones t\u00e9cnicas:<\/strong><\/p>\n<ul>\n<li>Peso: 0.33Kg<\/li>\n<li>Tama\u00f1o: 140*40*30mm<\/li>\n<\/ul>\n<p><img decoding=\"async\" class=\"overview-center-img-web\" src=\"https:\/\/tvc.mx\/media\/261479\/Soporte-U-para-puertas-sin-marco-para-cerradura-magn%C3%A9tica-LMB180U-ZKT-TVC-Overviews1.png\" alt=\"\" \/><\/div>\n<\/div>\n","protected":false},"excerpt":{"rendered":"<p>Descripci\u00f3n Informaci\u00f3n general: La cerradura electromagn\u00e9tica ZKTeco LM120 est\u00e1 dise\u00f1ada para instalaci\u00f3n en superficie en puertas internas de metal, pl\u00e1stico, metal-pl\u00e1stico o madera. Fuerza de sujeci\u00f3n de hasta 120 kg. Caracter\u00edsticas: Fuerza de sujeci\u00f3n a la rotura 120 kg; Equipado con un sensor de estado&hellip;<\/p>\n","protected":false},"featured_media":8217,"comment_status":"open","ping_status":"closed","template":"","meta":{"om_disable_all_campaigns":false,"_monsterinsights_skip_tracking":false,"_monsterinsights_sitenote_active":false,"_monsterinsights_sitenote_note":"","_monsterinsights_sitenote_category":0},"product_brand":[],"product_cat":[753],"product_tag":[81,727,730,66,731,728,729],"class_list":{"0":"post-8218","1":"product","2":"type-product","3":"status-publish","4":"has-post-thumbnail","6":"product_cat-magnetica-cerraduras-zkteco-acceso-asistencia","7":"product_tag-acceso-y-asistencia","8":"product_tag-cerraduras","9":"product_tag-commax-wulian","10":"product_tag-dahua","11":"product_tag-wejoin","12":"product_tag-yli","13":"product_tag-zkteco","15":"first","16":"instock","17":"sale","18":"taxable","19":"shipping-taxable","20":"purchasable","21":"product-type-simple"},"aioseo_notices":[],"_links":{"self":[{"href":"https:\/\/tecsecmty.com\/index.php\/wp-json\/wp\/v2\/product\/8218","targetHints":{"allow":["GET"]}}],"collection":[{"href":"https:\/\/tecsecmty.com\/index.php\/wp-json\/wp\/v2\/product"}],"about":[{"href":"https:\/\/tecsecmty.com\/index.php\/wp-json\/wp\/v2\/types\/product"}],"replies":[{"embeddable":true,"href":"https:\/\/tecsecmty.com\/index.php\/wp-json\/wp\/v2\/comments?post=8218"}],"version-history":[{"count":0,"href":"https:\/\/tecsecmty.com\/index.php\/wp-json\/wp\/v2\/product\/8218\/revisions"}],"wp:featuredmedia":[{"embeddable":true,"href":"https:\/\/tecsecmty.com\/index.php\/wp-json\/wp\/v2\/media\/8217"}],"wp:attachment":[{"href":"https:\/\/tecsecmty.com\/index.php\/wp-json\/wp\/v2\/media?parent=8218"}],"wp:term":[{"taxonomy":"product_brand","embeddable":true,"href":"https:\/\/tecsecmty.com\/index.php\/wp-json\/wp\/v2\/product_brand?post=8218"},{"taxonomy":"product_cat","embeddable":true,"href":"https:\/\/tecsecmty.com\/index.php\/wp-json\/wp\/v2\/product_cat?post=8218"},{"taxonomy":"product_tag","embeddable":true,"href":"https:\/\/tecsecmty.com\/index.php\/wp-json\/wp\/v2\/product_tag?post=8218"}],"curies":[{"name":"wp","href":"https:\/\/api.w.org\/{rel}","templated":true}]}}