{"id":8262,"date":"2023-02-23T22:20:19","date_gmt":"2023-02-24T04:20:19","guid":{"rendered":"https:\/\/tecsecmty.com\/index.php\/producto\/wejoin-wjtsbrd-tablero-de-control-para-torniquete-wjts112-wjta122-wejoin\/"},"modified":"2023-03-22T23:24:55","modified_gmt":"2023-03-23T05:24:55","slug":"wejoin-wjtsbrd-tablero-de-control-para-torniquete-wjts112-wjta122-wejoin","status":"publish","type":"product","link":"https:\/\/tecsecmty.com\/index.php\/producto\/wejoin-wjtsbrd-tablero-de-control-para-torniquete-wjts112-wjta122-wejoin\/","title":{"rendered":"WEJOIN WJTSBRD &#8211; Tablero de control para torniquete WJTS112 &amp; WJTA122 WEJOIN"},"content":{"rendered":"<div class=\"row aling-items-center padding-bottom-2x\">\n<div class=\"col-lg-12\">\n<h5 class=\"card-title text-center\">Informaci\u00f3n General<\/h5>\n<h1><strong>Descripci\u00f3n<\/strong><\/h1>\n<p><strong>WEJOIN WJTSBRD &#8211; Tablero de control para torniquete WJTS112 &amp; WJTA122 WEJOIN<\/strong><\/p>\n<p class=\"ql-align-justify\">La tarjeta l\u00f3gica tiene guardada la informaci\u00f3n del funcionamiento del torniquete y trabaja de manera electr\u00f3nica, para poder realizar\u00a0los movimientos en\u00a0el\u00a0equipo, dependiendo de la orden que nosotros indicamos.<\/p>\n<p class=\"ql-align-justify\">\u00a0La placa principal, es una tarjeta de circuito impreso a la que se conectan los componentes que constituyen la barrera de acceso peatonal. Tiene instalados una serie de circuitos integrados que hacen la funci\u00f3n necesaria para mandar se\u00f1ales de apertura y cierre de los equipos, para que realice su funcionamiento<\/p>\n<p class=\"ql-align-justify\">\u00a0La\u00a0tarjeta de control\u00a0para torniquete de medio cuerpo es un accesorio del tripoide que se\u00a0alimenta por medio de corriente el\u00e9ctrica su\u00a0control electr\u00f3nico: solo necesitan un peque\u00f1o empuje del usuario para iniciar el movimiento y a partir de ah\u00ed su motor proporciona el giro suave y preciso de los brazos.<\/p>\n<p class=\"ql-align-justify\">\u00a0El torniquete ya\u00a0instalado con su tarjeta electr\u00f3nica\u00a0se le pueden realizar diferentes configuraciones con respecto a las necesidades que el cliente solicite para poder\u00a0dar acceso\u00a0de diferentes formas, puede ser manual, de forma visual o mediante el circuito electr\u00f3nico incorporado niega o permite el paso de solo una persona cada vez, para acceder a un lugar determinado.<\/p>\n<p><img decoding=\"async\" class=\"overview-center-img-web\" src=\"https:\/\/tvc.mx\/media\/75621\/vanner-WEJOIN-WJTSBRD.jpg\" alt=\"\" \/><\/div>\n<\/div>\n<div class=\"row align-items-center padding-bottom-2x\">\n<div class=\"col-md-5 order-md-2\"><img decoding=\"async\" class=\"d-block m-auto img-thumbnail\" src=\"https:\/\/tvc.mx\/media\/75624\/Caracter%C3%ADsticas-motor-wejoin-torniquete.jpg\" alt=\" \" \/><\/div>\n<div class=\"col-md-7 order-md-1 text-md-left text-center\">\n<h2>Caracter\u00edsticas<\/h2>\n<p class=\"text-muted\">\n<p><strong>Funciones y caracter\u00edsticas:<\/strong><\/p>\n<p>1. Carcasa de acero inoxidable y carcasa de acero.<\/p>\n<p>2. Pases bidireccionales. Al leer la tarjeta desde cierto lado, la luz indicadora dirige la direcci\u00f3n opuesta.<\/p>\n<p>3. La ca\u00edda autom\u00e1tica de los brazos cuando se apaga.<\/p>\n<p>4. Los brazos se levantan autom\u00e1ticamente cuando se enciende.<\/p>\n<p>5. Indicador de sem\u00e1foro Mostrar El espect\u00e1culo de luz verde de esta manera puede pasar leyendo la tarjeta, mostrar el espect\u00e1culo rojo de esta manera no puede pasar.<\/p>\n<p>6. Wingen 26 \/ Dry contact es compatible con tarjeta inteligente para control de acceso.<\/p>\n<p>7. Contadores de pasajeros (hay interfaz en PCB para lector de tarjetas y contador).<\/p>\n<p>8. Inspecci\u00f3n fotoel\u00e9ctrica. (fijado en la parte posterior de la PCB)<\/p>\n<p>9. Si el pasajero no pasa en un tiempo v\u00e1lido, el pasaje se bloquear\u00e1. Y el operador puede configurar el tiempo de paso v\u00e1lido.<\/p>\n<p>&nbsp;<\/p>\n<\/div>\n<\/div>\n<hr class=\"padding-bottom-2x\" \/>\n<div class=\"row align-items-center padding-bottom-2x\">\n<div class=\"col-md-5\"><img decoding=\"async\" class=\"d-block m-auto img-thumbnail\" src=\"https:\/\/tvc.mx\/media\/75627\/Aplicaciones-torniquete-wejoin.jpg\" alt=\" \" \/><\/div>\n<div class=\"col-md-7 text-md-left text-center\">\n<h2>Aplicaciones<\/h2>\n<p class=\"text-muted\">\n<p>Los torniquetes son utilizados principalmente en instalaciones deportivas (estadios deportivos, gimnasios, eventos deportivos), Transporte (medios de transporte p\u00fablico) y acceso a edificios p\u00fablicos y privados (empresas, discotecas, pubs), como herramienta de control de acceso de personas y como medio de pago.<\/p>\n<p>&nbsp;<\/p>\n<\/div>\n<\/div>\n<hr class=\"padding-bottom-2x\" \/>\n<div class=\"row align-items-center padding-bottom-2x\">\n<div class=\"col-md-5 order-md-2\"><img decoding=\"async\" class=\"d-block m-auto img-thumbnail\" src=\"https:\/\/tvc.mx\/media\/75642\/Especificaciones-tarjeta-wejoin-torniquete.jpg\" alt=\" \" \/><\/div>\n<div class=\"col-md-7 order-md-1 text-md-left text-center\">\n<h2>Especificaciones<\/h2>\n<p class=\"text-muted\">\n<p>Manual, electromagn\u00e9tico o totalmente autom\u00e1tico Completamente autom\u00e1tico<\/p>\n<p>Direcci\u00f3n giratoria Direcci\u00f3n doble<\/p>\n<p>Fuente de alimentaci\u00f3n 220V \u00b1 10%, 110 \u00b1 10%<\/p>\n<p>Frecuencia 50 \/ 60Hz<\/p>\n<p>Tensi\u00f3n de trabajo del motor DC12V<\/p>\n<p>Potencia nominal 50 W<\/p>\n<p>Motor de accionamiento Motor DC con escobillas<\/p>\n<p>Interfaz de entrada Se\u00f1al de nivel el\u00e9ctrico DC12V, m\u00e1s de 10 ms, o corriente de transmisi\u00f3n de se\u00f1al de impulso DC12V, m\u00e1s 10mA<\/p>\n<p>Velocidad de tr\u00e1nsito 25 ~ 32 personas \/ min.<\/p>\n<p>Temperatura de trabajo -25 \u00b0 C ~ 55 \u00b0 C<\/p>\n<p>Ambiente de trabajo interior \/ exterior (refugio)<\/p>\n<p>Humedad relativa \u226495%, sin condensaci\u00f3n<\/p>\n<\/div>\n<\/div>\n","protected":false},"excerpt":{"rendered":"<p>Informaci\u00f3n General Descripci\u00f3n WEJOIN WJTSBRD &#8211; Tablero de control para torniquete WJTS112 &amp; WJTA122 WEJOIN La tarjeta l\u00f3gica tiene guardada la informaci\u00f3n del funcionamiento del torniquete y trabaja de manera electr\u00f3nica, para poder realizar\u00a0los movimientos en\u00a0el\u00a0equipo, dependiendo de la orden que nosotros indicamos. \u00a0La placa&hellip;<\/p>\n","protected":false},"featured_media":8261,"comment_status":"open","ping_status":"closed","template":"","meta":{"om_disable_all_campaigns":false,"_monsterinsights_skip_tracking":false,"_monsterinsights_sitenote_active":false,"_monsterinsights_sitenote_note":"","_monsterinsights_sitenote_category":0},"product_brand":[],"product_cat":[767],"product_tag":[81,727,730,66,731,728,729],"class_list":{"0":"post-8262","1":"product","2":"type-product","3":"status-publish","4":"has-post-thumbnail","6":"product_cat-refacciones-control-acceso-peatonal-control-acceso-peatonal-wejoin","7":"product_tag-acceso-y-asistencia","8":"product_tag-cerraduras","9":"product_tag-commax-wulian","10":"product_tag-dahua","11":"product_tag-wejoin","12":"product_tag-yli","13":"product_tag-zkteco","15":"first","16":"instock","17":"sale","18":"taxable","19":"shipping-taxable","20":"purchasable","21":"product-type-simple"},"aioseo_notices":[],"_links":{"self":[{"href":"https:\/\/tecsecmty.com\/index.php\/wp-json\/wp\/v2\/product\/8262","targetHints":{"allow":["GET"]}}],"collection":[{"href":"https:\/\/tecsecmty.com\/index.php\/wp-json\/wp\/v2\/product"}],"about":[{"href":"https:\/\/tecsecmty.com\/index.php\/wp-json\/wp\/v2\/types\/product"}],"replies":[{"embeddable":true,"href":"https:\/\/tecsecmty.com\/index.php\/wp-json\/wp\/v2\/comments?post=8262"}],"version-history":[{"count":0,"href":"https:\/\/tecsecmty.com\/index.php\/wp-json\/wp\/v2\/product\/8262\/revisions"}],"wp:featuredmedia":[{"embeddable":true,"href":"https:\/\/tecsecmty.com\/index.php\/wp-json\/wp\/v2\/media\/8261"}],"wp:attachment":[{"href":"https:\/\/tecsecmty.com\/index.php\/wp-json\/wp\/v2\/media?parent=8262"}],"wp:term":[{"taxonomy":"product_brand","embeddable":true,"href":"https:\/\/tecsecmty.com\/index.php\/wp-json\/wp\/v2\/product_brand?post=8262"},{"taxonomy":"product_cat","embeddable":true,"href":"https:\/\/tecsecmty.com\/index.php\/wp-json\/wp\/v2\/product_cat?post=8262"},{"taxonomy":"product_tag","embeddable":true,"href":"https:\/\/tecsecmty.com\/index.php\/wp-json\/wp\/v2\/product_tag?post=8262"}],"curies":[{"name":"wp","href":"https:\/\/api.w.org\/{rel}","templated":true}]}}