{"id":8318,"date":"2023-02-23T22:21:18","date_gmt":"2023-02-24T04:21:18","guid":{"rendered":"https:\/\/tecsecmty.com\/index.php\/producto\/zkteco-fht2322-torniquete-de-cuerpo-completo-para-exteriores-un-carril-bidireccional-de-58-cm-acero-inoxidable-incluye-lectores-y-panel-inbio-pull\/"},"modified":"2023-03-22T23:25:19","modified_gmt":"2023-03-23T05:25:19","slug":"zkteco-fht2322-torniquete-de-cuerpo-completo-para-exteriores-un-carril-bidireccional-de-58-cm-acero-inoxidable-incluye-lectores-y-panel-inbio-pull","status":"publish","type":"product","link":"https:\/\/tecsecmty.com\/index.php\/producto\/zkteco-fht2322-torniquete-de-cuerpo-completo-para-exteriores-un-carril-bidireccional-de-58-cm-acero-inoxidable-incluye-lectores-y-panel-inbio-pull\/","title":{"rendered":"ZKTECO FHT2322 &#8211; Torniquete de Cuerpo Completo \/ para Exteriores \/ Un carril \/ Bidireccional de 58 CM \/ Acero Inoxidable \/ Incluye Lectores y Panel INBIO PULL"},"content":{"rendered":"<div class=\"row aling-items-center padding-bottom-2x\">\n<div class=\"col-lg-12\">\n<h5 class=\"card-title text-center\">Informaci\u00f3n General<\/h5>\n<h1><strong>Descripci\u00f3n<\/strong><\/h1>\n<p><strong>\u00a0FHT2322: Torniquete de Cuerpo Completo con Panel de Acceso, Lectores de Huella y RFID Integrados\u00a0<\/strong><\/p>\n<p>Es un torniquete de cuerpo completo y gran resistensia, adecuada para garantizar la seguridad perimetral exterior, el sistema mec\u00e1nico de los torniquetes de altura completa incluye una caja de mainframe y un marco. El indicador de direcci\u00f3n, el n\u00facleo, el panel de control, el controlador de acceso y el bloqueo est\u00e1n instalados en la caja de la unidad central.<\/p>\n<p>El sistema de control electr\u00f3nico, se compone de lector, panel de control, controlador de acceso, indicador de direcci\u00f3n, bocina y transformador.<\/p>\n<p><strong>Lector<\/strong>: el lector lee los datos de la tarjeta y los env\u00eda al controlador.<\/p>\n<p><strong>Panel de control<\/strong>: el panel de control es el centro de control del sistema que recibe se\u00f1ales del controlador. Despu\u00e9s de que las se\u00f1ales hayan sido procesadas por el panel de control, el panel de control enviar\u00e1 comandos al indicador. .<\/p>\n<p><strong>Indicador de direcci\u00f3n:<\/strong>\u00a0este indicador muestra el estado actual del letrero en el canal y le indica al peat\u00f3n que pase el canal.<\/p>\n<p><img decoding=\"async\" class=\"overview-center-img-web\" src=\"https:\/\/tvc.mx\/media\/50307\/vanner-ZKTECO-FHT2322.jpg\" alt=\"\" \/><\/div>\n<\/div>\n<div class=\"row align-items-center padding-bottom-2x\">\n<div class=\"col-md-5 order-md-2\"><img decoding=\"async\" class=\"d-block m-auto img-thumbnail\" src=\"https:\/\/tvc.mx\/media\/50325\/Caracter%C3%ADsticas.jpg\" alt=\" \" \/><\/div>\n<div class=\"col-md-7 order-md-1 text-md-left text-center\">\n<h2>Caracter\u00edsticas<\/h2>\n<p class=\"text-muted\">\n<p>&#8211; Mecanismo semi-autom\u00e1tico.<\/p>\n<p>&#8211; Indicador visible.<\/p>\n<p>&#8211; Carcasa de acero inoxidable SUS304.<\/p>\n<p>&#8211; Dise\u00f1o modular.<\/p>\n<p>&nbsp;<\/p>\n<\/div>\n<\/div>\n<hr class=\"padding-bottom-2x\" \/>\n<div class=\"row aling-items-center padding-bottom-2x\">\n<div class=\"col-lg-12\">\n<h5 class=\"card-title text-center\">Especificaciones<\/h5>\n<p><strong>Fuente de Alimentaci\u00f3n<\/strong>\u00a0AC110V \/ 220V, 50\/60HZ<\/p>\n<p><strong>Temperatura de Operaci\u00f3n<\/strong>\u00a0-28\u00b0C hasta 60\u00b0C<\/p>\n<p><strong>Humedad de Operaci\u00f3n<\/strong>\u00a00% hasta 95%<\/p>\n<p><strong>Ambiente de Operaci\u00f3n<\/strong>\u00a0Interior \/ Exterior<\/p>\n<p><strong>Velocidad de Veri\ufb01caci\u00f3n<\/strong>\u00a0RFID M\u00e1ximo 30 por minuto, Huella Digital M\u00e1ximo 25 por minuto<\/p>\n<p><strong>Ancho del Carril<\/strong>\u00a0580 mm<\/p>\n<p><strong>Espacio Necesario de Instalaci\u00f3n\u00a0<\/strong>1400 x 1395 mm<\/p>\n<p><strong>Dimensiones<\/strong>\u00a01400 x 1395 x 2220 mm<\/p>\n<p><strong>Dimensiones con Empaque<\/strong>\u00a01975 x 1085 x 935 mm \/2100 x 1435 x 735 mm<\/p>\n<p><strong>Indicador LED<\/strong>\u00a0S\u00ed<\/p>\n<p><strong>Material del Gabinete<\/strong>\u00a0Acero Inoxidable SUS304<\/p>\n<p><strong>Material de la Barrera<\/strong>\u00a0Acero Inoxidable SUS304<\/p>\n<p><strong>Movimiento de la Barrera<\/strong>\u00a0Giratorio<\/p>\n<p><strong>Modo de Emergencia\u00a0<\/strong>S\u00ed<\/p>\n<p><strong>Nivel de Seguridad<\/strong>\u00a0Alto<\/p>\n<p><strong>N\u00famero de Ciclos Antes de Falla\u00a0<\/strong>2 mill\u00f3n<\/p>\n<p><strong>Indice de Protecci\u00f3n<\/strong>\u00a0IP54<\/p>\n<p><img decoding=\"async\" class=\"overview-center-img-web\" src=\"https:\/\/tvc.mx\/media\/50340\/Especificaciones.jpg\" alt=\"\" \/><\/div>\n<\/div>\n<div class=\"row align-items-center padding-bottom-2x\">\n<div class=\"col-md-5\"><img decoding=\"async\" class=\"d-block m-auto img-thumbnail aligncenter\" src=\"https:\/\/tvc.mx\/media\/50355\/Funcion.jpg\" alt=\" \" \/><\/div>\n<div class=\"col-md-7 text-md-left text-center\">\n<h2>Funci\u00f3n<\/h2>\n<p class=\"text-muted\">\n<ul>\n<li class=\"ql-align-justify\">Delimitar el acceso al personal.<\/li>\n<li class=\"ql-align-justify\">Controlar las entradas o salidas de una instalaci\u00f3n.<\/li>\n<\/ul>\n<p>Cuando el lector detecta una se\u00f1al v\u00e1lida, la sirena emitir\u00e1 un sonido indicando al peat\u00f3n que la se\u00f1al fue recibida exitosamente. Luego, el lector env\u00eda una se\u00f1al al panel de acceso solicitando permiso de pasar. El panel de acceso le enviar\u00e1 la se\u00f1al al panel de control.<\/p>\n<p>Despu\u00e9s de recibir la se\u00f1al del panel de acceso, el panel de control env\u00eda una se\u00f1al al Indicador de Direcci\u00f3n y al electroim\u00e1n. Cuando la flecha de direcci\u00f3n se torne verde, el electroim\u00e1n se liberar\u00e1 y el peat\u00f3n podr\u00e1 empujar las barras para pasar por el canal.<\/p>\n<\/div>\n<\/div>\n","protected":false},"excerpt":{"rendered":"<p>Informaci\u00f3n General Descripci\u00f3n \u00a0FHT2322: Torniquete de Cuerpo Completo con Panel de Acceso, Lectores de Huella y RFID Integrados\u00a0 Es un torniquete de cuerpo completo y gran resistensia, adecuada para garantizar la seguridad perimetral exterior, el sistema mec\u00e1nico de los torniquetes de altura completa incluye una&hellip;<\/p>\n","protected":false},"featured_media":8317,"comment_status":"open","ping_status":"closed","template":"","meta":{"om_disable_all_campaigns":false,"_monsterinsights_skip_tracking":false,"_monsterinsights_sitenote_active":false,"_monsterinsights_sitenote_note":"","_monsterinsights_sitenote_category":0},"product_brand":[],"product_cat":[771],"product_tag":[81,727,730,66,731,728,729],"class_list":{"0":"post-8318","1":"product","2":"type-product","3":"status-publish","4":"has-post-thumbnail","6":"product_cat-torniquetes-control-acceso-peatonal-zkteco-acceso-asistencia","7":"product_tag-acceso-y-asistencia","8":"product_tag-cerraduras","9":"product_tag-commax-wulian","10":"product_tag-dahua","11":"product_tag-wejoin","12":"product_tag-yli","13":"product_tag-zkteco","15":"first","16":"instock","17":"sale","18":"taxable","19":"shipping-taxable","20":"purchasable","21":"product-type-simple"},"aioseo_notices":[],"_links":{"self":[{"href":"https:\/\/tecsecmty.com\/index.php\/wp-json\/wp\/v2\/product\/8318","targetHints":{"allow":["GET"]}}],"collection":[{"href":"https:\/\/tecsecmty.com\/index.php\/wp-json\/wp\/v2\/product"}],"about":[{"href":"https:\/\/tecsecmty.com\/index.php\/wp-json\/wp\/v2\/types\/product"}],"replies":[{"embeddable":true,"href":"https:\/\/tecsecmty.com\/index.php\/wp-json\/wp\/v2\/comments?post=8318"}],"version-history":[{"count":0,"href":"https:\/\/tecsecmty.com\/index.php\/wp-json\/wp\/v2\/product\/8318\/revisions"}],"wp:featuredmedia":[{"embeddable":true,"href":"https:\/\/tecsecmty.com\/index.php\/wp-json\/wp\/v2\/media\/8317"}],"wp:attachment":[{"href":"https:\/\/tecsecmty.com\/index.php\/wp-json\/wp\/v2\/media?parent=8318"}],"wp:term":[{"taxonomy":"product_brand","embeddable":true,"href":"https:\/\/tecsecmty.com\/index.php\/wp-json\/wp\/v2\/product_brand?post=8318"},{"taxonomy":"product_cat","embeddable":true,"href":"https:\/\/tecsecmty.com\/index.php\/wp-json\/wp\/v2\/product_cat?post=8318"},{"taxonomy":"product_tag","embeddable":true,"href":"https:\/\/tecsecmty.com\/index.php\/wp-json\/wp\/v2\/product_tag?post=8318"}],"curies":[{"name":"wp","href":"https:\/\/api.w.org\/{rel}","templated":true}]}}