{"id":8360,"date":"2023-02-23T22:21:55","date_gmt":"2023-02-24T04:21:55","guid":{"rendered":"https:\/\/tecsecmty.com\/index.php\/producto\/wejoin-wjcb120vfil33d90led-barrera-vehicular-izquierda-uso-intensivo-brazo-octagonal-articulado-de-3-metros-a-90-grados-con-led-24vdc-velocidad-3-segundos-izquierda-o-derecha\/"},"modified":"2023-03-22T23:24:52","modified_gmt":"2023-03-23T05:24:52","slug":"wejoin-wjcb120vfil33d90led-barrera-vehicular-izquierda-uso-intensivo-brazo-octagonal-articulado-de-3-metros-a-90-grados-con-led-24vdc-velocidad-3-segundos-izquierda-o-derecha","status":"publish","type":"product","link":"https:\/\/tecsecmty.com\/index.php\/producto\/wejoin-wjcb120vfil33d90led-barrera-vehicular-izquierda-uso-intensivo-brazo-octagonal-articulado-de-3-metros-a-90-grados-con-led-24vdc-velocidad-3-segundos-izquierda-o-derecha\/","title":{"rendered":"WEJOIN WJCB120VFIL33D90LED &#8211; Barrera Vehicular izquierda uso intensivo \/ Brazo Octagonal Articulado De 3 Metros A 90 Grados con Led \/ 24VDC \/ Velocidad 3 segundos \/ Izquierda o Derecha"},"content":{"rendered":"<div class=\"row aling-items-center padding-bottom-2x\">\n<div class=\"col-lg-12\">\n<h5 class=\"card-title text-center\">Informaci\u00f3n General<\/h5>\n<h4><strong>Descripci\u00f3n<\/strong><\/h4>\n<p>Barrera autom\u00e1tica de uso intensivo, las barreras Wejoin se caracterizan por su velocidad y alto desempe\u00f1o. WEJOIN WJCB120VFIL33D90LED\u00a0cuenta con un Motor brushless 24V DC, con engranaje de tornillo sin fin estable y confiable, estructura de transmisi\u00f3n de reducci\u00f3n planetaria, mayor fuerza y resistencia al desgaste. Sistema de control de frecuencia variable de CC, control preciso, funcionamiento m\u00e1s flexible, menos impacto mec\u00e1nico y mayor vida \u00fatil. De esta manera hace que la barrera opere de manera constante. La carcasa de la barrera es de acero galvanizado y revestido con una capa de pintura, esto permite el uso en diferentes ambientes.<\/p>\n<p>Wejoin WJCB120VFIL33D90LED\u00a0cuenta con un motor de primera generaci\u00f3n para ofrecer una vida \u00fatil de 6 millones ciclos.<\/p>\n<p>El brazo est\u00e1 hecho de aleaci\u00f3n de aluminio de alta resistencia, cuenta con una tira de led que enciende en rojo cuando la barrera se encuentra cerrada y verde cuando se encuentra abierta. El brazo incorpora una pel\u00edcula reflectante que tiene la funci\u00f3n de advertencia.<\/p>\n<p><img decoding=\"async\" class=\"overview-center-img-web\" src=\"https:\/\/tvc.mx\/media\/527459\/Barrera-Vehicular-Izquierda-Uso-Intensivo--Brazo-Octagonal-Articulado-3Metros-90-Grados-LED-24VDC-Descripci%C3%B3n-WJCB120VFIL33D90LED-WEJOIN.png\" alt=\"\" \/><\/div>\n<\/div>\n<div class=\"row aling-items-center padding-bottom-2x\">\n<div class=\"col-lg-12\">\n<h5 class=\"card-title text-center\">Principales Caracter\u00edsticas<\/h5>\n<ul>\n<li><strong>Motor<\/strong><\/li>\n<\/ul>\n<p>Motor sin escobillas DC24V, con engranaje helicoidal estable y confiable y estructura de transmisi\u00f3n de reducci\u00f3n planetaria, mayor torque y resistencia al desgaste.<\/p>\n<ul>\n<li><strong>Sistema de control<\/strong><\/li>\n<\/ul>\n<p>Sistema de control de frecuencia variable de CC, control preciso, funcionamiento m\u00e1s flexible, menos impacto mec\u00e1nico y mayor vida \u00fatil.<\/p>\n<ul>\n<li><strong>Auto-reversa en Obstrucci\u00f3n<\/strong><\/li>\n<\/ul>\n<p>Sensible, receptivo, seguro y confiable.<\/p>\n<ul>\n<li><strong>Panel de control grande<\/strong><\/li>\n<\/ul>\n<p>Pantalla LCD, men\u00fa visual en ingl\u00e9s, mantenimiento simple y f\u00e1cil operaci\u00f3n.<\/p>\n<ul>\n<li><strong>Mando a distancia<\/strong><\/li>\n<\/ul>\n<p>de 433 MHz, f\u00e1cil de a\u00f1adir mandos a distancia.<\/p>\n<ul>\n<li><strong>Operaci\u00f3n durante el apagado<\/strong><\/li>\n<\/ul>\n<p>Gire el volante o levante el brazo manualmente para realizar el brazo hacia arriba y hacia abajo, y tambi\u00e9n puede ser alimentado por una bater\u00eda DC24V, o abierto una vez por una copia de seguridad de supercapacitor.<\/p>\n<ul>\n<li><strong>Paso de caravana, conteo, prueba de envejecimiento autom\u00e1tico, cierre autom\u00e1tico retardado, salida de se\u00f1al de rel\u00e9, comunicaci\u00f3n RS485<\/strong><\/li>\n<\/ul>\n<p>si lo soporta<\/p>\n<ul>\n<li><strong>Detector de bucle, fotoc\u00e9lula infrarroja, radar<\/strong><\/li>\n<\/ul>\n<p>Opcional<\/p>\n<ul>\n<li>\u00a0<strong>Per\u00edodo de garant\u00eda<\/strong><\/li>\n<\/ul>\n<p>24 meses para motor y tablero de control<\/p>\n<p><img decoding=\"async\" class=\"overview-center-img-web\" src=\"https:\/\/tvc.mx\/media\/527791\/Barrera-Vehicular-Izquierda-Uso-Intensivo--Brazo-Octagonal-Articulado-3Metros-90-Grados-LED-24VDC-Caracter%C3%ADsticas-WJCB120VFIL33D90LED-WEJOIN.png\" alt=\"\" \/><\/div>\n<\/div>\n<div class=\"row align-items-center padding-bottom-2x\">\n<div class=\"col-md-5 order-md-2\"><img decoding=\"async\" class=\"d-block m-auto img-thumbnail\" src=\"https:\/\/tvc.mx\/media\/527735\/Barrera-Vehicular-Izquierda-Uso-Intensivo--Brazo-Octagonal-Articulado-3Metros-90-Grados-LED-24VDC-Especificaciones-WJCB120VFIL33D90LED-WEJOIN.png\" alt=\" \" \/><\/div>\n<div class=\"col-md-7 order-md-1 text-md-left text-center\">\n<h2>Especificaciones<\/h2>\n<p class=\"text-muted\">\n<ul>\n<li><strong>Velocidad de funcionamiento (segundos):<\/strong>\u00a03S<\/li>\n<li><strong>Direcci\u00f3n de instalaci\u00f3n<\/strong>: Izquierda<\/li>\n<li><strong>Tipo de brazo:<\/strong>\u00a0LED 90 grados 45*100 mm, LED<\/li>\n<li><strong>Longitud del brazo (metros: M):<\/strong>\u00a03 mts<\/li>\n<li><strong>Dimensi\u00f3n del gabinete (W*D*H):\u00a0<\/strong>367,6 x 296 x 981,3 mm<\/li>\n<li><strong>Voltaje de entrada de la fuente de alimentaci\u00f3n:\u00a0<\/strong>AC110V\u00b110%<\/li>\n<li><strong>Voltaje de entrada de la placa de control:<\/strong>\u00a0DC24V\u00b110%, 10A<\/li>\n<li><strong>Voltaje del motor\u00a0<\/strong>DC24V<\/li>\n<li><strong>Grado de protecci\u00f3n:<\/strong>\u00a0IP54<\/li>\n<li><strong>Temperatura de trabajo:<\/strong>\u00a0-30 \u2103 ~ + 70 \u2103<\/li>\n<li><strong>Vida \u00datil:\u00a0<\/strong>6,000,000 veces<\/li>\n<li><strong>Ciclo de trabajo:<\/strong>\u00a0100%<\/li>\n<li><strong>Aplicaci\u00f3n de flujo de tr\u00e1fico:<\/strong>\u00a024 horas de operaci\u00f3n ininterrumpida<\/li>\n<li><strong>Potencia m\u00e1xima del motor:<\/strong>\u00a0180W<\/li>\n<li><strong>Velocidad m\u00e1xima del motor:<\/strong>\u00a0360r\/min<\/li>\n<li><strong>M\u00e1xima salida de torque:<\/strong>\u00a0320 N.m<\/li>\n<\/ul>\n<p>&nbsp;<\/p>\n<\/div>\n<\/div>\n<hr class=\"padding-bottom-2x\" \/>\n<div class=\"row align-items-center padding-bottom-2x\">\n<div class=\"col-md-5\"><img decoding=\"async\" class=\"d-block m-auto img-thumbnail\" src=\"https:\/\/tvc.mx\/media\/527963\/Barrera-Vehicular-Derecha-Uso-Intensivo--Brazo-Octagonal-Articulado-3Metros-90-Grados-LED-24VDC-Incluye-WJCB120VFIR33D90LED-WEJOIN.png\" alt=\" \" \/><\/div>\n<div class=\"col-md-7 text-md-left text-center\">\n<h2>Incluye<\/h2>\n<p class=\"text-muted\">\n<ul>\n<li>1 M\u00e1stil<\/li>\n<li>1 Manual de usuario<\/li>\n<li>1 Par de llaves<\/li>\n<li>1 Par de transmisores<\/li>\n<li>1 Par de anclas de sujeci\u00f3n<\/li>\n<li>2 Pares de tornillos expansores<\/li>\n<\/ul>\n<\/div>\n<\/div>\n","protected":false},"excerpt":{"rendered":"<p>Informaci\u00f3n General Descripci\u00f3n Barrera autom\u00e1tica de uso intensivo, las barreras Wejoin se caracterizan por su velocidad y alto desempe\u00f1o. WEJOIN WJCB120VFIL33D90LED\u00a0cuenta con un Motor brushless 24V DC, con engranaje de tornillo sin fin estable y confiable, estructura de transmisi\u00f3n de reducci\u00f3n planetaria, mayor fuerza y&hellip;<\/p>\n","protected":false},"featured_media":8359,"comment_status":"open","ping_status":"closed","template":"","meta":{"om_disable_all_campaigns":false,"_monsterinsights_skip_tracking":false,"_monsterinsights_sitenote_active":false,"_monsterinsights_sitenote_note":"","_monsterinsights_sitenote_category":0},"product_brand":[],"product_cat":[777],"product_tag":[81,727,730,66,731,728,729],"class_list":{"0":"post-8360","1":"product","2":"type-product","3":"status-publish","4":"has-post-thumbnail","6":"product_cat-barreras-vehicular","7":"product_tag-acceso-y-asistencia","8":"product_tag-cerraduras","9":"product_tag-commax-wulian","10":"product_tag-dahua","11":"product_tag-wejoin","12":"product_tag-yli","13":"product_tag-zkteco","15":"first","16":"instock","17":"sale","18":"taxable","19":"shipping-taxable","20":"purchasable","21":"product-type-simple"},"aioseo_notices":[],"_links":{"self":[{"href":"https:\/\/tecsecmty.com\/index.php\/wp-json\/wp\/v2\/product\/8360","targetHints":{"allow":["GET"]}}],"collection":[{"href":"https:\/\/tecsecmty.com\/index.php\/wp-json\/wp\/v2\/product"}],"about":[{"href":"https:\/\/tecsecmty.com\/index.php\/wp-json\/wp\/v2\/types\/product"}],"replies":[{"embeddable":true,"href":"https:\/\/tecsecmty.com\/index.php\/wp-json\/wp\/v2\/comments?post=8360"}],"version-history":[{"count":0,"href":"https:\/\/tecsecmty.com\/index.php\/wp-json\/wp\/v2\/product\/8360\/revisions"}],"wp:featuredmedia":[{"embeddable":true,"href":"https:\/\/tecsecmty.com\/index.php\/wp-json\/wp\/v2\/media\/8359"}],"wp:attachment":[{"href":"https:\/\/tecsecmty.com\/index.php\/wp-json\/wp\/v2\/media?parent=8360"}],"wp:term":[{"taxonomy":"product_brand","embeddable":true,"href":"https:\/\/tecsecmty.com\/index.php\/wp-json\/wp\/v2\/product_brand?post=8360"},{"taxonomy":"product_cat","embeddable":true,"href":"https:\/\/tecsecmty.com\/index.php\/wp-json\/wp\/v2\/product_cat?post=8360"},{"taxonomy":"product_tag","embeddable":true,"href":"https:\/\/tecsecmty.com\/index.php\/wp-json\/wp\/v2\/product_tag?post=8360"}],"curies":[{"name":"wp","href":"https:\/\/api.w.org\/{rel}","templated":true}]}}