{"id":8392,"date":"2023-02-23T22:22:26","date_gmt":"2023-02-24T04:22:26","guid":{"rendered":"https:\/\/tecsecmty.com\/index.php\/producto\/zkteco-probg3030lled-barrera-vehicular-izquierda-de-alto-desempeno-con-servo-motor-brazo-led-de-3-metros-0-9-segundos-bajo-mantenimiento-24-vdc\/"},"modified":"2023-03-22T23:25:29","modified_gmt":"2023-03-23T05:25:29","slug":"zkteco-probg3030lled-barrera-vehicular-izquierda-de-alto-desempeno-con-servo-motor-brazo-led-de-3-metros-0-9-segundos-bajo-mantenimiento-24-vdc","status":"publish","type":"product","link":"https:\/\/tecsecmty.com\/index.php\/producto\/zkteco-probg3030lled-barrera-vehicular-izquierda-de-alto-desempeno-con-servo-motor-brazo-led-de-3-metros-0-9-segundos-bajo-mantenimiento-24-vdc\/","title":{"rendered":"ZKTECO PROBG3030LLED &#8211; Barrera Vehicular Izquierda de Alto Desempe\u00f1o con Servo Motor \/ Brazo LED de 3 metros \/ 0.9 Segundos \/ Bajo Mantenimiento \/ 24 VDC"},"content":{"rendered":"<div class=\"row aling-items-center padding-bottom-2x\">\n<div class=\"col-lg-12\">\n<h5 class=\"card-title text-center\">Alta Velocidad, Fiabilidad, Dise\u00f1o, Seguridad y un Excelente Rendimiento<\/h5>\n<h1><strong>Descripci\u00f3n<\/strong><\/h1>\n<p>PROBG3000 es la serie de barreras vehiculares que reune todas y cada una de estas caracter\u00edsticas. Su dise\u00f1o es el primero en su tipo en adoptar el uso de Servo Motor de alto rendimiento en su mecanismo, el cual provee una estructura simple y confiable con un ciclo de vida amplio, que adem\u00e1s reduce la necesidad de mantenimiento al m\u00ednimo e inlcuye una base de anclaje anticolisi\u00f3n para la pluma que evita rupturas al recibir alg\u00fan impacto.<\/p>\n<p class=\"ql-align-justify\"><strong>ProBG3030LLED con un brazo de 3 mts, velocidad de apertura y cierre 0.9 s La mejor opci\u00f3n para lugares con alto tr\u00e1fico vehicular como casetas de peaje, autopistas, accesos a residenciales muy transitados, clubs, etc<\/strong><\/p>\n<p class=\"ql-align-justify\"><strong>Dise\u00f1o elegante, vida \u00fatil de hasta 10 millones de ciclos, velocidad de apertura de hasta 9 segundos, apertura configurable en caso de falla el\u00e9ctrica, compatible con baterias de respaldo.<\/strong><\/p>\n<p><img decoding=\"async\" class=\"overview-center-img-web\" src=\"https:\/\/tvc.mx\/media\/284351\/Barrera-Vehicular-LED-Servo-Izquierda-3mts-0.9s-Descripci%C3%B3n-PROBG3030LLED-ZKTECO.png\" alt=\"\" \/><\/div>\n<\/div>\n<div class=\"row align-items-center padding-bottom-2x\">\n<div class=\"col-md-5 order-md-2\"><img decoding=\"async\" class=\"d-block m-auto img-thumbnail\" src=\"https:\/\/tvc.mx\/media\/284355\/Barrera-Vehicular-LED-Servo-Izquierda-3mts-0.9s-Caracter%C3%ADsticas-PROBG3030LLED-ZKTECO.png\" alt=\" \" \/><\/div>\n<div class=\"col-md-7 order-md-1 text-md-left text-center\">\n<h2>Caracter\u00edsticas<\/h2>\n<p class=\"text-muted\">\n<ul>\n<li>Elegante dise\u00f1o con iluminaci\u00f3n LED en el gabiente. con opciones de brazo iluminado y sin iluminar disponibles.<\/li>\n<li>Hasta 5 millones de ciclos antes de una falla severa y una Vida \u00fatil de hasta 10 millones de ciclos.<\/li>\n<li>Velocidad de apertura disponible en 0.9, 2.5 y 3 segundos, seg\u00fan la longitud del m\u00e1stil.<\/li>\n<li>Su dise\u00f1o es apto para trabajar en ambientes extremos. Soporta temperaturas de operaci\u00f3n desde -40\u00b0 C hasta 80\u00b0 C.<\/li>\n<li>Motor dise\u00f1ado para uso continuo con un m\u00ednimo de ruido, desgaste y temperatura.<\/li>\n<li>Apertura manual en caso de falla el\u00e9ctrica .<\/li>\n<li>Dise\u00f1o de alta seguridad en detecci\u00f3n de obst\u00e1culos, incluye funciones de reapertura \/ paro de emergencia y es compatible con sensores de goma para el m\u00e1stil.<\/li>\n<li>El cambio de sentido de la barrera puede ser configurado f\u00e1cilmente en campo.<\/li>\n<li>Modo flotilla incorporado para permitir el paso de m\u00faltiples veh\u00edculos sin la necesidad de cerrar la barrera entre cada uno. La barrera lleva un conteo de cu\u00e1ntos accesos autorizados recibe y espera a que pase cada uno de ellos antes de cerrar.<\/li>\n<li>Voltaje de alimentaci\u00f3n flexible, desde 110 Vac hasta 240 Vac. Adem\u00e1s su dise\u00f1o con ServoMotor de 24 Vdc permite el uso de respaldos con bater\u00eda.<\/li>\n<li>Bajo consumo energ\u00e9tico, ahorre hasta 500 Wh anualmente.<\/li>\n<\/ul>\n<p>&nbsp;<\/p>\n<\/div>\n<\/div>\n<hr class=\"padding-bottom-2x\" \/>\n<div class=\"row align-items-center padding-bottom-2x\">\n<div class=\"col-md-5\"><img decoding=\"async\" class=\"d-block m-auto img-thumbnail\" src=\"https:\/\/tvc.mx\/media\/284359\/Barrera-Vehicular-LED-Servo-Izquierda-3mts-0.9s-Servomotor-PROBG3030LLED-ZKTECO.png\" alt=\" \" \/><\/div>\n<div class=\"col-md-7 text-md-left text-center\">\n<h2>Servomotor DC 24V<\/h2>\n<p class=\"text-muted\">\n<ul data-checked=\"false\">\n<li>Motor reductor y el\u00e9ctrica integrados.<\/li>\n<li>Silencioso<\/li>\n<li>Libre de aceite<\/li>\n<li>Libre de mantenimiento. Largo Ciclo de vida \u00fatil.<\/li>\n<li>Transmisi\u00f3n altamente eficiente y precisa.<\/li>\n<li>Calentamiento m\u00ednimo a\u00fan en ambientes de trabajo de ciclo continuo.<\/li>\n<\/ul>\n<p>&nbsp;<\/p>\n<\/div>\n<\/div>\n<hr class=\"padding-bottom-2x\" \/>\n<div class=\"row align-items-center padding-bottom-2x\">\n<div class=\"col-md-5 order-md-2\"><img decoding=\"async\" class=\"d-block m-auto img-thumbnail\" src=\"https:\/\/tvc.mx\/media\/284363\/Barrera-Vehicular-LED-Servo-Izquierda-3mts-0.9s-Estructura-PROBG3030LLED-ZKTECO.png\" alt=\" \" \/><\/div>\n<div class=\"col-md-7 order-md-1 text-md-left text-center\">\n<h2>Estructura de la transmisi\u00f3n<\/h2>\n<p class=\"text-muted\">\n<ul data-checked=\"false\">\n<li>Simple y eficiente con un bajo indice de falla.<\/li>\n<li>Dise\u00f1o libre de llaves, evita desgaste y problemas futuros.<\/li>\n<li>Hierro d\u00factil en la base para una mayor durabilidad.<\/li>\n<\/ul>\n<p>&nbsp;<\/p>\n<\/div>\n<\/div>\n<hr class=\"padding-bottom-2x\" \/>\n<div class=\"row align-items-center padding-bottom-2x\">\n<div class=\"col-md-5\"><img decoding=\"async\" class=\"d-block m-auto img-thumbnail\" src=\"https:\/\/tvc.mx\/media\/284367\/Barrera-Vehicular-LED-Servo-Izquierda-3mts-0.9s-Controladora-PROBG3030LLED-ZKTECO.png\" alt=\" \" \/><\/div>\n<div class=\"col-md-7 text-md-left text-center\">\n<h2>Panel de control<\/h2>\n<p class=\"text-muted\">\n<ul data-checked=\"false\">\n<li>Tecnolog\u00eda totalmente digital.<\/li>\n<li>Soporta temperaturas de trabajo extremas de hasta 125\u00b0C.<\/li>\n<li>Funci\u00f3n de auto diagn\u00f3stico de fallas con sistema de alertas.<\/li>\n<\/ul>\n<p>&nbsp;<\/p>\n<\/div>\n<\/div>\n<hr class=\"padding-bottom-2x\" \/>\n<div class=\"row align-items-center padding-bottom-2x\">\n<div class=\"col-md-5 order-md-2\"><img decoding=\"async\" class=\"d-block m-auto img-thumbnail\" src=\"https:\/\/tvc.mx\/media\/284371\/Barrera-Vehicular-LED-Servo-Izquierda-3mts-0.9s-Balanceo-PROBG3030LLED-ZKTECO.png\" alt=\" \" \/><\/div>\n<div class=\"col-md-7 order-md-1 text-md-left text-center\">\n<h2>Balanceo por resortes<\/h2>\n<p class=\"text-muted\">\n<ul data-checked=\"false\">\n<li>Altamente durable y eficiente.<\/li>\n<li>Dise\u00f1o estructural amigable con el instalador, facilita el ajuste<\/li>\n<\/ul>\n<p>y el balanceo del mecanismo.<\/p>\n<p>&nbsp;<\/p>\n<\/div>\n<\/div>\n<hr class=\"padding-bottom-2x\" \/>\n<div class=\"row align-items-center padding-bottom-2x\">\n<div class=\"col-md-5 order-md-2\"><img decoding=\"async\" class=\"d-block m-auto img-thumbnail\" src=\"https:\/\/tvc.mx\/media\/284375\/Barrera-Vehicular-LED-Servo-Izquierda-3mts-0.9s-Especificaciones-PROBG3030LLED-ZKTECO.png\" alt=\" \" \/><\/div>\n<div class=\"col-md-7 order-md-1 text-md-left text-center\">\n<h2>Especificaciones T\u00e9cnicas<\/h2>\n<p class=\"text-muted\">\n<p><strong>Modelo<\/strong><\/p>\n<p>ProBG3000<\/p>\n<p><strong>Tipo de Motor<\/strong><\/p>\n<p>Servomotor<\/p>\n<p><strong>Tipo de M\u00e1stil<\/strong><\/p>\n<p>M\u00e1stil recto<\/p>\n<p><strong>Longitud de M\u00e1stil<\/strong><\/p>\n<p>Opciones en 3m \/ 4.5m \/ 6m (ajustable)<\/p>\n<p><strong>Nivel de Protecci\u00f3n<\/strong><\/p>\n<p>IP 65<\/p>\n<p><strong>Temperatura de Operaci\u00f3n<\/strong><\/p>\n<p>-40 \u00b0C ~ +75 \u00b0C<\/p>\n<p><strong>Voltaje de Operaci\u00f3n<\/strong><\/p>\n<p>120 ~ 240 Vac, Motor 24 Vdc<\/p>\n<p><strong>Frecuencia<\/strong><\/p>\n<p>50 &#8211; 60 Hz<\/p>\n<p><strong>Consumo de Potencia<\/strong><\/p>\n<p>100W<\/p>\n<p><strong>Material del Gabinete<\/strong><\/p>\n<p>Pintura horneada<\/p>\n<p><strong>Dimensiones del Gabinete<\/strong><\/p>\n<p>360 x 330 x 1000mm<\/p>\n<p><strong>Peso Neto<\/strong><\/p>\n<p>48 Kg<\/p>\n<\/div>\n<\/div>\n","protected":false},"excerpt":{"rendered":"<p>Alta Velocidad, Fiabilidad, Dise\u00f1o, Seguridad y un Excelente Rendimiento Descripci\u00f3n PROBG3000 es la serie de barreras vehiculares que reune todas y cada una de estas caracter\u00edsticas. Su dise\u00f1o es el primero en su tipo en adoptar el uso de Servo Motor de alto rendimiento en&hellip;<\/p>\n","protected":false},"featured_media":8391,"comment_status":"open","ping_status":"closed","template":"","meta":{"om_disable_all_campaigns":false,"_monsterinsights_skip_tracking":false,"_monsterinsights_sitenote_active":false,"_monsterinsights_sitenote_note":"","_monsterinsights_sitenote_category":0},"product_brand":[],"product_cat":[783],"product_tag":[81,727,730,66,731,728,729],"class_list":{"0":"post-8392","1":"product","2":"type-product","3":"status-publish","4":"has-post-thumbnail","6":"product_cat-barreras-vehicular-control-acceso-vehicular-zkteco-acceso-asistencia","7":"product_tag-acceso-y-asistencia","8":"product_tag-cerraduras","9":"product_tag-commax-wulian","10":"product_tag-dahua","11":"product_tag-wejoin","12":"product_tag-yli","13":"product_tag-zkteco","15":"first","16":"instock","17":"sale","18":"taxable","19":"shipping-taxable","20":"purchasable","21":"product-type-simple"},"aioseo_notices":[],"_links":{"self":[{"href":"https:\/\/tecsecmty.com\/index.php\/wp-json\/wp\/v2\/product\/8392","targetHints":{"allow":["GET"]}}],"collection":[{"href":"https:\/\/tecsecmty.com\/index.php\/wp-json\/wp\/v2\/product"}],"about":[{"href":"https:\/\/tecsecmty.com\/index.php\/wp-json\/wp\/v2\/types\/product"}],"replies":[{"embeddable":true,"href":"https:\/\/tecsecmty.com\/index.php\/wp-json\/wp\/v2\/comments?post=8392"}],"version-history":[{"count":0,"href":"https:\/\/tecsecmty.com\/index.php\/wp-json\/wp\/v2\/product\/8392\/revisions"}],"wp:featuredmedia":[{"embeddable":true,"href":"https:\/\/tecsecmty.com\/index.php\/wp-json\/wp\/v2\/media\/8391"}],"wp:attachment":[{"href":"https:\/\/tecsecmty.com\/index.php\/wp-json\/wp\/v2\/media?parent=8392"}],"wp:term":[{"taxonomy":"product_brand","embeddable":true,"href":"https:\/\/tecsecmty.com\/index.php\/wp-json\/wp\/v2\/product_brand?post=8392"},{"taxonomy":"product_cat","embeddable":true,"href":"https:\/\/tecsecmty.com\/index.php\/wp-json\/wp\/v2\/product_cat?post=8392"},{"taxonomy":"product_tag","embeddable":true,"href":"https:\/\/tecsecmty.com\/index.php\/wp-json\/wp\/v2\/product_tag?post=8392"}],"curies":[{"name":"wp","href":"https:\/\/api.w.org\/{rel}","templated":true}]}}