{"id":8402,"date":"2023-02-23T22:22:42","date_gmt":"2023-02-24T04:22:42","guid":{"rendered":"https:\/\/tecsecmty.com\/index.php\/producto\/saxxon-asrch-porta-tarjetas-de-plastico-con-adhesivo-3m\/"},"modified":"2023-03-22T23:23:51","modified_gmt":"2023-03-23T05:23:51","slug":"saxxon-asrch-porta-tarjetas-de-plastico-con-adhesivo-3m","status":"publish","type":"product","link":"https:\/\/tecsecmty.com\/index.php\/producto\/saxxon-asrch-porta-tarjetas-de-plastico-con-adhesivo-3m\/","title":{"rendered":"SAXXON ASRCH &#8211; PORTA Tarjetas de pl\u00e1stico con adhesivo 3M"},"content":{"rendered":"<h5 class=\"card-title text-center\">Informaci\u00f3n General<\/h5>\n<h1><strong>Descripci\u00f3n<\/strong><\/h1>\n<p><strong>ASRCH &#8211; PORTA Tarjetas de plastico con adhesivo 3M<\/strong><\/p>\n<p class=\"ql-align-justify\">El porta tarjetas SAXXON para tarjetas Mifare, HID es un accesorio que nos permite guardar nuestras tarjetas para lectoras SAXXON de una forma m\u00e1s segura, evitando el extrav\u00edo de las mismas por olvido o descuido, siendo as\u00ed una manera segura de guardarlas.<\/p>\n<p>El porta tarjetas SAXXON contiene dos cintas adherentes en su parte posterior, para instalarla solo basta con limpiar el lugar en donde se desea colocar y despegar la pel\u00edcula de la cintilla para que pueda ser colocada en donde se desee.<\/p>\n<p>&nbsp;<\/p>\n<p>El porta tarjetas es resistente\u00a0a altas temperaturas pero se recomienda no colocar en el parabrisas de su autom\u00f3vil debido a que las tarjetas no son resistentes a los rayos solares y esto podr\u00eda comprometer la vida \u00fatil de su tarjeta.<\/p>\n<p>Es compatible con todas las tarjetas de PVC Mifare, HID<\/p>\n<p><img decoding=\"async\" class=\"overview-center-img-web\" src=\"https:\/\/tvc.mx\/media\/215207\/Porta-Tarjetas-de-Plastico-con-Adhesivo-Descripci%C3%B3n-ASRCH-SAXXON.png\" alt=\"\" \/><\/p>\n","protected":false},"excerpt":{"rendered":"<p>Informaci\u00f3n General Descripci\u00f3n ASRCH &#8211; PORTA Tarjetas de plastico con adhesivo 3M El porta tarjetas SAXXON para tarjetas Mifare, HID es un accesorio que nos permite guardar nuestras tarjetas para lectoras SAXXON de una forma m\u00e1s segura, evitando el extrav\u00edo de las mismas por olvido&hellip;<\/p>\n","protected":false},"featured_media":8401,"comment_status":"open","ping_status":"closed","template":"","meta":{"om_disable_all_campaigns":false,"_monsterinsights_skip_tracking":false,"_monsterinsights_sitenote_active":false,"_monsterinsights_sitenote_note":"","_monsterinsights_sitenote_category":0},"product_brand":[],"product_cat":[789],"product_tag":[81,727,730,66,731,728,729],"class_list":{"0":"post-8402","1":"product","2":"type-product","3":"status-publish","4":"has-post-thumbnail","6":"product_cat-lectoras-de-largo-alcance-control-acceso-vehicular-saxxon-acceso-asistencia","7":"product_tag-acceso-y-asistencia","8":"product_tag-cerraduras","9":"product_tag-commax-wulian","10":"product_tag-dahua","11":"product_tag-wejoin","12":"product_tag-yli","13":"product_tag-zkteco","15":"first","16":"instock","17":"sale","18":"taxable","19":"shipping-taxable","20":"purchasable","21":"product-type-simple"},"aioseo_notices":[],"_links":{"self":[{"href":"https:\/\/tecsecmty.com\/index.php\/wp-json\/wp\/v2\/product\/8402","targetHints":{"allow":["GET"]}}],"collection":[{"href":"https:\/\/tecsecmty.com\/index.php\/wp-json\/wp\/v2\/product"}],"about":[{"href":"https:\/\/tecsecmty.com\/index.php\/wp-json\/wp\/v2\/types\/product"}],"replies":[{"embeddable":true,"href":"https:\/\/tecsecmty.com\/index.php\/wp-json\/wp\/v2\/comments?post=8402"}],"version-history":[{"count":0,"href":"https:\/\/tecsecmty.com\/index.php\/wp-json\/wp\/v2\/product\/8402\/revisions"}],"wp:featuredmedia":[{"embeddable":true,"href":"https:\/\/tecsecmty.com\/index.php\/wp-json\/wp\/v2\/media\/8401"}],"wp:attachment":[{"href":"https:\/\/tecsecmty.com\/index.php\/wp-json\/wp\/v2\/media?parent=8402"}],"wp:term":[{"taxonomy":"product_brand","embeddable":true,"href":"https:\/\/tecsecmty.com\/index.php\/wp-json\/wp\/v2\/product_brand?post=8402"},{"taxonomy":"product_cat","embeddable":true,"href":"https:\/\/tecsecmty.com\/index.php\/wp-json\/wp\/v2\/product_cat?post=8402"},{"taxonomy":"product_tag","embeddable":true,"href":"https:\/\/tecsecmty.com\/index.php\/wp-json\/wp\/v2\/product_tag?post=8402"}],"curies":[{"name":"wp","href":"https:\/\/api.w.org\/{rel}","templated":true}]}}