{"id":8404,"date":"2023-02-23T22:22:44","date_gmt":"2023-02-24T04:22:44","guid":{"rendered":"https:\/\/tecsecmty.com\/index.php\/producto\/saxxon-fc06-enrolador-usb-de-tarjetas-uhf-902-mhz-%e2%80%92-928-mhz-compatible-con-lectoras-saxxon-saxr2656-saxr2657\/"},"modified":"2023-03-22T23:23:53","modified_gmt":"2023-03-23T05:23:53","slug":"saxxon-fc06-enrolador-usb-de-tarjetas-uhf-902-mhz-928-mhz-compatible-con-lectoras-saxxon-saxr2656-saxr2657","status":"publish","type":"product","link":"https:\/\/tecsecmty.com\/index.php\/producto\/saxxon-fc06-enrolador-usb-de-tarjetas-uhf-902-mhz-928-mhz-compatible-con-lectoras-saxxon-saxr2656-saxr2657\/","title":{"rendered":"SAXXON FC06 &#8211; Enrolador USB de tarjetas UHF 902 MHz \u2012 928 MHz \/ Compatible con Lectoras Saxxon SAXR2656, SAXR2657"},"content":{"rendered":"<div class=\"row aling-items-center padding-bottom-2x\">\n<div class=\"col-lg-12\">\n<h5 class=\"card-title text-center\">Informaci\u00f3n General<\/h5>\n<p><strong>Descripci\u00f3n<\/strong><\/p>\n<p>El enrolador FC06 es un lector de escritorio para enrolar y encryptar lOS TAG UHF con las lectoras Saxxon de largo alcance SAXR2656 y SAXR2657 con versi\u00f3n de firmware QT0A V1.25 y RFID READER DEMO ver3.4.0.2.<\/p>\n<p>Cuando encryptamos nuestra lectora con los TAGS evitamos que lea el chip del REPUVE e interfiera con la lectura de los TAGS.<\/p>\n<p><img decoding=\"async\" class=\"overview-center-img-web\" src=\"https:\/\/tvc.mx\/media\/556539\/Lector-Escritor-de-Tarjetas-UHF-RFID-Descripcion-RC06-SAXXON.png\" alt=\"\" \/><\/p>\n<\/div>\n<\/div>\n<div class=\"row aling-items-center padding-bottom-2x\">\n<div class=\"col-lg-12\">\n<h5 class=\"card-title text-center\">Caracter\u00edsticas<\/h5>\n<ul>\n<li>El canal de radiofrecuencia se basa en el chip RFID UHF.<\/li>\n<li>La distancia de lectura de la etiqueta tiene un amplio rango, ajustable de 10 cm a 1 m para adaptarse a diferentes aplicaciones.<\/li>\n<li>La mayor tasa de \u00e9xito de la industria en la escritura de etiquetas.<\/li>\n<li>Capacidad de reconocimiento de m\u00faltiples etiquetas: &gt;20 etiquetas.<\/li>\n<li>Velocidad de reconocimiento de etiquetas: &gt;20 hojas\/seg.<\/li>\n<li><strong>Compatible con modelos SAXR2656 y SAXR2657<\/strong><\/li>\n<\/ul>\n<p><img decoding=\"async\" class=\"overview-center-img-web\" src=\"https:\/\/tvc.mx\/media\/485916\/Lector-Escritor-de-Tarjetas-UHF-RFID-Caracter%C3%ADsticas-RC06-SAXXON.png\" alt=\"\" \/><\/p>\n<\/div>\n<\/div>\n<div class=\"row align-items-center padding-bottom-2x\">\n<div class=\"col-md-5\"><img decoding=\"async\" class=\"d-block m-auto img-thumbnail\" src=\"https:\/\/tvc.mx\/media\/485928\/Lector-Escritor-de-Tarjetas-UHF-RFID-Especificaciones-RC06-SAXXON.png\" alt=\" \" \/><\/div>\n<div class=\"col-md-7 text-md-left text-center\">\n<h2>Especificaciones<\/h2>\n<ul>\n<li><strong>Frecuencia de trabajo:<\/strong>\u00a0902 MHz \u2012 928 MHz<\/li>\n<li><strong>Protocolo de tarjetas<\/strong>:\u00a0EPC global UHF Clase 1 Gen 2<\/li>\n<li><strong>Antena<\/strong>: Antena de polarizaci\u00f3n circular 2dBi(Antena PCB incorporada\uff09<\/li>\n<li><strong>Potencia de transmisi\u00f3n:<\/strong>\u00a00 ~ 13dBm ajustable<\/li>\n<li><strong>Distancia de lectura<\/strong>:\u00a0Distancia m\u00e1xima de lectura de etiquetas: 1 m (relacionado con factores como potencia de transmisi\u00f3n,\u00a0tipo de antena, tipo de etiqueta y entorno de aplicaci\u00f3n)0 \u2013 180 mm, escritura de 0 \u2013 80 mm dependiendo del entorno. &#8211;\u00a0Distancia m\u00e1xima para escribir etiquetas: 0,1 m (seg\u00fan factores como la potencia de transmisi\u00f3n, el tipo de antena, el tipo de etiqueta y el entorno de la aplicaci\u00f3n).<\/li>\n<li><strong>Modo de operaci\u00f3n:<\/strong>\u00a0Modo activo<\/li>\n<\/ul>\n<p><strong>Par\u00e1metros el\u00e9ctricos<\/strong><\/p>\n<ul>\n<li><strong>Corriente continua:<\/strong>\u00a0+5V<\/li>\n<li><strong>Corriente de espera:<\/strong>\u00a0&lt;80mA<\/li>\n<\/ul>\n<p><strong>Interfaz externa<\/strong><\/p>\n<ul>\n<li><strong>Comunicaci\u00f3n:<\/strong>\u00a0Teclado virtual usb<\/li>\n<\/ul>\n<p><strong>Ambiente de Trabajo<\/strong><\/p>\n<ul>\n<li><strong>Temperatura de funcionamiento:<\/strong>&#8211; 20\u2103\u301c70\u2103<\/li>\n<li><strong>Temperatura de almacenamiento<\/strong>:\u00a0&#8211; 20\u2103\u301c85\u2103<\/li>\n<\/ul>\n<p><strong>Ap\u00e9ndice<\/strong><\/p>\n<ul>\n<li>Cable de energ\u00eda: Equipado<\/li>\n<li>Se\u00f1al RS232 l\u00ednea: NO<\/li>\n<li>Kit de desarrollo: proporcionado ve Android SDK<\/li>\n<\/ul>\n<p>&nbsp;<\/p>\n<\/div>\n<\/div>\n<hr class=\"padding-bottom-2x\" \/>\n<div class=\"row align-items-center padding-bottom-2x\">\n<div class=\"col-md-5 order-md-2\"><img decoding=\"async\" class=\"d-block m-auto img-thumbnail\" src=\"https:\/\/tvc.mx\/media\/487500\/Lector-Escritor-de-Tarjetas-UHF-RFID-Contenido-RC06-SAXXON.png\" alt=\" \" \/><\/div>\n<div class=\"col-md-7 order-md-1 text-md-left text-center\">\n<h2>Contenido<\/h2>\n<ul>\n<li>Enrolador<\/li>\n<li>Cable USB<\/li>\n<\/ul>\n<p>&nbsp;<\/p>\n<\/div>\n<\/div>\n<hr class=\"padding-bottom-2x\" \/>\n<div class=\"row aling-items-center padding-bottom-2x\">\n<div class=\"col-lg-12\">\n<h5 class=\"card-title text-center\"><\/h5>\n<\/div>\n<\/div>\n","protected":false},"excerpt":{"rendered":"<p>Informaci\u00f3n General Descripci\u00f3n El enrolador FC06 es un lector de escritorio para enrolar y encryptar lOS TAG UHF con las lectoras Saxxon de largo alcance SAXR2656 y SAXR2657 con versi\u00f3n de firmware QT0A V1.25 y RFID READER DEMO ver3.4.0.2. Cuando encryptamos nuestra lectora con los&hellip;<\/p>\n","protected":false},"featured_media":8403,"comment_status":"open","ping_status":"closed","template":"","meta":{"om_disable_all_campaigns":false,"_monsterinsights_skip_tracking":false,"_monsterinsights_sitenote_active":false,"_monsterinsights_sitenote_note":"","_monsterinsights_sitenote_category":0},"product_brand":[],"product_cat":[789],"product_tag":[81,727,730,66,731,728,729],"class_list":{"0":"post-8404","1":"product","2":"type-product","3":"status-publish","4":"has-post-thumbnail","6":"product_cat-lectoras-de-largo-alcance-control-acceso-vehicular-saxxon-acceso-asistencia","7":"product_tag-acceso-y-asistencia","8":"product_tag-cerraduras","9":"product_tag-commax-wulian","10":"product_tag-dahua","11":"product_tag-wejoin","12":"product_tag-yli","13":"product_tag-zkteco","15":"first","16":"instock","17":"sale","18":"taxable","19":"shipping-taxable","20":"purchasable","21":"product-type-simple"},"aioseo_notices":[],"_links":{"self":[{"href":"https:\/\/tecsecmty.com\/index.php\/wp-json\/wp\/v2\/product\/8404","targetHints":{"allow":["GET"]}}],"collection":[{"href":"https:\/\/tecsecmty.com\/index.php\/wp-json\/wp\/v2\/product"}],"about":[{"href":"https:\/\/tecsecmty.com\/index.php\/wp-json\/wp\/v2\/types\/product"}],"replies":[{"embeddable":true,"href":"https:\/\/tecsecmty.com\/index.php\/wp-json\/wp\/v2\/comments?post=8404"}],"version-history":[{"count":0,"href":"https:\/\/tecsecmty.com\/index.php\/wp-json\/wp\/v2\/product\/8404\/revisions"}],"wp:featuredmedia":[{"embeddable":true,"href":"https:\/\/tecsecmty.com\/index.php\/wp-json\/wp\/v2\/media\/8403"}],"wp:attachment":[{"href":"https:\/\/tecsecmty.com\/index.php\/wp-json\/wp\/v2\/media?parent=8404"}],"wp:term":[{"taxonomy":"product_brand","embeddable":true,"href":"https:\/\/tecsecmty.com\/index.php\/wp-json\/wp\/v2\/product_brand?post=8404"},{"taxonomy":"product_cat","embeddable":true,"href":"https:\/\/tecsecmty.com\/index.php\/wp-json\/wp\/v2\/product_cat?post=8404"},{"taxonomy":"product_tag","embeddable":true,"href":"https:\/\/tecsecmty.com\/index.php\/wp-json\/wp\/v2\/product_tag?post=8404"}],"curies":[{"name":"wp","href":"https:\/\/api.w.org\/{rel}","templated":true}]}}