{"id":8416,"date":"2023-02-23T22:22:55","date_gmt":"2023-02-24T04:22:55","guid":{"rendered":"https:\/\/tecsecmty.com\/index.php\/producto\/saxxon-thf02-tag-de-papel-adherible-altas-temperaturas-compatible-con-lectoras-saxr2656-saxr2657-folio-impreso\/"},"modified":"2023-03-22T23:24:09","modified_gmt":"2023-03-23T05:24:09","slug":"saxxon-thf02-tag-de-papel-adherible-altas-temperaturas-compatible-con-lectoras-saxr2656-saxr2657-folio-impreso","status":"publish","type":"product","link":"https:\/\/tecsecmty.com\/index.php\/producto\/saxxon-thf02-tag-de-papel-adherible-altas-temperaturas-compatible-con-lectoras-saxr2656-saxr2657-folio-impreso\/","title":{"rendered":"SAXXON THF02 &#8211; TAG De papel ADHERIBLE \/ Altas temperaturas \/ Compatible con Lectoras SAXR2656 &amp; SAXR2657 \/ Folio Impreso"},"content":{"rendered":"<div class=\"row aling-items-center padding-bottom-2x\">\n<div class=\"col-lg-12\">\n<h5 class=\"card-title text-center\">Informaci\u00f3n General<\/h5>\n<h1><strong>Descripci\u00f3n<\/strong><\/h1>\n<p><strong>THF02 &#8211; TAG De papel ADHERIBLE \/ Altas temperaturas \/ Compatible con AST151002 &amp; AST151003<\/strong><\/p>\n<p>El SAXXON TAG es un TAG UHF pasivo para altas temperaturas adecuado para trabajar con lectoras de largo alcance. Cuenta con una distancia de lectura de hasta 15 metros (la distancia puede variar de acuerdo a la lectora), se puede adherir al vidrio de veh\u00edculos y una capacidad de memoria de 2056bits<\/p>\n<p><img decoding=\"async\" class=\"overview-center-img-web\" src=\"https:\/\/tvc.mx\/media\/215163\/Tag-de-Papel-UHF-Adherible-Descripci%C3%B3n-THF02-SAXXON.png\" alt=\"\" \/><\/div>\n<\/div>\n<div class=\"row align-items-center padding-bottom-2x\">\n<div class=\"col-md-5 order-md-2\"><img decoding=\"async\" class=\"d-block m-auto img-thumbnail\" src=\"https:\/\/tvc.mx\/media\/215167\/Tag-de-Papel-UHF-Adherible-Especificaciones-THF02-SAXXON.png\" alt=\" \" \/><\/div>\n<div class=\"col-md-7 order-md-1 text-md-left text-center\">\n<h2>ESpecificaciones<\/h2>\n<p class=\"text-muted\">\n<ul>\n<li class=\"ql-align-justify\">Soporta ISO18000-6C (EPC Gen2).<\/li>\n<li class=\"ql-align-justify\">Frecuencia de operaci\u00f3n ISM 860-928MHz.<\/li>\n<li class=\"ql-align-justify\">Capacidad de grabaci\u00f3n y borrado de hasta 100000 veces.<\/li>\n<li class=\"ql-align-justify\">Rango de lectura programable por software, lectura promedio por 94bits: menor a 10ms.<\/li>\n<li class=\"ql-align-justify\">Material: Papel.<\/li>\n<li class=\"ql-align-justify\">Rango de lectura hasta 10 metros de acuerdo al tipo de antena que se utilice.<\/li>\n<\/ul>\n<p>&nbsp;<\/p>\n<\/div>\n<\/div>\n<hr class=\"padding-bottom-2x\" \/>\n<div class=\"row align-items-center padding-bottom-2x\">\n<div class=\"col-md-5\"><img decoding=\"async\" class=\"d-block m-auto img-thumbnail\" src=\"https:\/\/tvc.mx\/media\/215171\/Tag-de-Papel-UHF-Adherible-Soluciones-THF02-SAXXON.png\" alt=\" \" \/><\/div>\n<div class=\"col-md-7 text-md-left text-center\">\n<h2>Soluciones<\/h2>\n<p class=\"text-muted\">\n<p>Tag adherido a\u00a0<strong>Parabrisas Vehicular<\/strong><\/p>\n<p>El Tag UHF anti-despegue, se coloca en el parabrisas del veh\u00edculo. Este Tag debe ser instalado en un lugar apropiado en la superficie del parabrisas dentro del autom\u00f3vil.<\/p>\n<p>&nbsp;<\/p>\n<\/div>\n<\/div>\n<hr class=\"padding-bottom-2x\" \/>\n<div class=\"row aling-items-center padding-bottom-2x\">\n<div class=\"col-lg-12\">\n<h5 class=\"card-title text-center\">Ubicaci\u00f3n de instalaci\u00f3n de Tarjeta<\/h5>\n<p>La posici\u00f3n de la etiqueta \/ tarjeta en el veh\u00edculo es como la siguiente imagen.<\/p>\n<p>Si hay una pel\u00edcula a prueba de explosiones de metal encima del parabrisas, usted tiene que cortar un peque\u00f1o trozo de ella o bajar la ventanilla para leer la etiqueta.<\/p>\n<p>La ubicaci\u00f3n de instalaci\u00f3n de la tarjeta en el vidrio va depender tambi\u00e9n de la ubicaci\u00f3n de instalaci\u00f3n del lector, si la lectora esta del lado del piloto entonces la tarjeta debe ser instalada del lado del piloto.<\/p>\n<p>Debe considerar que otros tags instalados en el veh\u00edculo pueden interferir en la lectura, es importante encriptar la tarjeta junto con el lector.<\/p>\n<p><img decoding=\"async\" class=\"overview-center-img-web\" src=\"https:\/\/tvc.mx\/media\/363743\/Tag-de-Papel-UHF-Adherible-Instalaci%C3%B3n-THF02-SAXXON.png\" alt=\"\" \/><\/div>\n<\/div>\n","protected":false},"excerpt":{"rendered":"<p>Informaci\u00f3n General Descripci\u00f3n THF02 &#8211; TAG De papel ADHERIBLE \/ Altas temperaturas \/ Compatible con AST151002 &amp; AST151003 El SAXXON TAG es un TAG UHF pasivo para altas temperaturas adecuado para trabajar con lectoras de largo alcance. Cuenta con una distancia de lectura de hasta&hellip;<\/p>\n","protected":false},"featured_media":8415,"comment_status":"open","ping_status":"closed","template":"","meta":{"om_disable_all_campaigns":false,"_monsterinsights_skip_tracking":false,"_monsterinsights_sitenote_active":false,"_monsterinsights_sitenote_note":"","_monsterinsights_sitenote_category":0},"product_brand":[],"product_cat":[789],"product_tag":[81,727,730,66,731,728,729],"class_list":{"0":"post-8416","1":"product","2":"type-product","3":"status-publish","4":"has-post-thumbnail","6":"product_cat-lectoras-de-largo-alcance-control-acceso-vehicular-saxxon-acceso-asistencia","7":"product_tag-acceso-y-asistencia","8":"product_tag-cerraduras","9":"product_tag-commax-wulian","10":"product_tag-dahua","11":"product_tag-wejoin","12":"product_tag-yli","13":"product_tag-zkteco","15":"first","16":"instock","17":"sale","18":"taxable","19":"shipping-taxable","20":"purchasable","21":"product-type-simple"},"aioseo_notices":[],"_links":{"self":[{"href":"https:\/\/tecsecmty.com\/index.php\/wp-json\/wp\/v2\/product\/8416","targetHints":{"allow":["GET"]}}],"collection":[{"href":"https:\/\/tecsecmty.com\/index.php\/wp-json\/wp\/v2\/product"}],"about":[{"href":"https:\/\/tecsecmty.com\/index.php\/wp-json\/wp\/v2\/types\/product"}],"replies":[{"embeddable":true,"href":"https:\/\/tecsecmty.com\/index.php\/wp-json\/wp\/v2\/comments?post=8416"}],"version-history":[{"count":0,"href":"https:\/\/tecsecmty.com\/index.php\/wp-json\/wp\/v2\/product\/8416\/revisions"}],"wp:featuredmedia":[{"embeddable":true,"href":"https:\/\/tecsecmty.com\/index.php\/wp-json\/wp\/v2\/media\/8415"}],"wp:attachment":[{"href":"https:\/\/tecsecmty.com\/index.php\/wp-json\/wp\/v2\/media?parent=8416"}],"wp:term":[{"taxonomy":"product_brand","embeddable":true,"href":"https:\/\/tecsecmty.com\/index.php\/wp-json\/wp\/v2\/product_brand?post=8416"},{"taxonomy":"product_cat","embeddable":true,"href":"https:\/\/tecsecmty.com\/index.php\/wp-json\/wp\/v2\/product_cat?post=8416"},{"taxonomy":"product_tag","embeddable":true,"href":"https:\/\/tecsecmty.com\/index.php\/wp-json\/wp\/v2\/product_tag?post=8416"}],"curies":[{"name":"wp","href":"https:\/\/api.w.org\/{rel}","templated":true}]}}