{"id":8438,"date":"2023-02-23T22:23:28","date_gmt":"2023-02-24T04:23:28","guid":{"rendered":"https:\/\/tecsecmty.com\/index.php\/producto\/wejoin-wjkjct-cremallera-para-motor-deslizante-wjpkmp202-1-metro-incluye-accesorios-de-fijacion\/"},"modified":"2023-03-22T23:24:52","modified_gmt":"2023-03-23T05:24:52","slug":"wejoin-wjkjct-cremallera-para-motor-deslizante-wjpkmp202-1-metro-incluye-accesorios-de-fijacion","status":"publish","type":"product","link":"https:\/\/tecsecmty.com\/index.php\/producto\/wejoin-wjkjct-cremallera-para-motor-deslizante-wjpkmp202-1-metro-incluye-accesorios-de-fijacion\/","title":{"rendered":"WEJOIN WJKJCT &#8211; Cremallera para motor deslizante WJPKMP202 \/ 1 Metro \/ Incluye accesorios de fijacion"},"content":{"rendered":"<h5 class=\"card-title text-center\">Descripci\u00f3n<\/h5>\n<p>Este producto met\u00e1lico es para el para motor deslizante\u00a0TVB349001\u00a0de 1 Metro e Incluye accesorios de fijaci\u00f3n<\/p>\n<p class=\"ql-align-justify\"><strong>Instalaci\u00f3n de la cremallera.<\/strong><\/p>\n<p class=\"ql-align-justify\">Coloque el engranaje de la cremallera mirando hacia el\u00a0piso y hacer que coincida con el engrane del motor. Adjunte la cremallera a la puerta con los tornillos. Empuje la puerta y aseg\u00farese que se mueva por completo. Despu\u00e9s de validar que la puerta se mueva suavemente todo el recorrido, fije la cremallera a la puerta.\u00a0La cremallera usualmente se instala pieza por pieza.\u00a0Para evitar el tramado o\u00a0el bloqueo, por favor ajuste la separaci\u00f3n de la cremallera. Sugerimos una forma:\u00a0fije el estante 1 y 2, despu\u00e9s ajuste los 2\u00a0estantes y con el peque\u00f1o ajuste a los otros 2.<\/p>\n<p class=\"ql-align-justify\"><strong>\u00a0<\/strong><\/p>\n<p class=\"ql-align-justify\"><strong>\u00a0<\/strong><strong>Instalaci\u00f3n de la barra de l\u00edmite.<\/strong><\/p>\n<p class=\"ql-align-justify\">Despu\u00e9s de haber fijado la cremallera, abra el clutch y ponga el motor en estado ralent\u00ed (idling). Coloque el motor en la base. Ajuste el engrane del motor y haga que coincida con la cremallera de la puerta. Despu\u00e9s de fijar el motor con los pernos, con\u00e9ctelo a la energ\u00eda. Presione el bot\u00f3n de cerrar del control, el motor trabajara hacia la direcci\u00f3n de cierre en el estado libre. Mueva la puerta con las manos a la posici\u00f3n final del cerrado. Cuando la puerta cierre completamente, verifique que la barra de limite toque el resorte limite del motor y este se detenga. Si la barra de limite no toca el resorte l\u00edmite del motor, afloje los tornillos de la barra de l\u00edmite y mu\u00e9valo a la posici\u00f3n correcta y fije nuevamente. Ajuste la posici\u00f3n de la misma forma nuevamente.<\/p>\n<p class=\"ql-align-justify\">\n<p><img decoding=\"async\" class=\"overview-center-img-web\" src=\"https:\/\/tvc.mx\/media\/56157\/rielmet%C3%A1licocentral.jpg\" alt=\"\" \/><\/p>\n","protected":false},"excerpt":{"rendered":"<p>Descripci\u00f3n Este producto met\u00e1lico es para el para motor deslizante\u00a0TVB349001\u00a0de 1 Metro e Incluye accesorios de fijaci\u00f3n Instalaci\u00f3n de la cremallera. Coloque el engranaje de la cremallera mirando hacia el\u00a0piso y hacer que coincida con el engrane del motor. Adjunte la cremallera a la puerta&hellip;<\/p>\n","protected":false},"featured_media":8437,"comment_status":"open","ping_status":"closed","template":"","meta":{"om_disable_all_campaigns":false,"_monsterinsights_skip_tracking":false,"_monsterinsights_sitenote_active":false,"_monsterinsights_sitenote_note":"","_monsterinsights_sitenote_category":0},"product_brand":[],"product_cat":[791],"product_tag":[81,727,730,66,731,728,729],"class_list":{"0":"post-8438","1":"product","2":"type-product","3":"status-publish","4":"has-post-thumbnail","6":"product_cat-motores-para-portones","7":"product_tag-acceso-y-asistencia","8":"product_tag-cerraduras","9":"product_tag-commax-wulian","10":"product_tag-dahua","11":"product_tag-wejoin","12":"product_tag-yli","13":"product_tag-zkteco","15":"first","16":"instock","17":"sale","18":"taxable","19":"shipping-taxable","20":"purchasable","21":"product-type-simple"},"aioseo_notices":[],"_links":{"self":[{"href":"https:\/\/tecsecmty.com\/index.php\/wp-json\/wp\/v2\/product\/8438","targetHints":{"allow":["GET"]}}],"collection":[{"href":"https:\/\/tecsecmty.com\/index.php\/wp-json\/wp\/v2\/product"}],"about":[{"href":"https:\/\/tecsecmty.com\/index.php\/wp-json\/wp\/v2\/types\/product"}],"replies":[{"embeddable":true,"href":"https:\/\/tecsecmty.com\/index.php\/wp-json\/wp\/v2\/comments?post=8438"}],"version-history":[{"count":0,"href":"https:\/\/tecsecmty.com\/index.php\/wp-json\/wp\/v2\/product\/8438\/revisions"}],"wp:featuredmedia":[{"embeddable":true,"href":"https:\/\/tecsecmty.com\/index.php\/wp-json\/wp\/v2\/media\/8437"}],"wp:attachment":[{"href":"https:\/\/tecsecmty.com\/index.php\/wp-json\/wp\/v2\/media?parent=8438"}],"wp:term":[{"taxonomy":"product_brand","embeddable":true,"href":"https:\/\/tecsecmty.com\/index.php\/wp-json\/wp\/v2\/product_brand?post=8438"},{"taxonomy":"product_cat","embeddable":true,"href":"https:\/\/tecsecmty.com\/index.php\/wp-json\/wp\/v2\/product_cat?post=8438"},{"taxonomy":"product_tag","embeddable":true,"href":"https:\/\/tecsecmty.com\/index.php\/wp-json\/wp\/v2\/product_tag?post=8438"}],"curies":[{"name":"wp","href":"https:\/\/api.w.org\/{rel}","templated":true}]}}