{"id":8480,"date":"2023-02-23T22:24:11","date_gmt":"2023-02-24T04:24:11","guid":{"rendered":"https:\/\/tecsecmty.com\/index.php\/producto\/wejoin-wjan01-tuerca-plastica-de-ajuste-para-resorte-en-barreras-wejoin\/"},"modified":"2023-03-22T23:24:49","modified_gmt":"2023-03-23T05:24:49","slug":"wejoin-wjan01-tuerca-plastica-de-ajuste-para-resorte-en-barreras-wejoin","status":"publish","type":"product","link":"https:\/\/tecsecmty.com\/index.php\/producto\/wejoin-wjan01-tuerca-plastica-de-ajuste-para-resorte-en-barreras-wejoin\/","title":{"rendered":"WEJOIN WJAN01 &#8211; Tuerca Plastica De Ajuste Para Resorte En Barreras WEJOIN"},"content":{"rendered":"<h5 class=\"card-title text-center\">Informaci\u00f3n General<\/h5>\n<h1><strong>Descripci\u00f3n<\/strong><\/h1>\n<p><strong>WEJOIN WJSB &#8211; Tornillo de ajuste de resorte para barreras WEJOIN<\/strong><\/p>\n<p>Tornillo de ajuste del resorte\u00a0para Barrera Wejoin.<\/p>\n<p>&nbsp;<\/p>\n<p>Una\u00a0barrera\u00a0es una especie de barra que impide el paso de veh\u00edculos de manera temporal en un determinado camino o paso de manera que se pueda comprobar la identidad, o impidan el paso para evitar accidentes mientras por esa v\u00eda circula alg\u00fan otro veh\u00edculo o tren.<\/p>\n<p>Los tornillos de ajuste nos sirven para darle mayor ajuste de tensi\u00f3n a nuestro resorte, de modo que cuando nuestro resorte pierda fuerza con el paso del tiempo, podemos tensarlo para ajustarlo a su normal tensi\u00f3n de operaci\u00f3n.<\/p>\n<p><img decoding=\"async\" class=\"overview-center-img-web\" src=\"https:\/\/tvc.mx\/media\/74892\/vanner-WEJOIN-WJSB.jpg\" alt=\"\" \/><\/p>\n","protected":false},"excerpt":{"rendered":"<p>Informaci\u00f3n General Descripci\u00f3n WEJOIN WJSB &#8211; Tornillo de ajuste de resorte para barreras WEJOIN Tornillo de ajuste del resorte\u00a0para Barrera Wejoin. &nbsp; Una\u00a0barrera\u00a0es una especie de barra que impide el paso de veh\u00edculos de manera temporal en un determinado camino o paso de manera que&hellip;<\/p>\n","protected":false},"featured_media":8479,"comment_status":"open","ping_status":"closed","template":"","meta":{"om_disable_all_campaigns":false,"_monsterinsights_skip_tracking":false,"_monsterinsights_sitenote_active":false,"_monsterinsights_sitenote_note":"","_monsterinsights_sitenote_category":0},"product_brand":[],"product_cat":[793],"product_tag":[81,727,730,66,731,728,729],"class_list":{"0":"post-8480","1":"product","2":"type-product","3":"status-publish","4":"has-post-thumbnail","6":"product_cat-refacciones-control-acceso-vehicular","7":"product_tag-acceso-y-asistencia","8":"product_tag-cerraduras","9":"product_tag-commax-wulian","10":"product_tag-dahua","11":"product_tag-wejoin","12":"product_tag-yli","13":"product_tag-zkteco","15":"first","16":"instock","17":"sale","18":"taxable","19":"shipping-taxable","20":"purchasable","21":"product-type-simple"},"aioseo_notices":[],"_links":{"self":[{"href":"https:\/\/tecsecmty.com\/index.php\/wp-json\/wp\/v2\/product\/8480","targetHints":{"allow":["GET"]}}],"collection":[{"href":"https:\/\/tecsecmty.com\/index.php\/wp-json\/wp\/v2\/product"}],"about":[{"href":"https:\/\/tecsecmty.com\/index.php\/wp-json\/wp\/v2\/types\/product"}],"replies":[{"embeddable":true,"href":"https:\/\/tecsecmty.com\/index.php\/wp-json\/wp\/v2\/comments?post=8480"}],"version-history":[{"count":0,"href":"https:\/\/tecsecmty.com\/index.php\/wp-json\/wp\/v2\/product\/8480\/revisions"}],"wp:featuredmedia":[{"embeddable":true,"href":"https:\/\/tecsecmty.com\/index.php\/wp-json\/wp\/v2\/media\/8479"}],"wp:attachment":[{"href":"https:\/\/tecsecmty.com\/index.php\/wp-json\/wp\/v2\/media?parent=8480"}],"wp:term":[{"taxonomy":"product_brand","embeddable":true,"href":"https:\/\/tecsecmty.com\/index.php\/wp-json\/wp\/v2\/product_brand?post=8480"},{"taxonomy":"product_cat","embeddable":true,"href":"https:\/\/tecsecmty.com\/index.php\/wp-json\/wp\/v2\/product_cat?post=8480"},{"taxonomy":"product_tag","embeddable":true,"href":"https:\/\/tecsecmty.com\/index.php\/wp-json\/wp\/v2\/product_tag?post=8480"}],"curies":[{"name":"wp","href":"https:\/\/api.w.org\/{rel}","templated":true}]}}