{"id":8548,"date":"2023-02-23T22:25:27","date_gmt":"2023-02-24T04:25:27","guid":{"rendered":"https:\/\/tecsecmty.com\/index.php\/producto\/wejoin-wjmrt6r-motor-para-barrera-wejoin-derecha-velocidad-6-segundos\/"},"modified":"2023-03-22T23:24:53","modified_gmt":"2023-03-23T05:24:53","slug":"wejoin-wjmrt6r-motor-para-barrera-wejoin-derecha-velocidad-6-segundos","status":"publish","type":"product","link":"https:\/\/tecsecmty.com\/index.php\/producto\/wejoin-wjmrt6r-motor-para-barrera-wejoin-derecha-velocidad-6-segundos\/","title":{"rendered":"WEJOIN WJMRT6R &#8211; Motor para barrera WEJOIN derecha \/ Velocidad 6 segundos"},"content":{"rendered":"<h5 class=\"card-title text-center\">Informaci\u00f3n General<\/h5>\n<h4 class=\"ql-align-justify\"><strong>Descripci\u00f3n<\/strong><\/h4>\n<p class=\"ql-align-justify\">El motor se localiza en la parte interior de la barrera, y su engrane se encuentra dentro del cuerpo de la m\u00e1quina, el soporte de la barrera oscilante y el brazo. Se caracteriza por su velocidad y estabilidad. El tiempo de operaci\u00f3n es de 6 segundos, se utiliza principalmente como dispositivo de control de entrada y salida de coches.<\/p>\n<p class=\"ql-align-justify\"><strong>Caracter\u00edsticas:<\/strong><\/p>\n<ul>\n<li class=\"ql-align-justify\">Motor 110 VAC, 60 Hz.<\/li>\n<li class=\"ql-align-justify\">Frecuencia: 60Hz<\/li>\n<li class=\"ql-align-justify\">Energ\u00eda de entrada: 150 W<\/li>\n<li class=\"ql-align-justify\">Potencia de salida: 80 W<\/li>\n<li class=\"ql-align-justify\">Compatible con barreras de tipo DERECHA.<\/li>\n<li class=\"ql-align-justify\">Velocidad 6 segundos.<\/li>\n<li class=\"ql-align-justify\">Construcci\u00f3n solida de aleaci\u00f3n de aluminio.<\/li>\n<\/ul>\n<p>Este motor es compatible con las barreras vehiculares Wejoin de carril derecho con una velocidad de 6s<\/p>\n<p><img decoding=\"async\" class=\"overview-center-img-web\" src=\"https:\/\/tvc.mx\/media\/684972\/Motor-para-Barrera-Wejoin-Derecha-6-Segundos-Descripci%C3%B3n-WJMRT6R-WEJOIN.png\" alt=\"\" \/><\/p>\n","protected":false},"excerpt":{"rendered":"<p>Informaci\u00f3n General Descripci\u00f3n El motor se localiza en la parte interior de la barrera, y su engrane se encuentra dentro del cuerpo de la m\u00e1quina, el soporte de la barrera oscilante y el brazo. Se caracteriza por su velocidad y estabilidad. El tiempo de operaci\u00f3n&hellip;<\/p>\n","protected":false},"featured_media":8547,"comment_status":"open","ping_status":"closed","template":"","meta":{"om_disable_all_campaigns":false,"_monsterinsights_skip_tracking":false,"_monsterinsights_sitenote_active":false,"_monsterinsights_sitenote_note":"","_monsterinsights_sitenote_category":0},"product_brand":[],"product_cat":[793],"product_tag":[81,727,730,66,731,728,729],"class_list":{"0":"post-8548","1":"product","2":"type-product","3":"status-publish","4":"has-post-thumbnail","6":"product_cat-refacciones-control-acceso-vehicular","7":"product_tag-acceso-y-asistencia","8":"product_tag-cerraduras","9":"product_tag-commax-wulian","10":"product_tag-dahua","11":"product_tag-wejoin","12":"product_tag-yli","13":"product_tag-zkteco","15":"first","16":"instock","17":"sale","18":"taxable","19":"shipping-taxable","20":"purchasable","21":"product-type-simple"},"aioseo_notices":[],"_links":{"self":[{"href":"https:\/\/tecsecmty.com\/index.php\/wp-json\/wp\/v2\/product\/8548","targetHints":{"allow":["GET"]}}],"collection":[{"href":"https:\/\/tecsecmty.com\/index.php\/wp-json\/wp\/v2\/product"}],"about":[{"href":"https:\/\/tecsecmty.com\/index.php\/wp-json\/wp\/v2\/types\/product"}],"replies":[{"embeddable":true,"href":"https:\/\/tecsecmty.com\/index.php\/wp-json\/wp\/v2\/comments?post=8548"}],"version-history":[{"count":0,"href":"https:\/\/tecsecmty.com\/index.php\/wp-json\/wp\/v2\/product\/8548\/revisions"}],"wp:featuredmedia":[{"embeddable":true,"href":"https:\/\/tecsecmty.com\/index.php\/wp-json\/wp\/v2\/media\/8547"}],"wp:attachment":[{"href":"https:\/\/tecsecmty.com\/index.php\/wp-json\/wp\/v2\/media?parent=8548"}],"wp:term":[{"taxonomy":"product_brand","embeddable":true,"href":"https:\/\/tecsecmty.com\/index.php\/wp-json\/wp\/v2\/product_brand?post=8548"},{"taxonomy":"product_cat","embeddable":true,"href":"https:\/\/tecsecmty.com\/index.php\/wp-json\/wp\/v2\/product_cat?post=8548"},{"taxonomy":"product_tag","embeddable":true,"href":"https:\/\/tecsecmty.com\/index.php\/wp-json\/wp\/v2\/product_tag?post=8548"}],"curies":[{"name":"wp","href":"https:\/\/api.w.org\/{rel}","templated":true}]}}