{"id":8562,"date":"2023-02-23T22:25:43","date_gmt":"2023-02-24T04:25:43","guid":{"rendered":"https:\/\/tecsecmty.com\/index.php\/producto\/wejoin-wjsbm45-brazo-recto-de-4-5-metros-para-barrera-de-3-segundos\/"},"modified":"2023-03-22T23:24:54","modified_gmt":"2023-03-23T05:24:54","slug":"wejoin-wjsbm45-brazo-recto-de-4-5-metros-para-barrera-de-3-segundos","status":"publish","type":"product","link":"https:\/\/tecsecmty.com\/index.php\/producto\/wejoin-wjsbm45-brazo-recto-de-4-5-metros-para-barrera-de-3-segundos\/","title":{"rendered":"WEJOIN WJSBM45 &#8211; Brazo recto de 4.5 metros para barrera de 3 segundos"},"content":{"rendered":"<div class=\"row aling-items-center padding-bottom-2x\">\n<div class=\"col-lg-12\">\n<h5 class=\"card-title text-center\">nformaci\u00f3n General<\/h5>\n<h1><strong>Descripci\u00f3n<\/strong><\/h1>\n<p><strong>ARM45 Brazo Recto de 4.5 metros para barrera de 3 segundos.<\/strong><\/p>\n<p>El accesorio est\u00e1 hecho de aleaci\u00f3n de aluminio de alta resistencia, incorpora una pel\u00edcula reflectante que tiene la funci\u00f3n de advertencia.<\/p>\n<p><img decoding=\"async\" class=\"overview-center-img-web\" src=\"https:\/\/tvc.mx\/media\/244651\/Brazo-Recto-4.5mts-Barrera-3s-Descripci%C3%B3n-WJSBM45-WEJOIN.png\" alt=\"\" \/><\/div>\n<\/div>\n<div class=\"row align-items-center padding-bottom-2x\">\n<div class=\"col-md-5 order-md-2\"><img decoding=\"async\" class=\"d-block m-auto img-thumbnail\" src=\"https:\/\/tvc.mx\/media\/244655\/Brazo-Recto-4.5mts-Barrera-3s-Especificaciones-WJSBM45-WEJOIN.png\" alt=\" \" \/><\/div>\n<div class=\"col-md-7 order-md-1 text-md-left text-center\">\n<h2>Especificaciones<\/h2>\n<p class=\"text-muted\">\n<p><strong>Brazo<\/strong>\u00a0Brazo recto<\/p>\n<p><strong>Tipo de brazo<\/strong>\u00a0Brazo Octagonal grande<\/p>\n<p><strong>Largo de brazo<\/strong>\u00a04.5 mts<\/p>\n<p><strong>Dimensiones(cm)<\/strong>\u00a0450 x 4.5 x 10cm<\/p>\n<p><strong>Peso<\/strong>\u00a05.2 Kg<\/p>\n<p>&nbsp;<\/p>\n<\/div>\n<\/div>\n<hr class=\"padding-bottom-2x\" \/>\n<div class=\"row align-items-center padding-bottom-2x\">\n<div class=\"col-md-5\"><img decoding=\"async\" class=\"d-block m-auto img-thumbnail\" src=\"https:\/\/tvc.mx\/media\/244659\/Brazo-Recto-4.5mts-Barrera-3s-Funci%C3%B3n-WJSBM45-WEJOIN.png\" alt=\" \" \/><\/div>\n<div class=\"col-md-7 text-md-left text-center\">\n<h2>Funci\u00f3n<\/h2>\n<p class=\"text-muted\">\n<p>\u00a0Es una barra que impide el paso de veh\u00edculos de manera temporal en un determinado camino o paso de manera que se pueda comprobar la identidad, o impidan el paso para evitar accidentes mientras por esa v\u00eda circula alg\u00fan otro veh\u00edculo o tren.<\/p>\n<p>Adecuada para sitios de alto trafico y calles anchas.<\/p>\n<p><strong>Para env\u00edos el tiempo de entrega es de 4 a 5 d\u00edas h\u00e1biles, consulta con tu asesor el m\u00e9todo de env\u00edo.<\/strong><\/p>\n<p>&nbsp;<\/p>\n<\/div>\n<\/div>\n<hr class=\"padding-bottom-2x\" \/>\n<div class=\"row aling-items-center padding-bottom-2x\">\n<div class=\"col-lg-12\">\n<h5 class=\"card-title text-center\">Integraci\u00f3n<\/h5>\n<p>El brazo WJSBM45 incorpora una ranura para la integraci\u00f3n de la goma negra de absorci\u00f3n de impacto y con la goma para la tira LED.<\/p>\n<p><img decoding=\"async\" class=\"overview-center-img-web\" src=\"https:\/\/tvc.mx\/media\/360127\/Brazo-Recto-4.5mts-Barrera-3s-Ranura-WJSBM45-WEJOIN.png\" alt=\"\" \/><\/div>\n<\/div>\n","protected":false},"excerpt":{"rendered":"<p>nformaci\u00f3n General Descripci\u00f3n ARM45 Brazo Recto de 4.5 metros para barrera de 3 segundos. El accesorio est\u00e1 hecho de aleaci\u00f3n de aluminio de alta resistencia, incorpora una pel\u00edcula reflectante que tiene la funci\u00f3n de advertencia. Especificaciones Brazo\u00a0Brazo recto Tipo de brazo\u00a0Brazo Octagonal grande Largo de&hellip;<\/p>\n","protected":false},"featured_media":8561,"comment_status":"open","ping_status":"closed","template":"","meta":{"om_disable_all_campaigns":false,"_monsterinsights_skip_tracking":false,"_monsterinsights_sitenote_active":false,"_monsterinsights_sitenote_note":"","_monsterinsights_sitenote_category":0},"product_brand":[],"product_cat":[793],"product_tag":[81,727,730,66,731,728,729],"class_list":{"0":"post-8562","1":"product","2":"type-product","3":"status-publish","4":"has-post-thumbnail","6":"product_cat-refacciones-control-acceso-vehicular","7":"product_tag-acceso-y-asistencia","8":"product_tag-cerraduras","9":"product_tag-commax-wulian","10":"product_tag-dahua","11":"product_tag-wejoin","12":"product_tag-yli","13":"product_tag-zkteco","15":"first","16":"instock","17":"sale","18":"taxable","19":"shipping-taxable","20":"purchasable","21":"product-type-simple"},"aioseo_notices":[],"_links":{"self":[{"href":"https:\/\/tecsecmty.com\/index.php\/wp-json\/wp\/v2\/product\/8562","targetHints":{"allow":["GET"]}}],"collection":[{"href":"https:\/\/tecsecmty.com\/index.php\/wp-json\/wp\/v2\/product"}],"about":[{"href":"https:\/\/tecsecmty.com\/index.php\/wp-json\/wp\/v2\/types\/product"}],"replies":[{"embeddable":true,"href":"https:\/\/tecsecmty.com\/index.php\/wp-json\/wp\/v2\/comments?post=8562"}],"version-history":[{"count":0,"href":"https:\/\/tecsecmty.com\/index.php\/wp-json\/wp\/v2\/product\/8562\/revisions"}],"wp:featuredmedia":[{"embeddable":true,"href":"https:\/\/tecsecmty.com\/index.php\/wp-json\/wp\/v2\/media\/8561"}],"wp:attachment":[{"href":"https:\/\/tecsecmty.com\/index.php\/wp-json\/wp\/v2\/media?parent=8562"}],"wp:term":[{"taxonomy":"product_brand","embeddable":true,"href":"https:\/\/tecsecmty.com\/index.php\/wp-json\/wp\/v2\/product_brand?post=8562"},{"taxonomy":"product_cat","embeddable":true,"href":"https:\/\/tecsecmty.com\/index.php\/wp-json\/wp\/v2\/product_cat?post=8562"},{"taxonomy":"product_tag","embeddable":true,"href":"https:\/\/tecsecmty.com\/index.php\/wp-json\/wp\/v2\/product_tag?post=8562"}],"curies":[{"name":"wp","href":"https:\/\/api.w.org\/{rel}","templated":true}]}}