{"id":8570,"date":"2023-02-23T22:25:51","date_gmt":"2023-02-24T04:25:51","guid":{"rendered":"https:\/\/tecsecmty.com\/index.php\/producto\/wejoin-wjssbm3-brazo-recto-octagonal-de-3-metros-franjas-reflejantes-con-caucho-inferior-sistema-de-brazo-oscilante-compatible-con-barrera-wejoin-wjcb01svhl13\/"},"modified":"2023-03-22T23:24:55","modified_gmt":"2023-03-23T05:24:55","slug":"wejoin-wjssbm3-brazo-recto-octagonal-de-3-metros-franjas-reflejantes-con-caucho-inferior-sistema-de-brazo-oscilante-compatible-con-barrera-wejoin-wjcb01svhl13","status":"publish","type":"product","link":"https:\/\/tecsecmty.com\/index.php\/producto\/wejoin-wjssbm3-brazo-recto-octagonal-de-3-metros-franjas-reflejantes-con-caucho-inferior-sistema-de-brazo-oscilante-compatible-con-barrera-wejoin-wjcb01svhl13\/","title":{"rendered":"WEJOIN WJSSBM3 &#8211; Brazo Recto Octagonal de 3 metros \/ Franjas Reflejantes \/ Con Caucho Inferior \/ Sistema de Brazo Oscilante \/ Compatible con Barrera Wejoin WJCB01SVHL13"},"content":{"rendered":"<div class=\"row aling-items-center padding-bottom-2x\">\n<div class=\"col-lg-12\">\n<h5 class=\"card-title text-center\">Informaci\u00f3n General<\/h5>\n<h2><strong>Descripci\u00f3n<\/strong><\/h2>\n<p><strong>WEJOIN ARM3M &#8211; Brazo recto de 3 metros \/Caucho inferior \/ Sistema de brazo oscilante<\/strong><\/p>\n<p class=\"ql-align-justify\">El accesorio est\u00e1 hecho de aleaci\u00f3n de aluminio de alta resistencia, incorpora una pel\u00edcula reflectante que tiene la funci\u00f3n de advertencia. Tambi\u00e9n incorpora goma en la parte inferior que sirve para protecci\u00f3n para la barrera y para los veh\u00edculos.<\/p>\n<p class=\"ql-align-justify\">La\u00a0barrera vehicular\u00a0incorpora un soporte oscilante. El brazo se separar\u00e1 del resorte cuando colisiona con una persona o veh\u00edculo. Esto protege y prolonga la vida \u00fatil del mecanismo de la barrera.<\/p>\n<p><img decoding=\"async\" class=\"overview-center-img-web\" src=\"https:\/\/tvc.mx\/media\/242539\/Brazo-Recto-3mts-Caucho-Inferior-Sistema-Oscilante-Descripci%C3%B3n-WJSSBM3-WEJOIN.png\" alt=\"\" \/><\/div>\n<\/div>\n<div class=\"row align-items-center padding-bottom-2x\">\n<div class=\"col-md-5 order-md-2\"><img decoding=\"async\" class=\"d-block m-auto img-thumbnail\" src=\"https:\/\/tvc.mx\/media\/242543\/Brazo-Recto-3mts-Caucho-Inferior-Sistema-Oscilante-Descripci%C3%B3n-Especificaciones-WJSSBM3-WEJOIN.png\" alt=\" \" \/><\/div>\n<div class=\"col-md-7 order-md-1 text-md-left text-center\">\n<h2>Especificaciones<\/h2>\n<p class=\"text-muted\">\n<p>Brazo Brazo recto<\/p>\n<p>Tipo de brazo\u00a0Brazo octagonal peque\u00f1o<\/p>\n<p>Goma de impacto\u00a0S\u00ed<\/p>\n<p>Largo de brazo\u00a03 mts<\/p>\n<p>Dimensiones\u00a0(cm) 300 x 4.5 x 8cm<\/p>\n<p>Peso\u00a03.8 Kg<\/p>\n<p>&nbsp;<\/p>\n<\/div>\n<\/div>\n<hr class=\"padding-bottom-2x\" \/>\n<div class=\"row align-items-center padding-bottom-2x\">\n<div class=\"col-md-5\"><img decoding=\"async\" class=\"d-block m-auto img-thumbnail\" src=\"https:\/\/tvc.mx\/media\/242547\/Brazo-Recto-3mts-Caucho-Inferior-Sistema-Oscilante-Funci%C3%B3n-WJSSBM3-WEJOIN.png\" alt=\" \" \/><\/div>\n<div class=\"col-md-7 text-md-left text-center\">\n<h2>Funci\u00f3n<\/h2>\n<p class=\"text-muted\">\n<p>Esta barrera incorpora un soporte oscilante. El brazo se separar\u00e1 del resorte cuando colisiona con una persona o veh\u00edculo. Esto protege y prolonga la vida \u00fatil del mecanismo de la barrera.<\/p>\n<p><strong>Este brazo solo es compatible con las barreras de 3m 1segundo por la forma, el di\u00e1metro de la pluma y el peso.<\/strong><\/p>\n<p><strong>Para env\u00edos el tiempo de entrega es de 4 a 5 d\u00edas h\u00e1biles, consulta con tu asesor el m\u00e9todo de env\u00edo.<\/strong><\/p>\n<\/div>\n<\/div>\n","protected":false},"excerpt":{"rendered":"<p>Informaci\u00f3n General Descripci\u00f3n WEJOIN ARM3M &#8211; Brazo recto de 3 metros \/Caucho inferior \/ Sistema de brazo oscilante El accesorio est\u00e1 hecho de aleaci\u00f3n de aluminio de alta resistencia, incorpora una pel\u00edcula reflectante que tiene la funci\u00f3n de advertencia. Tambi\u00e9n incorpora goma en la parte&hellip;<\/p>\n","protected":false},"featured_media":8569,"comment_status":"open","ping_status":"closed","template":"","meta":{"om_disable_all_campaigns":false,"_monsterinsights_skip_tracking":false,"_monsterinsights_sitenote_active":false,"_monsterinsights_sitenote_note":"","_monsterinsights_sitenote_category":0},"product_brand":[],"product_cat":[793],"product_tag":[81,727,730,66,731,728,729],"class_list":{"0":"post-8570","1":"product","2":"type-product","3":"status-publish","4":"has-post-thumbnail","6":"product_cat-refacciones-control-acceso-vehicular","7":"product_tag-acceso-y-asistencia","8":"product_tag-cerraduras","9":"product_tag-commax-wulian","10":"product_tag-dahua","11":"product_tag-wejoin","12":"product_tag-yli","13":"product_tag-zkteco","15":"first","16":"instock","17":"sale","18":"taxable","19":"shipping-taxable","20":"purchasable","21":"product-type-simple"},"aioseo_notices":[],"_links":{"self":[{"href":"https:\/\/tecsecmty.com\/index.php\/wp-json\/wp\/v2\/product\/8570","targetHints":{"allow":["GET"]}}],"collection":[{"href":"https:\/\/tecsecmty.com\/index.php\/wp-json\/wp\/v2\/product"}],"about":[{"href":"https:\/\/tecsecmty.com\/index.php\/wp-json\/wp\/v2\/types\/product"}],"replies":[{"embeddable":true,"href":"https:\/\/tecsecmty.com\/index.php\/wp-json\/wp\/v2\/comments?post=8570"}],"version-history":[{"count":0,"href":"https:\/\/tecsecmty.com\/index.php\/wp-json\/wp\/v2\/product\/8570\/revisions"}],"wp:featuredmedia":[{"embeddable":true,"href":"https:\/\/tecsecmty.com\/index.php\/wp-json\/wp\/v2\/media\/8569"}],"wp:attachment":[{"href":"https:\/\/tecsecmty.com\/index.php\/wp-json\/wp\/v2\/media?parent=8570"}],"wp:term":[{"taxonomy":"product_brand","embeddable":true,"href":"https:\/\/tecsecmty.com\/index.php\/wp-json\/wp\/v2\/product_brand?post=8570"},{"taxonomy":"product_cat","embeddable":true,"href":"https:\/\/tecsecmty.com\/index.php\/wp-json\/wp\/v2\/product_cat?post=8570"},{"taxonomy":"product_tag","embeddable":true,"href":"https:\/\/tecsecmty.com\/index.php\/wp-json\/wp\/v2\/product_tag?post=8570"}],"curies":[{"name":"wp","href":"https:\/\/api.w.org\/{rel}","templated":true}]}}