{"id":8592,"date":"2023-02-23T22:26:14","date_gmt":"2023-02-24T04:26:14","guid":{"rendered":"https:\/\/tecsecmty.com\/index.php\/producto\/bosch-a_aimaec21cvt-convertidor-rs485-a-ethernet-compatible-con-sistema-aec21-ofertasaaa\/"},"modified":"2023-03-22T23:20:54","modified_gmt":"2023-03-23T05:20:54","slug":"bosch-a_aimaec21cvt-convertidor-rs485-a-ethernet-compatible-con-sistema-aec21-ofertasaaa","status":"publish","type":"product","link":"https:\/\/tecsecmty.com\/index.php\/producto\/bosch-a_aimaec21cvt-convertidor-rs485-a-ethernet-compatible-con-sistema-aec21-ofertasaaa\/","title":{"rendered":"BOSCH A_AIMAEC21CVT &#8211; Convertidor RS485 a ethernet \/ Compatible con sistema AEC21 #OfertasAAA"},"content":{"rendered":"<div class=\"row aling-items-center padding-bottom-2x\">\n<div class=\"col-lg-12\">\n<p class=\"ql-align-justify\">El sistema Access Easy Controller 2.1 (AEC2.1) es un controlador de accesos de nueva generaci\u00f3n basado en Web IP que combina las exclusivas funciones de un servidor Web embebido, la integraci\u00f3n de CCTV y un sistema de seguridad en una unidad completa. Su intuitiva interfaz de usuario resulta f\u00e1cil de manejar, lo que contribuye a acelerar la curva de aprendizaje y optimizar la experiencia de los clientes. Lo \u00fanico que necesita para disfrutar de toda la potencia que provee el sistema AEC2.1 es el explorador Web incorporado en el sistema operativo de su equipo inform\u00e1tico. Genere reportes, gestione a los usuarios de tarjetas, controle las alarmas del sistema y bloquee o desbloquee puertas de forma remota desde cualquier parte. La facilidad de instalaci\u00f3n y uso del sistema AEC2.1 lo convierten en una soluci\u00f3n \u00f3ptima.<\/p>\n<p><img decoding=\"async\" class=\"overview-center-img- aligncenter\" src=\"https:\/\/tvc.mx\/media\/3116\/Logoopaginas-oficial.png\" alt=\"\" \/><\/div>\n<\/div>\n<div class=\"row aling-items-center padding-bottom-2x\">\n<div class=\"col-lg-12\">\n<p><strong>ElAIM-AEC21-CVT\u00a0<\/strong>RS485 es un dispositivo convertidor serie a Ethernet.<\/p>\n<p>La caja\u00a0<strong>AIM-AEC21-CVT<\/strong>\u00a0viene con el convertidor UDS1100.<\/p>\n<p class=\"ql-align-justify\">El\u00a0<strong>UDS1100<\/strong>\u00a0es un servidor de dispositivos de un solo puerto que proporciona una rentable de llevar las ventajas de la accesibilidad a los datos y la a dispositivos que no est\u00e9n conectados actualmente a una red.<\/p>\n<\/div>\n<\/div>\n","protected":false},"excerpt":{"rendered":"<p>El sistema Access Easy Controller 2.1 (AEC2.1) es un controlador de accesos de nueva generaci\u00f3n basado en Web IP que combina las exclusivas funciones de un servidor Web embebido, la integraci\u00f3n de CCTV y un sistema de seguridad en una unidad completa. Su intuitiva interfaz&hellip;<\/p>\n","protected":false},"featured_media":8591,"comment_status":"open","ping_status":"closed","template":"","meta":{"om_disable_all_campaigns":false,"_monsterinsights_skip_tracking":false,"_monsterinsights_sitenote_active":false,"_monsterinsights_sitenote_note":"","_monsterinsights_sitenote_category":0},"product_brand":[],"product_cat":[800],"product_tag":[81,727,730,66,731,728,729],"class_list":{"0":"post-8592","1":"product","2":"type-product","3":"status-publish","4":"has-post-thumbnail","6":"product_cat-accesorios-control-de-acceso-control-de-acceso-bosch-acceso-asistencia","7":"product_tag-acceso-y-asistencia","8":"product_tag-cerraduras","9":"product_tag-commax-wulian","10":"product_tag-dahua","11":"product_tag-wejoin","12":"product_tag-yli","13":"product_tag-zkteco","15":"first","16":"instock","17":"sale","18":"taxable","19":"shipping-taxable","20":"purchasable","21":"product-type-simple"},"aioseo_notices":[],"_links":{"self":[{"href":"https:\/\/tecsecmty.com\/index.php\/wp-json\/wp\/v2\/product\/8592","targetHints":{"allow":["GET"]}}],"collection":[{"href":"https:\/\/tecsecmty.com\/index.php\/wp-json\/wp\/v2\/product"}],"about":[{"href":"https:\/\/tecsecmty.com\/index.php\/wp-json\/wp\/v2\/types\/product"}],"replies":[{"embeddable":true,"href":"https:\/\/tecsecmty.com\/index.php\/wp-json\/wp\/v2\/comments?post=8592"}],"version-history":[{"count":0,"href":"https:\/\/tecsecmty.com\/index.php\/wp-json\/wp\/v2\/product\/8592\/revisions"}],"wp:featuredmedia":[{"embeddable":true,"href":"https:\/\/tecsecmty.com\/index.php\/wp-json\/wp\/v2\/media\/8591"}],"wp:attachment":[{"href":"https:\/\/tecsecmty.com\/index.php\/wp-json\/wp\/v2\/media?parent=8592"}],"wp:term":[{"taxonomy":"product_brand","embeddable":true,"href":"https:\/\/tecsecmty.com\/index.php\/wp-json\/wp\/v2\/product_brand?post=8592"},{"taxonomy":"product_cat","embeddable":true,"href":"https:\/\/tecsecmty.com\/index.php\/wp-json\/wp\/v2\/product_cat?post=8592"},{"taxonomy":"product_tag","embeddable":true,"href":"https:\/\/tecsecmty.com\/index.php\/wp-json\/wp\/v2\/product_tag?post=8592"}],"curies":[{"name":"wp","href":"https:\/\/api.w.org\/{rel}","templated":true}]}}