{"id":8627,"date":"2023-02-23T22:26:48","date_gmt":"2023-02-24T04:26:48","guid":{"rendered":"https:\/\/tecsecmty.com\/index.php\/producto\/zkteco-vr10-radar-de-deteccion-para-control-de-acceso-vehicular-rango-de-deteccion-de-vehiculos-o-personas-0-6m-ip67-dc-12v-compatible-con-barreras-wejoin-y-zkteco\/"},"modified":"2023-03-22T23:25:36","modified_gmt":"2023-03-23T05:25:36","slug":"zkteco-vr10-radar-de-deteccion-para-control-de-acceso-vehicular-rango-de-deteccion-de-vehiculos-o-personas-0-6m-ip67-dc-12v-compatible-con-barreras-wejoin-y-zkteco","status":"publish","type":"product","link":"https:\/\/tecsecmty.com\/index.php\/producto\/zkteco-vr10-radar-de-deteccion-para-control-de-acceso-vehicular-rango-de-deteccion-de-vehiculos-o-personas-0-6m-ip67-dc-12v-compatible-con-barreras-wejoin-y-zkteco\/","title":{"rendered":"ZKTECO VR10 &#8211; Radar de Detecci\u00f3n para Control de Acceso Vehicular \/ Rango de Detecci\u00f3n de Veh\u00edculos o Personas 0-6m \/ IP67 \/ DC 12V \/ Compatible con Barreras Wejoin y ZKTECO"},"content":{"rendered":"<div class=\"row aling-items-center padding-bottom-2x\">\n<div class=\"col-lg-12\">\n<h5 class=\"card-title text-center\">Informaci\u00f3n General<\/h5>\n<h4><\/h4>\n<p class=\"ql-align-justify\">Evite accidentes ocasionados por errores humanos durante el cierre de la barrera vehicular. El Radar VR10 es<\/p>\n<p class=\"ql-align-justify\">ideal para detectar la presencia de un vehiculo o una persona en el area de movimiento de la barrera vehicular<\/p>\n<p class=\"ql-align-justify\">evitando accidentes durante la operaci\u00f3n, adem\u00e1s realiza el cierrre autom\u00e1tico de la barrera vehicular una vez<\/p>\n<p class=\"ql-align-justify\">que el veh\u00edculo se ha ido. Su funcionamiento simple y f\u00e1cil de instalar permite al instalador disminuir costos y<\/p>\n<p class=\"ql-align-justify\">tiempo durante la instalaci\u00f3n del sistema comparado con los detectores de vehiculos tradicionales.<\/p>\n<p><img decoding=\"async\" class=\"overview-center-img-web\" src=\"https:\/\/tvc.mx\/media\/630158\/Radar-de-Detecci%C3%B3n-Vehiculo-Personas-0-6mts-Descripci%C3%B3n-VR10-ZKTECO.png\" alt=\"\" \/><\/div>\n<\/div>\n<div class=\"row align-items-center padding-bottom-2x\">\n<div class=\"col-md-5\"><img decoding=\"async\" class=\"d-block m-auto img-thumbnail\" src=\"https:\/\/tvc.mx\/media\/630162\/Radar-de-Detecci%C3%B3n-Vehiculo-Personas-0-6mts-Caracter%C3%ADsticas--VR10-ZKTECO.png\" alt=\" \" \/><\/div>\n<div class=\"col-md-7 text-md-left text-center\">\n<h2>Caracter\u00edsticas principales<\/h2>\n<p class=\"text-muted\">\n<ul>\n<li>Un solo dispositivo permite la detecci\u00f3n segura de personas y veh\u00edculos.<\/li>\n<li>R\u00e1pida instalaci\u00f3n y puesta en marcha, permite ahorro en mano de obra y costo de materiales.<\/li>\n<li>Rendimiento estable, ideal para todo tipo de climas.<\/li>\n<li>Distancia de detecci\u00f3n confifigurable de 0 hasta 6 metros.<\/li>\n<li>F\u00e1cil de confifigurar mediante una aplicaci\u00f3n para PC. El VR10 viene equipado con un puerto de<\/li>\n<\/ul>\n<p>comunicaciones RS485.<\/p>\n<p>&nbsp;<\/p>\n<\/div>\n<\/div>\n<hr class=\"padding-bottom-2x\" \/>\n<div class=\"row align-items-center padding-bottom-2x\">\n<div class=\"col-md-5 order-md-2\"><img decoding=\"async\" class=\"d-block m-auto img-thumbnail\" src=\"https:\/\/tvc.mx\/media\/499496\/Radar-de-Detecci%C3%B3n-Acceso-Vehicular-0-6mts-BT-IP67-Especificaciones-VR10PRO-ZKTECO.png\" alt=\" \" \/><\/div>\n<div class=\"col-md-7 order-md-1 text-md-left text-center\">\n<h2>Especificaciones T\u00e9cnicas<\/h2>\n<p class=\"text-muted\">\n<ul>\n<li><strong>Modelo<\/strong>: VR10PRO<\/li>\n<li><strong>Distancia de detecci\u00f3n: 0<\/strong>1m a 6 metros<\/li>\n<li><strong>Frecuencia de trabajo:<\/strong>\u00a079GHz<\/li>\n<li><strong>Corriente de trabajo:<\/strong>\u00a00.2A<\/li>\n<li><strong>Consumo de energ\u00eda:<\/strong>\u00a0\u2264 2,5 W<\/li>\n<li><strong>Salida de potencia del transmisor:<\/strong>\u00a012.5dBm<\/li>\n<li><strong>Ganancia de antena:<\/strong>\u00a010dBi<\/li>\n<li><strong>Interfaz:<\/strong>\u00a0RS485, Rel\u00e9<\/li>\n<li><strong>Dimensiones del producto (mm):<\/strong>\u00a0107,5*73,2*18<\/li>\n<li><strong>Dimensiones del paquete (mm):<\/strong>\u00a0166*94*97<\/li>\n<li><strong>Peso Neto:<\/strong>\u00a0228.4g<\/li>\n<li><strong>Temperatura de trabajo:<\/strong>\u00a0-40\u00b0C a 85\u00b0C<\/li>\n<li><strong>Norma de protecci\u00f3n:<\/strong>\u00a0IP67<\/li>\n<\/ul>\n<\/div>\n<\/div>\n","protected":false},"excerpt":{"rendered":"<p>Informaci\u00f3n General Evite accidentes ocasionados por errores humanos durante el cierre de la barrera vehicular. El Radar VR10 es ideal para detectar la presencia de un vehiculo o una persona en el area de movimiento de la barrera vehicular evitando accidentes durante la operaci\u00f3n, adem\u00e1s&hellip;<\/p>\n","protected":false},"featured_media":8626,"comment_status":"open","ping_status":"closed","template":"","meta":{"om_disable_all_campaigns":false,"_monsterinsights_skip_tracking":false,"_monsterinsights_sitenote_active":false,"_monsterinsights_sitenote_note":"","_monsterinsights_sitenote_category":0},"product_brand":[],"product_cat":[798],"product_tag":[81,727,730,66,731,728,729],"class_list":{"0":"post-8627","1":"product","2":"type-product","3":"status-publish","4":"has-post-thumbnail","6":"product_cat-accesorios-control-de-acceso-control-de-acceso-zkteco-acceso-asistencia","7":"product_tag-acceso-y-asistencia","8":"product_tag-cerraduras","9":"product_tag-commax-wulian","10":"product_tag-dahua","11":"product_tag-wejoin","12":"product_tag-yli","13":"product_tag-zkteco","15":"first","16":"instock","17":"sale","18":"taxable","19":"shipping-taxable","20":"purchasable","21":"product-type-simple"},"aioseo_notices":[],"_links":{"self":[{"href":"https:\/\/tecsecmty.com\/index.php\/wp-json\/wp\/v2\/product\/8627","targetHints":{"allow":["GET"]}}],"collection":[{"href":"https:\/\/tecsecmty.com\/index.php\/wp-json\/wp\/v2\/product"}],"about":[{"href":"https:\/\/tecsecmty.com\/index.php\/wp-json\/wp\/v2\/types\/product"}],"replies":[{"embeddable":true,"href":"https:\/\/tecsecmty.com\/index.php\/wp-json\/wp\/v2\/comments?post=8627"}],"version-history":[{"count":0,"href":"https:\/\/tecsecmty.com\/index.php\/wp-json\/wp\/v2\/product\/8627\/revisions"}],"wp:featuredmedia":[{"embeddable":true,"href":"https:\/\/tecsecmty.com\/index.php\/wp-json\/wp\/v2\/media\/8626"}],"wp:attachment":[{"href":"https:\/\/tecsecmty.com\/index.php\/wp-json\/wp\/v2\/media?parent=8627"}],"wp:term":[{"taxonomy":"product_brand","embeddable":true,"href":"https:\/\/tecsecmty.com\/index.php\/wp-json\/wp\/v2\/product_brand?post=8627"},{"taxonomy":"product_cat","embeddable":true,"href":"https:\/\/tecsecmty.com\/index.php\/wp-json\/wp\/v2\/product_cat?post=8627"},{"taxonomy":"product_tag","embeddable":true,"href":"https:\/\/tecsecmty.com\/index.php\/wp-json\/wp\/v2\/product_tag?post=8627"}],"curies":[{"name":"wp","href":"https:\/\/api.w.org\/{rel}","templated":true}]}}