{"id":8629,"date":"2023-02-23T22:26:49","date_gmt":"2023-02-24T04:26:49","guid":{"rendered":"https:\/\/tecsecmty.com\/index.php\/producto\/zkteco-vr10-pro-radar-de-deteccion-para-control-de-acceso-vehicular-rango-de-deteccion-de-vehiculos-o-personas-0-6m-bluetooth-rs485-ip67-dc-12v-compatible-con-barreras-wejoin-y-zkteco\/"},"modified":"2023-03-22T23:25:36","modified_gmt":"2023-03-23T05:25:36","slug":"zkteco-vr10-pro-radar-de-deteccion-para-control-de-acceso-vehicular-rango-de-deteccion-de-vehiculos-o-personas-0-6m-bluetooth-rs485-ip67-dc-12v-compatible-con-barreras-wejoin-y-zkteco","status":"publish","type":"product","link":"https:\/\/tecsecmty.com\/index.php\/producto\/zkteco-vr10-pro-radar-de-deteccion-para-control-de-acceso-vehicular-rango-de-deteccion-de-vehiculos-o-personas-0-6m-bluetooth-rs485-ip67-dc-12v-compatible-con-barreras-wejoin-y-zkteco\/","title":{"rendered":"ZKTECO VR10 PRO &#8211; Radar de Detecci\u00f3n para Control de Acceso Vehicular \/ Rango de Detecci\u00f3n de Veh\u00edculos o Personas 0-6m \/ Bluetooth \/ RS485 \/ IP67 \/ DC 12V \/ Compatible con Barreras Wejoin y ZKTECO"},"content":{"rendered":"<div class=\"row aling-items-center padding-bottom-2x\">\n<div class=\"col-lg-12\">\n<h5 class=\"card-title text-center\">Informaci\u00f3n General<\/h5>\n<h1><\/h1>\n<p>El radar de detecci\u00f3n de barrera\u00a0<strong>VR10<\/strong>\u00a0est\u00e1 desarrollado para satisfacer las necesidades de gesti\u00f3n de entrada y salida de estacionamientos. Con algoritmos precisos, puede detectar e identificar a los peatones y varios veh\u00edculos (motocicletas, autom\u00f3viles, camiones). Mediante el enlace con el tablero principal de la barrera, puede lograr funciones anti-impacto y de cierre autom\u00e1tico que podr\u00edan proteger bien a los veh\u00edculos y a las personas. en comparaci\u00f3n con el detector de bucle, tambi\u00e9n tiene una instalaci\u00f3n y puesta en servicio m\u00e1s f\u00e1ciles.<\/p>\n<h1><strong>Caracter\u00edsticas<\/strong><\/h1>\n<ul data-checked=\"false\">\n<li>Ayuda a detectar veh\u00edculos y personas al mismo tiempo<\/li>\n<li>Un solo dispositivo permite la detecci\u00f3n segura de personas y veh\u00edculos.<\/li>\n<li>Admite comunicaci\u00f3n Bluetooth, lo que permite actualizar y depurar con una aplicaci\u00f3n m\u00f3vil (Radar Assistant)<\/li>\n<li>F\u00e1cil instalaci\u00f3n y depuraci\u00f3n, ahorrando mano de obra y costos de material<\/li>\n<li>Rendimiento estable, el trabajo del radar no se ve afectado por el entorno externo, como la luz, el polvo, la lluvia y la nieve<\/li>\n<li>La distancia de detecci\u00f3n se puede ajustar en el rango de 0-6 m<\/li>\n<li>F\u00e1cil de configurar mediante una aplicaci\u00f3n para PC. El VR10 viene equipado con un puerto de comunicaciones RS485.<\/li>\n<\/ul>\n<h1>Para poder realizar la programaci\u00f3n del VR10 es necesario un adaptador RS485 a USB<\/h1>\n<h4><strong>Descarga\u00a0<\/strong><a href=\"https:\/\/soporte.tvc.mx\/Ingenieria\/ZK\/SOFTWARE\/Software-VR10-ZKTeco.zip\" target=\"_blank\" rel=\"noopener\"><strong>Aqu\u00ed<\/strong><\/a>\u00a0<strong>el Software de Administraci\u00f3n.<\/strong><\/h4>\n<p><img decoding=\"async\" class=\"overview-center-img-web\" src=\"https:\/\/tvc.mx\/media\/42255\/servo-zk-vanner.jpg\" alt=\"\" \/><\/div>\n<\/div>\n<div class=\"row align-items-center padding-bottom-2x\">\n<div class=\"col-md-5 order-md-2\"><img decoding=\"async\" class=\"d-block m-auto img-thumbnail\" src=\"https:\/\/tvc.mx\/media\/552995\/Radar-de-Detecci%C3%B3n-Acceso-Vehicular-0-6mts-BT-IP67-Introducci%C3%B3n-app-radar-VR10-ZKTECO.png\" alt=\" \" \/><\/div>\n<div class=\"col-md-7 order-md-1 text-md-left text-center\">\n<h2>Introducci\u00f3n de la aplicaci\u00f3n Radar (Asistente de radar)<\/h2>\n<p class=\"text-muted\">\n<ul>\n<li>Soporta sistemas Android e iOS<\/li>\n<li>Conexi\u00f3n en un clic con el radar en un m\u00f3vil tel\u00e9fono por bluetooth<\/li>\n<li>La distancia de comunicaci\u00f3n Bluetooth var\u00eda de 3 m a 5 m<\/li>\n<li>La distancia de detecci\u00f3n de radar, grabaci\u00f3n de fondo, radar<\/li>\n<li>Se puede configurar el estado, el reinicio del radar y otros par\u00e1metros con la aplicaci\u00f3n m\u00f3vil<\/li>\n<li>La actualizaci\u00f3n del firmware se puede hacer con la aplicaci\u00f3n<\/li>\n<\/ul>\n<p>&nbsp;<\/p>\n<\/div>\n<\/div>\n<hr class=\"padding-bottom-2x\" \/>\n<div class=\"row align-items-center padding-bottom-2x\">\n<div class=\"col-md-5\"><img decoding=\"async\" class=\"d-block m-auto img-thumbnail\" src=\"https:\/\/tvc.mx\/media\/553003\/Radar-de-Detecci%C3%B3n-Acceso-Vehicular-0-6mts-BT-IP67-QR-Descarga-VR10-ZKTECO.png\" alt=\" \" \/><\/div>\n<div class=\"col-md-7 text-md-left text-center\">\n<h2>Instalaci\u00f3n de la aplicaci\u00f3n<\/h2>\n<p class=\"text-muted\">\n<p>Descargue e instale la aplicaci\u00f3n en el tel\u00e9fono<\/p>\n<p>1. Si el sistema del tel\u00e9fono es Android, escanee el c\u00f3digo QR usando el navegador, descargando e instalando la aplicaci\u00f3n.<\/p>\n<p>iOS: vaya a la App Store y busque \u00abRadar Asistente\u00bb para descargarlo<\/p>\n<p>&nbsp;<\/p>\n<\/div>\n<\/div>\n<hr class=\"padding-bottom-2x\" \/>\n<div class=\"row align-items-center padding-bottom-2x\">\n<div class=\"col-md-5 order-md-2\"><img decoding=\"async\" class=\"d-block m-auto img-thumbnail\" src=\"https:\/\/tvc.mx\/media\/76167\/DIMENSIONES-VR10.jpg\" alt=\" \" \/><\/div>\n<div class=\"col-md-7 order-md-1 text-md-left text-center\">\n<h2>Especificaciones<\/h2>\n<p class=\"text-muted\">\n<ul>\n<li><strong>Modelo:\u00a0<\/strong>VR10<\/li>\n<li><strong>Distancia de detecci\u00f3n:\u00a0<\/strong>0-6 mts<\/li>\n<li><strong>Frecuencia de trabajo:\u00a0<\/strong>79 GHz<\/li>\n<li><strong>Voltaje de trabajo (V):\u00a0<\/strong>DC 10-16V<\/li>\n<li><strong>Corriente de trabajo:\u00a0<\/strong>0.2A<\/li>\n<li><strong>Temperatura de trabajo (\u00b0 C):\u00a0<\/strong>-40\u00b0C~85\u00b0C<\/li>\n<li><strong>Consumo de energ\u00eda (W):\u00a0<\/strong>&lt; 2.5<\/li>\n<li><strong>Indice de Protecci\u00f3n:\u00a0<\/strong>IP67<\/li>\n<li><strong>Interfaz:\u00a0<\/strong>Rs485. Relay<\/li>\n<li><strong>Tama\u00f1o de la carcasa (mm):\u00a0<\/strong>107.5 x 73.2 x 18<\/li>\n<li><strong>\u00a0Dimensiones del paquete (mm):\u00a0<\/strong>166 x 94 x 97<\/li>\n<li><strong>Peso neto:\u00a0<\/strong>228.4g<\/li>\n<\/ul>\n<\/div>\n<\/div>\n","protected":false},"excerpt":{"rendered":"<p>Informaci\u00f3n General El radar de detecci\u00f3n de barrera\u00a0VR10\u00a0est\u00e1 desarrollado para satisfacer las necesidades de gesti\u00f3n de entrada y salida de estacionamientos. Con algoritmos precisos, puede detectar e identificar a los peatones y varios veh\u00edculos (motocicletas, autom\u00f3viles, camiones). Mediante el enlace con el tablero principal de&hellip;<\/p>\n","protected":false},"featured_media":8628,"comment_status":"open","ping_status":"closed","template":"","meta":{"om_disable_all_campaigns":false,"_monsterinsights_skip_tracking":false,"_monsterinsights_sitenote_active":false,"_monsterinsights_sitenote_note":"","_monsterinsights_sitenote_category":0},"product_brand":[],"product_cat":[798],"product_tag":[81,727,730,66,731,728,729],"class_list":{"0":"post-8629","1":"product","2":"type-product","3":"status-publish","4":"has-post-thumbnail","6":"product_cat-accesorios-control-de-acceso-control-de-acceso-zkteco-acceso-asistencia","7":"product_tag-acceso-y-asistencia","8":"product_tag-cerraduras","9":"product_tag-commax-wulian","10":"product_tag-dahua","11":"product_tag-wejoin","12":"product_tag-yli","13":"product_tag-zkteco","15":"first","16":"instock","17":"sale","18":"taxable","19":"shipping-taxable","20":"purchasable","21":"product-type-simple"},"aioseo_notices":[],"_links":{"self":[{"href":"https:\/\/tecsecmty.com\/index.php\/wp-json\/wp\/v2\/product\/8629","targetHints":{"allow":["GET"]}}],"collection":[{"href":"https:\/\/tecsecmty.com\/index.php\/wp-json\/wp\/v2\/product"}],"about":[{"href":"https:\/\/tecsecmty.com\/index.php\/wp-json\/wp\/v2\/types\/product"}],"replies":[{"embeddable":true,"href":"https:\/\/tecsecmty.com\/index.php\/wp-json\/wp\/v2\/comments?post=8629"}],"version-history":[{"count":0,"href":"https:\/\/tecsecmty.com\/index.php\/wp-json\/wp\/v2\/product\/8629\/revisions"}],"wp:featuredmedia":[{"embeddable":true,"href":"https:\/\/tecsecmty.com\/index.php\/wp-json\/wp\/v2\/media\/8628"}],"wp:attachment":[{"href":"https:\/\/tecsecmty.com\/index.php\/wp-json\/wp\/v2\/media?parent=8629"}],"wp:term":[{"taxonomy":"product_brand","embeddable":true,"href":"https:\/\/tecsecmty.com\/index.php\/wp-json\/wp\/v2\/product_brand?post=8629"},{"taxonomy":"product_cat","embeddable":true,"href":"https:\/\/tecsecmty.com\/index.php\/wp-json\/wp\/v2\/product_cat?post=8629"},{"taxonomy":"product_tag","embeddable":true,"href":"https:\/\/tecsecmty.com\/index.php\/wp-json\/wp\/v2\/product_tag?post=8629"}],"curies":[{"name":"wp","href":"https:\/\/api.w.org\/{rel}","templated":true}]}}