{"id":8674,"date":"2023-02-23T22:27:40","date_gmt":"2023-02-24T04:27:40","guid":{"rendered":"https:\/\/tecsecmty.com\/index.php\/producto\/bosch-a_ardfpbew2h2-lector-de-huellas-dactilares-multiclass\/"},"modified":"2023-03-22T23:21:00","modified_gmt":"2023-03-23T05:21:00","slug":"bosch-a_ardfpbew2h2-lector-de-huellas-dactilares-multiclass","status":"publish","type":"product","link":"https:\/\/tecsecmty.com\/index.php\/producto\/bosch-a_ardfpbew2h2-lector-de-huellas-dactilares-multiclass\/","title":{"rendered":"BOSCH A_ARDFPBEW2H2- LECTOR DE HUELLAS DACTILARES MULTICLASS"},"content":{"rendered":"<h5 class=\"card-title text-center\">Lector huellas dactilares ARD-FPBEW2-H2<\/h5>\n<p class=\"ql-align-justify\"><strong>Descripci\u00f3n del sistema<\/strong><\/p>\n<p class=\"ql-align-justify\">BioEntry W2 proporciona un rendimiento de lectura l\u00edder en su categor\u00eda que mejora la experiencia de los usuarios ofreci\u00e9ndoles una coincidencia y una respuesta r\u00e1pidas.<\/p>\n<p class=\"ql-align-justify\">La integraci\u00f3n con los sistemas de gesti\u00f3n AMS y BIS\/ACE ofrece la m\u00e1xima comodidad gracias al registro de huellas dactilares y a la gesti\u00f3n de los datos del titular de la tarjeta en un solo sistema. Para garantizar la privacidad y la protecci\u00f3n de los datos, las plantillas de huellas dactilares se pueden almacenar de forma segura en la base de datos del sistema de gesti\u00f3n. Esto tambi\u00e9n garantiza, si las condiciones de instalaci\u00f3n son adecuadas, una rapidez de lectura de menos de 1 segundo para buscar una coincidencia 1:1 (tarjeta m\u00e1s huella dactilar). BioEntry W2 puede soportar un alto nivel de impacto, lo que lo convierte en un dispositivo antivand\u00e1lico. Con una protecci\u00f3n de entrada de grado IP 67, BioEntry W2 es una soluci\u00f3n perfecta para aplicaciones de exterior. El dispositivo proporciona una excelente protecci\u00f3n contra la entrada de humedad, polvo e incluso l\u00edquidos. BioEntry W2, equipado con tecnolog\u00eda RFID de frecuencia dual, es compatible con los est\u00e1ndares RFID de baja frecuencia (125 kHz) y alta frecuencia (13,56 MHz) y admite el uso de la huella dactilar como credencial. BioEntry W2 es compatible con la mayor\u00eda de los tipos de est\u00e1ndares de tarjetas RFID con un solo dispositivo, incluidos MIFARE, HID iCLASS, DESFire, HID Prox y EM.<\/p>\n<p class=\"ql-align-justify\">BioEntry W2 cuenta con tecnolog\u00eda de prevenci\u00f3n de huella dactilar falsa. Mediante el patr\u00f3n din\u00e1mico, la funci\u00f3n de autenticidad y el an\u00e1lisis de rasgos antinaturales, el motor bloquea las huellas dactilares falsas hechas de distintos materiales, como arcilla, goma, pegamento, papel, pel\u00edcula y otros. BioEntry W2 puede leer credenciales MIFARE codificadas por Bosch, lo que garantiza una configuraci\u00f3n sencilla y un alto nivel de seguridad.<\/p>\n<p class=\"ql-align-justify\"><strong>Certificaciones y aprobaciones<\/strong><\/p>\n<p class=\"ql-align-justify\">Regi\u00f3n y Marcas de calidad\/cumplimiento normativo:<\/p>\n<p class=\"ql-align-justify\"><strong>Corea<\/strong><\/p>\n<ul>\n<li class=\"ql-align-justify\">KCC Korea Certification Mark.<\/li>\n<\/ul>\n<p class=\"ql-align-justify\"><strong>Europa<\/strong><\/p>\n<ul>\n<li class=\"ql-align-justify\">CE Declaration of Conformity.<\/li>\n<\/ul>\n<p class=\"ql-align-justify\"><strong>EE. UU.<\/strong><\/p>\n<ul>\n<li class=\"ql-align-justify\">UL 294 Certified FCC FCC Compliance.<\/li>\n<\/ul>\n<p class=\"ql-align-justify\"><strong>Notas de configuraci\u00f3n\/instalaci\u00f3n<\/strong><\/p>\n<p class=\"ql-align-justify\">Gracias a los distintos modos de configuraci\u00f3n del control de acceso, el uso de este lector de huellas dactilares resulta muy flexible. La configuraci\u00f3n incluye cuatro modos de acceso diferentes para el usuario:<\/p>\n<ul>\n<li class=\"ql-align-justify\">Tarjeta m\u00e1s huella dactilar.<\/li>\n<li class=\"ql-align-justify\">Tarjeta o huella dactilar.<\/li>\n<li class=\"ql-align-justify\">Solo tarjeta.<\/li>\n<li class=\"ql-align-justify\">Solo huella dactilar.<\/li>\n<\/ul>\n<p class=\"ql-align-justify\">Mediante la extracci\u00f3n de puntos caracter\u00edsticos (minutiae), las im\u00e1genes de las huellas dactilares se convierten en plantillas algor\u00edtmicas que se pueden almacenar en el lector o en la base de datos de Microsoft SQL Server segura del sistema de gesti\u00f3n. BioEntry W2 incluye una interfaz TCP\/IP y dos opciones de instalaci\u00f3n que se pueden usar con AMC2 (RS-485 o Wiegand), lo que proporciona una flexibilidad superior para distintos entornos.<\/p>\n<p class=\"ql-align-justify\"><strong>Piezas incluidas<\/strong><\/p>\n<p class=\"ql-align-justify\"><strong>Cantidad Componente<\/strong><\/p>\n<ul>\n<li class=\"ql-align-justify\">1 Lector de huellas digitales.<\/li>\n<li class=\"ql-align-justify\">1 Material de montaje.<\/li>\n<li class=\"ql-align-justify\">1 Manual de instalaci\u00f3n.<\/li>\n<\/ul>\n<p class=\"ql-align-justify\"><strong>Nota: Lector huellas dactilares ARD-FPBEW2-H2<\/strong><\/p>\n<p class=\"ql-align-justify\"><strong>Lector huellas dactilares, Multiclass Lector de huellas dactilares, 5,0 x 17,2 x 4,3 cm, 251 g netos.<\/strong><\/p>\n<p class=\"ql-align-justify\"><strong>N\u00famero de pedido: ARD-FPBEW2-H2.<\/strong><\/p>\n<p class=\"ql-align-justify\"><strong>Principales caracter\u00edsticas<\/strong><\/p>\n<ul>\n<li class=\"ql-align-justify\">Rendimiento de lectura l\u00edder en su categor\u00eda con la potente tecnolog\u00eda de CPU quad-core.<\/li>\n<li class=\"ql-align-justify\">Resistente carcasa con clasificaci\u00f3n IP 67\/IK 09 para instalaciones en entorno duros y en exteriores.<\/li>\n<li class=\"ql-align-justify\">Flexibilidad mediante la compatibilidad con varias tarjetas basada en la tecnolog\u00eda RFID de frecuencia dual.<\/li>\n<li class=\"ql-align-justify\">Integraci\u00f3n con AMS y BIS\/ACE 4.5 (y versiones posteriores) para facilitar el registro y la configuraci\u00f3n de plantillas de huellas dactilares y datos de la tarjeta.<\/li>\n<\/ul>\n<p class=\"ql-align-justify\"><strong>Especificaciones<\/strong><\/p>\n<p class=\"ql-align-justify\"><strong>Generales<\/strong><\/p>\n<ul>\n<li class=\"ql-align-justify\">Biom\u00e9tricas: Huella dactilar<\/li>\n<\/ul>\n<p class=\"ql-align-justify\"><strong>Plantillas de almacenamiento<\/strong><\/p>\n<ul>\n<li class=\"ql-align-justify\">Plantilla en el dispositivo.<\/li>\n<li class=\"ql-align-justify\">Plantilla en la base de datos segura de AMS o BIS\/ACE.<\/li>\n<\/ul>\n<p class=\"ql-align-justify\"><strong>Modos de acceso<\/strong><\/p>\n<ul>\n<li class=\"ql-align-justify\">Huella dactilar m\u00e1s tarjeta.<\/li>\n<li class=\"ql-align-justify\">Huella dactilar o tarjeta.<\/li>\n<li class=\"ql-align-justify\">Solo tarjeta.<\/li>\n<\/ul>\n<p class=\"ql-align-justify\"><strong>Solo huella dactilar N.\u00ba m\u00e1ximo de usuarios<\/strong><\/p>\n<ul>\n<li class=\"ql-align-justify\">400.000 (coincidencia 1:1).<\/li>\n<li class=\"ql-align-justify\">100.000 (coincidencia 1:n).<\/li>\n<\/ul>\n<p class=\"ql-align-justify\"><strong>N.\u00ba m\u00e1ximo de plantillas en la base de datos<\/strong><\/p>\n<ul>\n<li class=\"ql-align-justify\">4.000.000 (10 plantillas por persona; coincidencia 1:1)<\/li>\n<\/ul>\n<p class=\"ql-align-justify\"><strong>Compatibilidad con tarjetas<\/strong><\/p>\n<ul>\n<li class=\"ql-align-justify\">EM (esquema de codificaci\u00f3n est\u00e1ndar de 26 bits).<\/li>\n<li class=\"ql-align-justify\">HID Prox (esquema de codificaci\u00f3n est\u00e1ndar de 26\/37 bits).<\/li>\n<li class=\"ql-align-justify\">MIFARE classic (ISO 14443A CSN\/c\u00f3digo de Bosch).<\/li>\n<li class=\"ql-align-justify\">MIFARE DESFire EV1 (ISO 14443A CSN\/c\u00f3digo de Bosch).<\/li>\n<li class=\"ql-align-justify\">iCLASS (esquema de codificaci\u00f3n est\u00e1ndar de 26\/37 bits).<\/li>\n<li class=\"ql-align-justify\">HID Corporate-1000 (esquema de codificaci\u00f3n est\u00e1ndar de 35\/48 bits).<\/li>\n<li class=\"ql-align-justify\">iCLASS SE (SIO [Secure Identity Object] de 26\/37 bits).<\/li>\n<li class=\"ql-align-justify\">iCLASS Seos (SIO [Security Identity Object] de 26\/37 bits).<\/li>\n<\/ul>\n<p class=\"ql-align-justify\"><strong>Datos el\u00e9ctricos<\/strong><\/p>\n<ul>\n<li class=\"ql-align-justify\">Tensi\u00f3n de funcionamiento 12 V CC Consumo de corriente M\u00e1x. 600 mA (pico)<\/li>\n<\/ul>\n<p class=\"ql-align-justify\">Memoria<\/p>\n<ul>\n<li class=\"ql-align-justify\">2 GB de memoria Flash .<\/li>\n<li class=\"ql-align-justify\">256 MB de RAM CPU Quad Core de 1,2 GHz Sonido Zumbador multitono.<\/li>\n<\/ul>\n<p class=\"ql-align-justify\"><strong>Detecci\u00f3n de sabotaje Compatible Interfaces<\/strong><\/p>\n<ul>\n<li class=\"ql-align-justify\">Ethernet (TCP\/IP 10\/100 Mbps) con PoE (IEEE 802.3af).<\/li>\n<li class=\"ql-align-justify\">RS-485 (OSDP v2).<\/li>\n<li class=\"ql-align-justify\">Wiegand.<\/li>\n<\/ul>\n<p class=\"ql-align-justify\"><strong>Datos mec\u00e1nicos<\/strong><\/p>\n<ul>\n<li class=\"ql-align-justify\">Material de la carcasa Policarbonato.<\/li>\n<li class=\"ql-align-justify\">Dimensiones (al. \u00d7 an. \u00d7 pr.) 50 mm x 172 mm x 38,2 mm (parte superior) 50 mm x 172 mm x 43,5 mm (parte inferior).<\/li>\n<li class=\"ql-align-justify\">Peso 251 g.<\/li>\n<li class=\"ql-align-justify\">Color Plateado\/negro.<\/li>\n<li class=\"ql-align-justify\">Color del LED Multicolor.<\/li>\n<\/ul>\n<p class=\"ql-align-justify\"><strong>Aspectos ambientales<\/strong><\/p>\n<ul>\n<li class=\"ql-align-justify\">Protecci\u00f3n contra impactos IK 09.<\/li>\n<li class=\"ql-align-justify\">Calificaci\u00f3n ambiental IP 67.<\/li>\n<li class=\"ql-align-justify\">Temperatura de funcionamiento: De -20 \u00b0C a +50 \u00b0C (de -4 \u00b0F a 122 \u00b0F).<\/li>\n<li class=\"ql-align-justify\">Humedad: Del 0 al 80 %, sin agua de condensaci\u00f3n.<\/li>\n<\/ul>\n<p><img decoding=\"async\" class=\"overview-center-img-web\" src=\"https:\/\/tvc.mx\/media\/41610\/Logoopaginas-oficial-1920x400.png\" alt=\"\" \/><\/p>\n","protected":false},"excerpt":{"rendered":"<p>Lector huellas dactilares ARD-FPBEW2-H2 Descripci\u00f3n del sistema BioEntry W2 proporciona un rendimiento de lectura l\u00edder en su categor\u00eda que mejora la experiencia de los usuarios ofreci\u00e9ndoles una coincidencia y una respuesta r\u00e1pidas. La integraci\u00f3n con los sistemas de gesti\u00f3n AMS y BIS\/ACE ofrece la m\u00e1xima&hellip;<\/p>\n","protected":false},"featured_media":8673,"comment_status":"open","ping_status":"closed","template":"","meta":{"om_disable_all_campaigns":false,"_monsterinsights_skip_tracking":false,"_monsterinsights_sitenote_active":false,"_monsterinsights_sitenote_note":"","_monsterinsights_sitenote_category":0},"product_brand":[],"product_cat":[808],"product_tag":[81,727,730,66,731,728,729],"class_list":{"0":"post-8674","1":"product","2":"type-product","3":"status-publish","4":"has-post-thumbnail","6":"product_cat-lectoras-biometricas-control-de-acceso-bosch-acceso-asistencia","7":"product_tag-acceso-y-asistencia","8":"product_tag-cerraduras","9":"product_tag-commax-wulian","10":"product_tag-dahua","11":"product_tag-wejoin","12":"product_tag-yli","13":"product_tag-zkteco","15":"first","16":"instock","17":"sale","18":"taxable","19":"shipping-taxable","20":"purchasable","21":"product-type-simple"},"aioseo_notices":[],"_links":{"self":[{"href":"https:\/\/tecsecmty.com\/index.php\/wp-json\/wp\/v2\/product\/8674","targetHints":{"allow":["GET"]}}],"collection":[{"href":"https:\/\/tecsecmty.com\/index.php\/wp-json\/wp\/v2\/product"}],"about":[{"href":"https:\/\/tecsecmty.com\/index.php\/wp-json\/wp\/v2\/types\/product"}],"replies":[{"embeddable":true,"href":"https:\/\/tecsecmty.com\/index.php\/wp-json\/wp\/v2\/comments?post=8674"}],"version-history":[{"count":0,"href":"https:\/\/tecsecmty.com\/index.php\/wp-json\/wp\/v2\/product\/8674\/revisions"}],"wp:featuredmedia":[{"embeddable":true,"href":"https:\/\/tecsecmty.com\/index.php\/wp-json\/wp\/v2\/media\/8673"}],"wp:attachment":[{"href":"https:\/\/tecsecmty.com\/index.php\/wp-json\/wp\/v2\/media?parent=8674"}],"wp:term":[{"taxonomy":"product_brand","embeddable":true,"href":"https:\/\/tecsecmty.com\/index.php\/wp-json\/wp\/v2\/product_brand?post=8674"},{"taxonomy":"product_cat","embeddable":true,"href":"https:\/\/tecsecmty.com\/index.php\/wp-json\/wp\/v2\/product_cat?post=8674"},{"taxonomy":"product_tag","embeddable":true,"href":"https:\/\/tecsecmty.com\/index.php\/wp-json\/wp\/v2\/product_tag?post=8674"}],"curies":[{"name":"wp","href":"https:\/\/api.w.org\/{rel}","templated":true}]}}