{"id":8683,"date":"2023-02-23T22:27:47","date_gmt":"2023-02-24T04:27:47","guid":{"rendered":"https:\/\/tecsecmty.com\/index.php\/producto\/dahua-asi6213j-ft1-control-de-acceso-facial-con-medicion-de-temperatura-pantalla-de-4-3-pulgadas-distancia-de-reconocimiento-facial-de-3-a-1-5-metros-velocidad-de-0-2-segundos-6000-rostros-600\/"},"modified":"2023-03-22T23:22:20","modified_gmt":"2023-03-23T05:22:20","slug":"dahua-asi6213j-ft1-control-de-acceso-facial-con-medicion-de-temperatura-pantalla-de-4-3-pulgadas-distancia-de-reconocimiento-facial-de-3-a-1-5-metros-velocidad-de-0-2-segundos-6000-rostros-600","status":"publish","type":"product","link":"https:\/\/tecsecmty.com\/index.php\/producto\/dahua-asi6213j-ft1-control-de-acceso-facial-con-medicion-de-temperatura-pantalla-de-4-3-pulgadas-distancia-de-reconocimiento-facial-de-3-a-1-5-metros-velocidad-de-0-2-segundos-6000-rostros-600\/","title":{"rendered":"DAHUA ASI6213J-FT1- Control de Acceso Facial\/ Con Medici\u00f3n de Temperatura\/ Pantalla de 4.3 Pulgadas\/ Distancia de Reconocimiento Facial de .3 a 1.5 Metros\/ Velocidad de 0.2 Segundos\/ 6000 Rostros\/ 6000 Usuarios\/ Soporta Tarjeta y Password\/"},"content":{"rendered":"<div class=\"row aling-items-center padding-bottom-2x\">\n<div class=\"col-lg-12\">\n<h5 class=\"card-title text-center\">Informaci\u00f3n general<\/h5>\n<p>El control de acceso\u00a0<strong>ASI6213J-FT1<\/strong>\u00a0es un equipo para interior, que almacena 6000 usuarios, 6000 rostros, 6000 tarjetas, 6000 contrase\u00f1as y 150000 registros. El reconocimiento facial puede realizarse 0,3 mts a 1,5 mts de distancia del dispositivo. Su Precisi\u00f3n de verificaci\u00f3n facial es del 99,8%, con una velocidad de comparaci\u00f3n de rostros 0,2 s por persona.<\/p>\n<p><img decoding=\"async\" class=\"overview-center-img-web\" src=\"https:\/\/tvc.mx\/media\/395355\/Control-Acceso-Standalone-Reconocimiento-Facial-Deteccion-Temperatura-pantalla-4.3-pulgadas--Dahua-B.png\" alt=\"\" \/><\/div>\n<\/div>\n<div class=\"row align-items-center padding-bottom-2x\">\n<div class=\"col-md-5\"><img decoding=\"async\" class=\"d-block m-auto img-thumbnail\" src=\"https:\/\/tvc.mx\/media\/395359\/reconocimiento-facial-dahua.png\" alt=\" \" \/><\/div>\n<div class=\"col-md-7 text-md-left text-center\">\n<h2>Reconocimiento Facial<\/h2>\n<p class=\"text-muted\">\n<p>Con una pantalla tactil LCD de 4.3\u201d, una interfaz moderna y de f\u00e1cil operaci\u00f3n ayuda a tener un mayor control sin descuidar la seguridad gracias a la biometr\u00eda de doble identificaci\u00f3n.<\/p>\n<p>Para el reconocimiento facial cuenta con un\u00a0<strong>sistema de doble sensor<\/strong>\u00a0ayudando a que el equipo funcione correctamente a\u00fan en escenarios con baja iluminaci\u00f3n, ayudado con sensores infrarojos y luz blanca auxiliar regulables para las diferentes escenas.<\/p>\n<p>&nbsp;<\/p>\n<p>&nbsp;<\/p>\n<\/div>\n<\/div>\n<hr class=\"padding-bottom-2x\" \/>\n<div class=\"row align-items-center padding-bottom-2x\">\n<div class=\"col-md-5 order-md-2\"><img decoding=\"async\" class=\"d-block m-auto img-thumbnail\" src=\"https:\/\/tvc.mx\/media\/310651\/conectividad.png\" alt=\" \" \/><\/div>\n<div class=\"col-md-7 order-md-1 text-md-left text-center\">\n<h2>Conectividad<\/h2>\n<p class=\"text-muted\">\n<p>El control de acceso\u00a0ASI6213J-FT1\u00a0cuenta con la posibilidad de conectarse a la red mediante su puerto RJ45 o, de igual modo, se puede realizar una conexi\u00f3n mediante los protocolos de comunicaci\u00f3n, cuenta con un arn\u00e9s de comunicaci\u00f3n con puertos f\u00edsicos para, entradas y salidas de alarma, puerto USB, Soporta los protocolos RS-485, Wiegand 26, 34, 66; TCP\/IP, NTP.<\/p>\n<p>&nbsp;<\/p>\n<\/div>\n<\/div>\n<hr class=\"padding-bottom-2x\" \/>\n<div class=\"row align-items-center padding-bottom-2x\">\n<div class=\"col-md-5\"><img decoding=\"async\" class=\"d-block m-auto img-thumbnail\" src=\"https:\/\/tvc.mx\/media\/395363\/Control-Acceso-Standalone-Reconocimiento-Facial-Deteccion-Temperatura-pantalla-4.3-pulgadas--Dahua-pp-caracteristicas.png\" alt=\" \" \/><\/div>\n<div class=\"col-md-7 text-md-left text-center\">\n<h2>Caracter\u00edsticas<\/h2>\n<p class=\"text-muted\">\n<ul>\n<li>Pantalla t\u00e1ctil LCD de 4,3 pulgadas; resoluci\u00f3n 480 \u00d7 272<\/li>\n<li>C\u00e1mara de lente doble gran angular de 2MP; admite DWDR, luz de relleno de luz blanca y luz de relleno de infrarrojos<\/li>\n<li>Admite desbloqueo de rostro, tarjeta, contrase\u00f1a y desbloqueo a trav\u00e9s de sus combinaciones; desbloqueo de soporte por per\u00edodo<\/li>\n<li>Almacena 6000 usuarios, 6000 im\u00e1genes de caras, 6000 tarjetas, 6000 contrase\u00f1as y 150000 registros<\/li>\n<li>Distancia entre el rostro y la c\u00e1mara: 0,3 m \u2013 1,5 m; altura humana: 0,9 m \u2013 2,4 m (<\/li>\n<li>Precisi\u00f3n de verificaci\u00f3n facial del 99,8%; velocidad de comparaci\u00f3n de caras 0,2 s por persona<\/li>\n<li>Varios modos de visualizaci\u00f3n del estado de desbloqueo para proteger la privacidad del usuario<\/li>\n<li>Admite habilitar \/ deshabilitar el modo de monitoreo de temperatura<\/li>\n<\/ul>\n<p>&nbsp;<\/p>\n<\/div>\n<\/div>\n<hr class=\"padding-bottom-2x\" \/>\n<div class=\"row align-items-center padding-bottom-2x\">\n<div class=\"col-md-5 order-md-2\"><img decoding=\"async\" class=\"d-block m-auto img-thumbnail\" src=\"https:\/\/tvc.mx\/media\/395367\/Control-Acceso-Standalone-Reconocimiento-Facial-Deteccion-Temperatura-pantalla-4.3-pulgadas--Dahua-especificaciones.png\" alt=\" \" \/><\/div>\n<div class=\"col-md-7 order-md-1 text-md-left text-center\">\n<h2>Especificaciones<\/h2>\n<p class=\"text-muted\">\n<ul>\n<li>Pantalla de visualizaci\u00f3n de 4,3 pulgadas<\/li>\n<li>C\u00e1mara dual de alta definici\u00f3n CMOS de 1 \/ 2.7 \u00ab2MP<\/li>\n<li>DWDR<\/li>\n<li>Luz blanca autom\u00e1tica<\/li>\n<li>Luz de infrarrojos autom\u00e1tica<\/li>\n<li>Tarjeta \/ control remoto \/ contrase\u00f1a \/ desbloqueo facial y desbloqueo a trav\u00e9s de sus combinaciones; Desbloqueo facial solo en el modo de control de temperatura.<\/li>\n<li>Tipo de lectura de tarjeta: Tarjeta IC; Tarjeta Felica<\/li>\n<li>Lector de tarjetas perif\u00e9ricas: 1 RS-485; 1 Wiegand<\/li>\n<li>Capacidad de usuario 6.000<\/li>\n<li>Capacidad de imagen facial 6.000<\/li>\n<li>Capacidad de la tarjeta 6.000<\/li>\n<li>Capacidad de contrase\u00f1a 6.000<\/li>\n<li>Capacidad de registro 150.000 registros<\/li>\n<li>1 puerto USB2.0<\/li>\n<li>1 puerto de red de 10\/100 Mbps<\/li>\n<li>CC 12 V 2 A<\/li>\n<\/ul>\n<p>&nbsp;<\/p>\n<\/div>\n<\/div>\n<hr class=\"padding-bottom-2x\" \/>\n<div class=\"row align-items-center padding-bottom-2x\">\n<div class=\"col-md-5\"><img decoding=\"async\" class=\"d-block m-auto img-thumbnail\" src=\"https:\/\/tvc.mx\/media\/395375\/Control-Acceso-Standalone-Reconocimiento-Facial-Deteccion-Temperatura-pantalla-4.3-pulgadas--Dahua-incluye.png\" alt=\" \" \/><\/div>\n<div class=\"col-md-7 text-md-left text-center\">\n<h2>Incluye<\/h2>\n<p class=\"text-muted\">\n<ul>\n<li>Control de acceso\u00a0<strong>ASI6213J-FT1<\/strong><\/li>\n<li>Adaptador de corriente<\/li>\n<li>Soporte de la pared<\/li>\n<li>Tornillos<\/li>\n<li>Manuales<\/li>\n<li>P\u00f3liza de garant\u00eda<\/li>\n<\/ul>\n<\/div>\n<\/div>\n","protected":false},"excerpt":{"rendered":"<p>Informaci\u00f3n general El control de acceso\u00a0ASI6213J-FT1\u00a0es un equipo para interior, que almacena 6000 usuarios, 6000 rostros, 6000 tarjetas, 6000 contrase\u00f1as y 150000 registros. El reconocimiento facial puede realizarse 0,3 mts a 1,5 mts de distancia del dispositivo. Su Precisi\u00f3n de verificaci\u00f3n facial es del 99,8%,&hellip;<\/p>\n","protected":false},"featured_media":1224,"comment_status":"open","ping_status":"closed","template":"","meta":{"om_disable_all_campaigns":false,"_monsterinsights_skip_tracking":false,"_monsterinsights_sitenote_active":false,"_monsterinsights_sitenote_note":"","_monsterinsights_sitenote_category":0},"product_brand":[],"product_cat":[809],"product_tag":[81,727,730,66,731,728,729],"class_list":{"0":"post-8683","1":"product","2":"type-product","3":"status-publish","4":"has-post-thumbnail","6":"product_cat-lectoras-biometricas-control-de-acceso-dahua-acceso-asistencia","7":"product_tag-acceso-y-asistencia","8":"product_tag-cerraduras","9":"product_tag-commax-wulian","10":"product_tag-dahua","11":"product_tag-wejoin","12":"product_tag-yli","13":"product_tag-zkteco","15":"first","16":"instock","17":"sale","18":"taxable","19":"shipping-taxable","20":"purchasable","21":"product-type-simple"},"aioseo_notices":[],"_links":{"self":[{"href":"https:\/\/tecsecmty.com\/index.php\/wp-json\/wp\/v2\/product\/8683","targetHints":{"allow":["GET"]}}],"collection":[{"href":"https:\/\/tecsecmty.com\/index.php\/wp-json\/wp\/v2\/product"}],"about":[{"href":"https:\/\/tecsecmty.com\/index.php\/wp-json\/wp\/v2\/types\/product"}],"replies":[{"embeddable":true,"href":"https:\/\/tecsecmty.com\/index.php\/wp-json\/wp\/v2\/comments?post=8683"}],"version-history":[{"count":0,"href":"https:\/\/tecsecmty.com\/index.php\/wp-json\/wp\/v2\/product\/8683\/revisions"}],"wp:featuredmedia":[{"embeddable":true,"href":"https:\/\/tecsecmty.com\/index.php\/wp-json\/wp\/v2\/media\/1224"}],"wp:attachment":[{"href":"https:\/\/tecsecmty.com\/index.php\/wp-json\/wp\/v2\/media?parent=8683"}],"wp:term":[{"taxonomy":"product_brand","embeddable":true,"href":"https:\/\/tecsecmty.com\/index.php\/wp-json\/wp\/v2\/product_brand?post=8683"},{"taxonomy":"product_cat","embeddable":true,"href":"https:\/\/tecsecmty.com\/index.php\/wp-json\/wp\/v2\/product_cat?post=8683"},{"taxonomy":"product_tag","embeddable":true,"href":"https:\/\/tecsecmty.com\/index.php\/wp-json\/wp\/v2\/product_tag?post=8683"}],"curies":[{"name":"wp","href":"https:\/\/api.w.org\/{rel}","templated":true}]}}