{"id":8690,"date":"2023-02-23T22:27:50","date_gmt":"2023-02-24T04:27:50","guid":{"rendered":"https:\/\/tecsecmty.com\/index.php\/producto\/dahua-dhi-asi3214a-w-control-de-acceso-con-reconocimiento-facial-pantalla-touch-de-4-3-pulgadas-3000-rostros-rango-de-reconocimiento-de-3-a-1-5-metros-5000-huellas-3000-tarjetas-mifare-wif\/"},"modified":"2023-03-22T23:22:32","modified_gmt":"2023-03-23T05:22:32","slug":"dahua-dhi-asi3214a-w-control-de-acceso-con-reconocimiento-facial-pantalla-touch-de-4-3-pulgadas-3000-rostros-rango-de-reconocimiento-de-3-a-1-5-metros-5000-huellas-3000-tarjetas-mifare-wif","status":"publish","type":"product","link":"https:\/\/tecsecmty.com\/index.php\/producto\/dahua-dhi-asi3214a-w-control-de-acceso-con-reconocimiento-facial-pantalla-touch-de-4-3-pulgadas-3000-rostros-rango-de-reconocimiento-de-3-a-1-5-metros-5000-huellas-3000-tarjetas-mifare-wif\/","title":{"rendered":"DAHUA DHI-ASI3214A-W &#8211; Control de Acceso con Reconocimiento Facial\/ Pantalla Touch de 4.3 Pulgadas\/ 3,000 Rostros\/ Rango de Reconocimiento de .3 a 1.5 Metros\/ 5,000 Huellas\/ 3,000 Tarjetas MIFARE\/ WiFi\/ TCP\/IP\/ Wiegand y RS485\/ P2P\/ #LoNuevo"},"content":{"rendered":"<div class=\"row aling-items-center padding-bottom-2x\">\n<div class=\"col-lg-12\">\n<h5 class=\"card-title text-center\">Informaci\u00f3n General<\/h5>\n<p>El\u00a0<strong>ASI3214A-W<\/strong>\u00a0es un control de asistencia que funciona mediante reconocimiento facial adem\u00e1s cuenta con una pantalla t\u00e1ctil LCD de 4,3 pulgadas y una\u00a0resoluci\u00f3n 480 \u00d7 272 pixeles, adem\u00e1s de tener un lente doble gran angular de 2MP, iluminador LED blanco, luz IR. Ademas de contar con reconocimiento facial se puede hacer el desbloqueo mediante tarjeta y huella.<\/p>\n<p><img decoding=\"async\" class=\"overview-center-img-web\" src=\"https:\/\/tvc.mx\/media\/491666\/control-de-asistencia-y-acceso-simple-con-reconocimiento-facial-ASI3214A-W-Dahua.png\" alt=\"\" \/><\/div>\n<\/div>\n<div class=\"row align-items-center padding-bottom-2x\">\n<div class=\"col-md-5 order-md-2\"><img decoding=\"async\" class=\"d-block m-auto img-thumbnail\" src=\"https:\/\/tvc.mx\/media\/491668\/reconocimiento-facial-dahua.png\" alt=\" \" \/><\/div>\n<div class=\"col-md-7 order-md-1 text-md-left text-center\">\n<h2>Reconocimiento Facial<\/h2>\n<p class=\"text-muted\">\n<p>Soporta 3,000 usuarios, de los cuales pueden ser 3,000 im\u00e1genes de rostros o 5,000 tarjetas, 5,000 huellas dactilares. En cuanto a los registros (logs) que soporta el m\u00e1ximo es de 300.000.<\/p>\n<p>&nbsp;<\/p>\n<\/div>\n<\/div>\n<hr class=\"padding-bottom-2x\" \/>\n<div class=\"row align-items-center padding-bottom-2x\">\n<div class=\"col-md-5\"><img decoding=\"async\" class=\"d-block m-auto img-thumbnail\" src=\"https:\/\/tvc.mx\/media\/491670\/smartpss-dahua.png\" alt=\" \" \/><\/div>\n<div class=\"col-md-7 text-md-left text-center\">\n<h2>Software de monitoreo<\/h2>\n<p class=\"text-muted\">\n<p>Para la administraci\u00f3n del equipo se recomienda utilizar el software Smart PSS AC el cual se puede descargar desde el ToolBox que es la suite de Dahua donde podemos encontrar diferentes herramientas para los equipos Dahua. Este software permite descargar los logs y con ello realizar reportes de asistencia para el perfecto funcionamiento del control de asistencia.<\/p>\n<p>&nbsp;<\/p>\n<\/div>\n<\/div>\n<hr class=\"padding-bottom-2x\" \/>\n<div class=\"row align-items-center padding-bottom-2x\">\n<div class=\"col-md-5 order-md-2\"><img decoding=\"async\" class=\"d-block m-auto img-thumbnail\" src=\"https:\/\/tvc.mx\/media\/491672\/control-de-asistencia-y-acceso-simple-con-reconocimiento-facial-ASI3214A-W-Dahua-caracteristicas.png\" alt=\" \" \/><\/div>\n<div class=\"col-md-7 order-md-1 text-md-left text-center\">\n<h2>Principales Caracter\u00edsticas<\/h2>\n<p class=\"text-muted\">\n<ul>\n<li>C\u00e1mara de doble lente gran angular<\/li>\n<li>M\u00faltiples m\u00e9todos de desbloqueo que incluyen huella digital, cara, tarjeta IC, contrase\u00f1a y desbloqueo de c\u00f3digo QR (Con Plataforma DSS Pro)<\/li>\n<li>La detecci\u00f3n de vida tiene una tasa de precisi\u00f3n de reconocimiento facial del 99,9 %<\/li>\n<li>Admite realizar videollamadas y usar la aplicaci\u00f3n para recibir notificaciones de alarma, desbloquear puertas de forma remota y realizar otras tareas.<\/li>\n<\/ul>\n<p>&nbsp;<\/p>\n<\/div>\n<\/div>\n<hr class=\"padding-bottom-2x\" \/>\n<div class=\"row align-items-center padding-bottom-2x\">\n<div class=\"col-md-5\"><img decoding=\"async\" class=\"d-block m-auto img-thumbnail\" src=\"https:\/\/tvc.mx\/media\/491674\/control-de-asistencia-y-acceso-simple-con-reconocimiento-facial-ASI3214A-W-Dahua-especificaciones.png\" alt=\" \" \/><\/div>\n<div class=\"col-md-7 text-md-left text-center\">\n<h2>Especificaciones<\/h2>\n<p class=\"text-muted\">\n<ul>\n<li>Pantalla tactil capacitiva LCD de 4,3&#8243;<\/li>\n<li>C\u00e1mara de doble lente HD CMOS de 2 MP<\/li>\n<li>DWDR<\/li>\n<li>Modo de desbloqueo: Contrase\u00f1a, huella digital, tarjeta, control remoto, c\u00f3digo QR, rostro y desbloqueo combinado<\/li>\n<li>Tipo de tarjeta: tarjeta de circuito integrado<\/li>\n<li>Wifi<\/li>\n<li>Distancia de lectura de tarjeta 0 cm\u20133 cm<\/li>\n<li>Velocidad de lectura (c\u00f3digo QR) 500ms<\/li>\n<li>Capacidad de usuario 3,000<\/li>\n<li>Capacidad de imagen de la cara 3,000<\/li>\n<li>Capacidad de la tarjeta 5,000<\/li>\n<li>Capacidad de huellas dactilares 5,000<\/li>\n<li>Capacidad de contrase\u00f1a 3,000<\/li>\n<li>Capacidad de registro 300.000<\/li>\n<li>1 \u00d7 USB 2.0<\/li>\n<li>1 \u00d7 puerto Ethernet autoadaptable RJ-45 de 10\/100 Mbps<\/li>\n<li>Fuente de alimentaci\u00f3n 12 V CC, 1,5 A<\/li>\n<\/ul>\n<\/div>\n<\/div>\n","protected":false},"excerpt":{"rendered":"<p>Informaci\u00f3n General El\u00a0ASI3214A-W\u00a0es un control de asistencia que funciona mediante reconocimiento facial adem\u00e1s cuenta con una pantalla t\u00e1ctil LCD de 4,3 pulgadas y una\u00a0resoluci\u00f3n 480 \u00d7 272 pixeles, adem\u00e1s de tener un lente doble gran angular de 2MP, iluminador LED blanco, luz IR. Ademas de&hellip;<\/p>\n","protected":false},"featured_media":1238,"comment_status":"open","ping_status":"closed","template":"","meta":{"om_disable_all_campaigns":false,"_monsterinsights_skip_tracking":false,"_monsterinsights_sitenote_active":false,"_monsterinsights_sitenote_note":"","_monsterinsights_sitenote_category":0},"product_brand":[],"product_cat":[809],"product_tag":[81,727,730,66,731,728,729],"class_list":{"0":"post-8690","1":"product","2":"type-product","3":"status-publish","4":"has-post-thumbnail","6":"product_cat-lectoras-biometricas-control-de-acceso-dahua-acceso-asistencia","7":"product_tag-acceso-y-asistencia","8":"product_tag-cerraduras","9":"product_tag-commax-wulian","10":"product_tag-dahua","11":"product_tag-wejoin","12":"product_tag-yli","13":"product_tag-zkteco","15":"first","16":"instock","17":"sale","18":"taxable","19":"shipping-taxable","20":"purchasable","21":"product-type-simple"},"aioseo_notices":[],"_links":{"self":[{"href":"https:\/\/tecsecmty.com\/index.php\/wp-json\/wp\/v2\/product\/8690","targetHints":{"allow":["GET"]}}],"collection":[{"href":"https:\/\/tecsecmty.com\/index.php\/wp-json\/wp\/v2\/product"}],"about":[{"href":"https:\/\/tecsecmty.com\/index.php\/wp-json\/wp\/v2\/types\/product"}],"replies":[{"embeddable":true,"href":"https:\/\/tecsecmty.com\/index.php\/wp-json\/wp\/v2\/comments?post=8690"}],"version-history":[{"count":0,"href":"https:\/\/tecsecmty.com\/index.php\/wp-json\/wp\/v2\/product\/8690\/revisions"}],"wp:featuredmedia":[{"embeddable":true,"href":"https:\/\/tecsecmty.com\/index.php\/wp-json\/wp\/v2\/media\/1238"}],"wp:attachment":[{"href":"https:\/\/tecsecmty.com\/index.php\/wp-json\/wp\/v2\/media?parent=8690"}],"wp:term":[{"taxonomy":"product_brand","embeddable":true,"href":"https:\/\/tecsecmty.com\/index.php\/wp-json\/wp\/v2\/product_brand?post=8690"},{"taxonomy":"product_cat","embeddable":true,"href":"https:\/\/tecsecmty.com\/index.php\/wp-json\/wp\/v2\/product_cat?post=8690"},{"taxonomy":"product_tag","embeddable":true,"href":"https:\/\/tecsecmty.com\/index.php\/wp-json\/wp\/v2\/product_tag?post=8690"}],"curies":[{"name":"wp","href":"https:\/\/api.w.org\/{rel}","templated":true}]}}