{"id":8691,"date":"2023-02-23T22:27:54","date_gmt":"2023-02-24T04:27:54","guid":{"rendered":"https:\/\/tecsecmty.com\/index.php\/producto\/dahua-dhi-asi7213yo-v3-t0-control-de-acceso-con-reconocimiento-facial-con-medicion-de-temperatura-en-muneca-pantalla-touch-de-7-pulgadas-camara-de-2-mp-50000-usuarios-5000-rostros-50000-pas\/"},"modified":"2023-03-22T23:22:32","modified_gmt":"2023-03-23T05:22:32","slug":"dahua-dhi-asi7213yo-v3-t0-control-de-acceso-con-reconocimiento-facial-con-medicion-de-temperatura-en-muneca-pantalla-touch-de-7-pulgadas-camara-de-2-mp-50000-usuarios-5000-rostros-50000-pas","status":"publish","type":"product","link":"https:\/\/tecsecmty.com\/index.php\/producto\/dahua-dhi-asi7213yo-v3-t0-control-de-acceso-con-reconocimiento-facial-con-medicion-de-temperatura-en-muneca-pantalla-touch-de-7-pulgadas-camara-de-2-mp-50000-usuarios-5000-rostros-50000-pas\/","title":{"rendered":"DAHUA DHI-ASI7213YO-V3-T0 &#8211; Control de Acceso con Reconocimiento Facial\/ Con Medici\u00f3n de Temperatura en Mu\u00f1eca\/ Pantalla Touch de 7 Pulgadas\/ Camara de 2 MP\/ 50,000 Usuarios\/ 50,00 Rostros\/ 50,000 Passwords\/ 100,000 Registros\/ #LoNuevo"},"content":{"rendered":"<div class=\"row aling-items-center padding-bottom-2x\">\n<div class=\"col-lg-12\">\n<h5 class=\"card-title text-center\">Informaci\u00f3n General<\/h5>\n<p>El control de acceso facial Dahua permite la entrada sin contacto a su edificio. Esta estaci\u00f3n le permite almacenar hasta 50,000 im\u00e1genes del personal y viene complementada con un lector de temperatura de mu\u00f1eca, lo que significa que puede permitir el ingreso autom\u00e1tico a la propiedad si el rostro de los miembros del personal est\u00e1 guardada en el sistema y su temperatura est\u00e1 en un nivel \u00f3ptimo.<\/p>\n<p><img decoding=\"async\" class=\"overview-center-img-web\" src=\"https:\/\/tvc.mx\/media\/482686\/Control_Acceso_Temperatura_Mu%C3%B1eca_Dahua_DHI-ASI7213YO-V3-T0_Over_Ppal.png\" alt=\"\" \/><\/div>\n<\/div>\n<div class=\"row align-items-center padding-bottom-2x\">\n<div class=\"col-md-5\"><img decoding=\"async\" class=\"d-block m-auto img-thumbnail\" src=\"https:\/\/tvc.mx\/media\/482710\/Control_Acceso_Temperatura_Mu%C3%B1eca_Dahua_DHI-ASI7213YO-V3-T0_Over_M.png\" alt=\" \" \/><\/div>\n<div class=\"col-md-7 text-md-left text-center\">\n<h2>Especificaciones<\/h2>\n<p class=\"text-muted\">\n<ul>\n<li>Fuente de alimentaci\u00f3n Proporcionada<\/li>\n<li>Modo de fuente de alimentaci\u00f3n 12V 1A CC<\/li>\n<li>El consumo de energ\u00eda \u2264 12W<\/li>\n<li>Dimensiones del producto 283,1 mm \u00d7 130,1 mm \u00d7 40,7 mm (11,14&#8243; \u00d7 5,12&#8243; \u00d7 1,60&#8243;)<\/li>\n<li>Funda protectora: 494 mm \u00d7 402 mm \u00d7 275 mm (19,45&#8243; \u00d7 15,83&#8243; \u00d7 10,83&#8243;)<\/li>\n<li>Temperatura de funcionamiento: Modo de control de temperatura desactivado: \u201310 \u00b0C a 55 \u00b0C (14 \u00b0F a 131 \u00b0F) Modo de monitoreo de temperatura habilitado: 10 \u00b0C a 40 \u00b0C (50 \u00b0F a 104 \u00b0F)<\/li>\n<li>Humedad de funcionamiento 5 % de HR\u201390 % de HR (sin condensaci\u00f3n)<\/li>\n<li>Peso bruto 1,9 kg (4,19 libras)<\/li>\n<li>Instalaci\u00f3n Montaje en soporte<\/li>\n<\/ul>\n<\/div>\n<\/div>\n","protected":false},"excerpt":{"rendered":"<p>Informaci\u00f3n General El control de acceso facial Dahua permite la entrada sin contacto a su edificio. Esta estaci\u00f3n le permite almacenar hasta 50,000 im\u00e1genes del personal y viene complementada con un lector de temperatura de mu\u00f1eca, lo que significa que puede permitir el ingreso autom\u00e1tico&hellip;<\/p>\n","protected":false},"featured_media":1240,"comment_status":"open","ping_status":"closed","template":"","meta":{"om_disable_all_campaigns":false,"_monsterinsights_skip_tracking":false,"_monsterinsights_sitenote_active":false,"_monsterinsights_sitenote_note":"","_monsterinsights_sitenote_category":0},"product_brand":[],"product_cat":[809],"product_tag":[81,727,730,66,731,728,729],"class_list":{"0":"post-8691","1":"product","2":"type-product","3":"status-publish","4":"has-post-thumbnail","6":"product_cat-lectoras-biometricas-control-de-acceso-dahua-acceso-asistencia","7":"product_tag-acceso-y-asistencia","8":"product_tag-cerraduras","9":"product_tag-commax-wulian","10":"product_tag-dahua","11":"product_tag-wejoin","12":"product_tag-yli","13":"product_tag-zkteco","15":"first","16":"instock","17":"sale","18":"taxable","19":"shipping-taxable","20":"purchasable","21":"product-type-simple"},"aioseo_notices":[],"_links":{"self":[{"href":"https:\/\/tecsecmty.com\/index.php\/wp-json\/wp\/v2\/product\/8691","targetHints":{"allow":["GET"]}}],"collection":[{"href":"https:\/\/tecsecmty.com\/index.php\/wp-json\/wp\/v2\/product"}],"about":[{"href":"https:\/\/tecsecmty.com\/index.php\/wp-json\/wp\/v2\/types\/product"}],"replies":[{"embeddable":true,"href":"https:\/\/tecsecmty.com\/index.php\/wp-json\/wp\/v2\/comments?post=8691"}],"version-history":[{"count":0,"href":"https:\/\/tecsecmty.com\/index.php\/wp-json\/wp\/v2\/product\/8691\/revisions"}],"wp:featuredmedia":[{"embeddable":true,"href":"https:\/\/tecsecmty.com\/index.php\/wp-json\/wp\/v2\/media\/1240"}],"wp:attachment":[{"href":"https:\/\/tecsecmty.com\/index.php\/wp-json\/wp\/v2\/media?parent=8691"}],"wp:term":[{"taxonomy":"product_brand","embeddable":true,"href":"https:\/\/tecsecmty.com\/index.php\/wp-json\/wp\/v2\/product_brand?post=8691"},{"taxonomy":"product_cat","embeddable":true,"href":"https:\/\/tecsecmty.com\/index.php\/wp-json\/wp\/v2\/product_cat?post=8691"},{"taxonomy":"product_tag","embeddable":true,"href":"https:\/\/tecsecmty.com\/index.php\/wp-json\/wp\/v2\/product_tag?post=8691"}],"curies":[{"name":"wp","href":"https:\/\/api.w.org\/{rel}","templated":true}]}}