{"id":8692,"date":"2023-02-23T22:27:54","date_gmt":"2023-02-24T04:27:54","guid":{"rendered":"https:\/\/tecsecmty.com\/index.php\/producto\/dahua-dhi-asi7223x-a-v1-t1-control-de-acceso-con-reconocimiento-facial-y-medicion-de-temperatura-pantalla-touch-de-7-pulgadas-soporta-100000-usuarios-100000-rostros-100000-tarjetas-300000-r\/"},"modified":"2023-03-22T23:22:32","modified_gmt":"2023-03-23T05:22:32","slug":"dahua-dhi-asi7223x-a-v1-t1-control-de-acceso-con-reconocimiento-facial-y-medicion-de-temperatura-pantalla-touch-de-7-pulgadas-soporta-100000-usuarios-100000-rostros-100000-tarjetas-300000-r","status":"publish","type":"product","link":"https:\/\/tecsecmty.com\/index.php\/producto\/dahua-dhi-asi7223x-a-v1-t1-control-de-acceso-con-reconocimiento-facial-y-medicion-de-temperatura-pantalla-touch-de-7-pulgadas-soporta-100000-usuarios-100000-rostros-100000-tarjetas-300000-r\/","title":{"rendered":"DAHUA DHI-ASI7223X-A-V1-T1 &#8211; Control de Acceso con Reconocimiento Facial y Medici\u00f3n de Temperatura\/ Pantalla touch de 7 Pulgadas\/ Soporta 100,000 Usuarios, 100,000 Rostros, 100,000 Tarjetas, 300,000 Registros\/ Montaje en Torniquete\/ #LoNuevo"},"content":{"rendered":"<div class=\"row aling-items-center padding-bottom-2x\">\n<div class=\"col-lg-12\">\n<h5 class=\"card-title text-center\">Informaci\u00f3n General<\/h5>\n<p>El modelo\u00a0<strong>ASI7223X-A-V1-T1\u00a0<\/strong>es una terminal de reconocimiento facial, fiebre y mascarillas. Combinando avanzados algoritmos de reconocimiento facial y la \u00faltima tecnolog\u00eda de t\u00e9rmica, reconoce una gran cantidad de rostros de forma eficaz, sin contacto, aumentando la seguridad e higiene en todos los aspectos. El reconocimiento biom\u00e9trico sin contacto, junto con la nueva funci\u00f3n de detecci\u00f3n de temperatura corporal y rostros con cubre bocas, elimina problemas severos de higiene y previene el contagio de virus e infecciones de manera efectiva.<\/p>\n<p><img decoding=\"async\" class=\"overview-center-img-web\" src=\"https:\/\/tvc.mx\/media\/481124\/terminal-de-reconocimiento-facial-ASI7223X-A-V1-T1-Dahua.png\" alt=\"\" \/><\/div>\n<\/div>\n<div class=\"row align-items-center padding-bottom-2x\">\n<div class=\"col-md-5\"><img decoding=\"async\" class=\"d-block m-auto img-thumbnail\" src=\"https:\/\/tvc.mx\/media\/481126\/control-de-acceso-sin-contacto-Dahua.png\" alt=\" \" \/><\/div>\n<div class=\"col-md-7 text-md-left text-center\">\n<h2>Sin contacto<\/h2>\n<p class=\"text-muted\">\n<p>El Control manual de la temperatura corporal con contacto f\u00edsico cercano, genera mucho riesgo de infecci\u00f3n cruzada, nuestro terminal de control de acceso y detecci\u00f3n de temperatura, permite el escaneo de la fiebre sin contacto, evitando el contacto innecesario.<\/p>\n<p>La velocidad en la detecci\u00f3n de temperatura alcanza 0.2 segundos por persona, mejora significativamente la eficiencia del monitoreo de temperatura y evita la congesti\u00f3n del tr\u00e1fico humano.<\/p>\n<p>&nbsp;<\/p>\n<\/div>\n<\/div>\n<hr class=\"padding-bottom-2x\" \/>\n<div class=\"row align-items-center padding-bottom-2x\">\n<div class=\"col-md-5 order-md-2\"><img decoding=\"async\" class=\"d-block m-auto img-thumbnail\" src=\"https:\/\/tvc.mx\/media\/481128\/control-de-acceso-con-alta-presicion-Dahua.png\" alt=\" \" \/><\/div>\n<div class=\"col-md-7 order-md-1 text-md-left text-center\">\n<h2>Alta Precisi\u00f3n<\/h2>\n<p class=\"text-muted\">\n<p>Cuenta con +\/-0,5 C\u00b0 como rango de error en la detecci\u00f3n de temperatura, el sensor de temperatura y el algoritmo de compensaci\u00f3n realizan este ajuste, asegur\u00e1ndonos de esta manera la certeza y exactitud en la detecci\u00f3n de temperaturas an\u00f3malas.<\/p>\n<p>&nbsp;<\/p>\n<\/div>\n<\/div>\n<hr class=\"padding-bottom-2x\" \/>\n<div class=\"row align-items-center padding-bottom-2x\">\n<div class=\"col-md-5\"><img decoding=\"async\" class=\"d-block m-auto img-thumbnail\" src=\"https:\/\/tvc.mx\/media\/481130\/deteccion-de-cubre-bocas-Dahua.png\" alt=\" \" \/><\/div>\n<div class=\"col-md-7 text-md-left text-center\">\n<h2>Detecci\u00f3n de Cubre Bocas<\/h2>\n<p class=\"text-muted\">\n<p>Funci\u00f3n para detectar al usuario que porta m\u00e1scara o no. La se\u00f1al de advertencia se activar\u00e1 una vez que se detecte que alguien no est\u00e1 usando la m\u00e1scara. (\u00e9sta es una funci\u00f3n opcional)<\/p>\n<p>&nbsp;<\/p>\n<\/div>\n<\/div>\n<hr class=\"padding-bottom-2x\" \/>\n<div class=\"row align-items-center padding-bottom-2x\">\n<div class=\"col-md-5 order-md-2\"><img decoding=\"async\" class=\"d-block m-auto img-thumbnail\" src=\"https:\/\/tvc.mx\/media\/481132\/terminal-de-reconocimiento-facial-ASI7223X-A-V1-T1-Dahua-caracteristicas.png\" alt=\" \" \/><\/div>\n<div class=\"col-md-7 order-md-1 text-md-left text-center\">\n<h2>Principales Caracter\u00edsticas<\/h2>\n<p class=\"text-muted\">\n<ul>\n<li>Medici\u00f3n de temperatura<\/li>\n<li>Pantalla LCD incorporada que muestra la imagen de la c\u00e1mara y el resultado de la medici\u00f3n de temperatura &#8211; 7\u00a0\u00bb pantalla t\u00e1ctil capacitiva, 1024 x 600\u00a0px<\/li>\n<li>Modos de identificaci\u00f3n : PIN, Identificador de proximidad Mifare, Reconocimiento facial, Cualquier combinaci\u00f3n de estos elementos<\/li>\n<li>Wiegand 34\/26<\/li>\n<li>WDR &#8211; 120 dB &#8211; Amplio rango din\u00e1mico de la iluminaci\u00f3n<\/li>\n<li>Indicaci\u00f3n LED<\/li>\n<li>Se\u00f1alizaci\u00f3n ac\u00fastica de ciertos eventos en el sistema<\/li>\n<li>AGC &#8211; Ajuste autom\u00e1tico de la ganancia de la imagen<\/li>\n<li>Sharpness &#8211; Enfoque de los contornos de la imagen<\/li>\n<li>Modo d\u00eda\/noche (color\/b&amp;w\/auto)<\/li>\n<li>Bot\u00f3n RESET<\/li>\n<li>Detecci\u00f3n AI : Soluci\u00f3n dedicada a la medici\u00f3n de temperatura. La c\u00e1mara es capaz de detectar el aumento de la temperatura del objeto<\/li>\n<\/ul>\n<p>&nbsp;<\/p>\n<\/div>\n<\/div>\n<hr class=\"padding-bottom-2x\" \/>\n<div class=\"row align-items-center padding-bottom-2x\">\n<div class=\"col-md-5\"><img decoding=\"async\" class=\"d-block m-auto img-thumbnail\" src=\"https:\/\/tvc.mx\/media\/481134\/terminal-de-reconocimiento-facial-ASI7223X-A-V1-T1-Dahua-especificaciones.png\" alt=\" \" \/><\/div>\n<div class=\"col-md-7 text-md-left text-center\">\n<h2>Especificaciones<\/h2>\n<p class=\"text-muted\">\n<ul>\n<li>Alcance del iluminador de luz blanca (LED):5\u00a0m<\/li>\n<li>Distancia de reconocimiento facial:0.3\u00a0m &#8211; 1.8\u00a0m<\/li>\n<li>Tipo de lector de tarjetas: Tarjeta IC<\/li>\n<li>Memoria interna: Soporta el almacenamiento de 300 000 registros<\/li>\n<li>Audio: Altavoz incorporado<\/li>\n<li>12\u00a0V\u00a0DC\u00a0\/ 2\u00a0A<\/li>\n<li>Carcasa: Aluminio + Vidrio templado<\/li>\n<\/ul>\n<\/div>\n<\/div>\n","protected":false},"excerpt":{"rendered":"<p>Informaci\u00f3n General El modelo\u00a0ASI7223X-A-V1-T1\u00a0es una terminal de reconocimiento facial, fiebre y mascarillas. Combinando avanzados algoritmos de reconocimiento facial y la \u00faltima tecnolog\u00eda de t\u00e9rmica, reconoce una gran cantidad de rostros de forma eficaz, sin contacto, aumentando la seguridad e higiene en todos los aspectos. El&hellip;<\/p>\n","protected":false},"featured_media":1242,"comment_status":"open","ping_status":"closed","template":"","meta":{"om_disable_all_campaigns":false,"_monsterinsights_skip_tracking":false,"_monsterinsights_sitenote_active":false,"_monsterinsights_sitenote_note":"","_monsterinsights_sitenote_category":0},"product_brand":[],"product_cat":[809],"product_tag":[81,727,730,66,731,728,729],"class_list":{"0":"post-8692","1":"product","2":"type-product","3":"status-publish","4":"has-post-thumbnail","6":"product_cat-lectoras-biometricas-control-de-acceso-dahua-acceso-asistencia","7":"product_tag-acceso-y-asistencia","8":"product_tag-cerraduras","9":"product_tag-commax-wulian","10":"product_tag-dahua","11":"product_tag-wejoin","12":"product_tag-yli","13":"product_tag-zkteco","15":"first","16":"instock","17":"sale","18":"taxable","19":"shipping-taxable","20":"purchasable","21":"product-type-simple"},"aioseo_notices":[],"_links":{"self":[{"href":"https:\/\/tecsecmty.com\/index.php\/wp-json\/wp\/v2\/product\/8692","targetHints":{"allow":["GET"]}}],"collection":[{"href":"https:\/\/tecsecmty.com\/index.php\/wp-json\/wp\/v2\/product"}],"about":[{"href":"https:\/\/tecsecmty.com\/index.php\/wp-json\/wp\/v2\/types\/product"}],"replies":[{"embeddable":true,"href":"https:\/\/tecsecmty.com\/index.php\/wp-json\/wp\/v2\/comments?post=8692"}],"version-history":[{"count":0,"href":"https:\/\/tecsecmty.com\/index.php\/wp-json\/wp\/v2\/product\/8692\/revisions"}],"wp:featuredmedia":[{"embeddable":true,"href":"https:\/\/tecsecmty.com\/index.php\/wp-json\/wp\/v2\/media\/1242"}],"wp:attachment":[{"href":"https:\/\/tecsecmty.com\/index.php\/wp-json\/wp\/v2\/media?parent=8692"}],"wp:term":[{"taxonomy":"product_brand","embeddable":true,"href":"https:\/\/tecsecmty.com\/index.php\/wp-json\/wp\/v2\/product_brand?post=8692"},{"taxonomy":"product_cat","embeddable":true,"href":"https:\/\/tecsecmty.com\/index.php\/wp-json\/wp\/v2\/product_cat?post=8692"},{"taxonomy":"product_tag","embeddable":true,"href":"https:\/\/tecsecmty.com\/index.php\/wp-json\/wp\/v2\/product_tag?post=8692"}],"curies":[{"name":"wp","href":"https:\/\/api.w.org\/{rel}","templated":true}]}}