{"id":8733,"date":"2023-02-23T22:28:37","date_gmt":"2023-02-24T04:28:37","guid":{"rendered":"https:\/\/tecsecmty.com\/index.php\/producto\/bosch-a_ardaybs6360-lectora-de-proximidad-lectus-duo-3000-mifare-ip65-teclado\/"},"modified":"2023-03-22T23:20:59","modified_gmt":"2023-03-23T05:20:59","slug":"bosch-a_ardaybs6360-lectora-de-proximidad-lectus-duo-3000-mifare-ip65-teclado","status":"publish","type":"product","link":"https:\/\/tecsecmty.com\/index.php\/producto\/bosch-a_ardaybs6360-lectora-de-proximidad-lectus-duo-3000-mifare-ip65-teclado\/","title":{"rendered":"BOSCH A_ARDAYBS6360 &#8211; Lectora de proximidad LECTUS duo 3000 \/ MIFARE \/ IP65 \/ Teclado"},"content":{"rendered":"<p class=\"ql-align-justify\"><strong>Resumen del sistema<\/strong><\/p>\n<p class=\"ql-align-justify\">LECTUS duo 3000 classic l\u00ednea consta de dos lectores para tarjetas y transpondedores MIFARE classic. Admiten el registro de datos de las credenciales MIFARE codificados de Bosch y el CSN de las tarjetas ISO14443A.<\/p>\n<p class=\"ql-align-justify\">Los lectores brindan una Wiegand de 26 bits y una interfaz host RS485\/OSDP, que se pueden seleccionar f\u00e1cilmente con el interruptor DIP. Cuando funcionan en modo RS458\/OSDP, se pueden conectar hasta ocho lectores al controlador adecuado, es decir, AMC2-4R4. La direcci\u00f3n del lector se puede configurar a trav\u00e9s de cuatro interruptores DIP, de forma individual. Al funcionar en ese modo, los lectores se pueden supervisar f\u00e1cilmente. Los tres indicadores LED y una alerta sonora brindan respuestas claras al usuario durante el funcionamiento. El logotipo del lector se ilumina en la oscuridad. El lector cuenta con una valoraci\u00f3n IP65 y se puede usar en exteriores e interiores.<\/p>\n<p class=\"ql-align-justify\">\n<p class=\"ql-align-justify\"><strong>Nota:<\/strong>\u00a0<strong>LECTUS duo 3000 C<\/strong>K Lector de proximidad que admite el registro de datos de las tarjetas y los llaveros MIFARE classic codificados de Bosch, y el CSN de las credenciales ISO14443A, brinda una interfaz RS485\/OSDP y Wiegand de 26 bits en el mismo dispositivo, con valoraci\u00f3n IP65 para uso en exteriores e interiores, para instalar en paredes o parteluz, con teclado de 2&#215;6.\u00a0<strong>N\u00famero de pedido: ARD-AYBS6360<\/strong><\/p>\n<p><img decoding=\"async\" class=\"overview-center-img- aligncenter\" src=\"https:\/\/tvc.mx\/media\/4662\/Logoopaginas-oficial.png\" alt=\"\" \/><\/p>\n","protected":false},"excerpt":{"rendered":"<p>Resumen del sistema LECTUS duo 3000 classic l\u00ednea consta de dos lectores para tarjetas y transpondedores MIFARE classic. Admiten el registro de datos de las credenciales MIFARE codificados de Bosch y el CSN de las tarjetas ISO14443A. Los lectores brindan una Wiegand de 26 bits&hellip;<\/p>\n","protected":false},"featured_media":8732,"comment_status":"open","ping_status":"closed","template":"","meta":{"om_disable_all_campaigns":false,"_monsterinsights_skip_tracking":false,"_monsterinsights_sitenote_active":false,"_monsterinsights_sitenote_note":"","_monsterinsights_sitenote_category":0},"product_brand":[],"product_cat":[813],"product_tag":[81,727,730,66,731,728,729],"class_list":{"0":"post-8733","1":"product","2":"type-product","3":"status-publish","4":"has-post-thumbnail","6":"product_cat-lectoras-usb-control-de-acceso-bosch-acceso-asistencia","7":"product_tag-acceso-y-asistencia","8":"product_tag-cerraduras","9":"product_tag-commax-wulian","10":"product_tag-dahua","11":"product_tag-wejoin","12":"product_tag-yli","13":"product_tag-zkteco","15":"first","16":"instock","17":"sale","18":"taxable","19":"shipping-taxable","20":"purchasable","21":"product-type-simple"},"aioseo_notices":[],"_links":{"self":[{"href":"https:\/\/tecsecmty.com\/index.php\/wp-json\/wp\/v2\/product\/8733","targetHints":{"allow":["GET"]}}],"collection":[{"href":"https:\/\/tecsecmty.com\/index.php\/wp-json\/wp\/v2\/product"}],"about":[{"href":"https:\/\/tecsecmty.com\/index.php\/wp-json\/wp\/v2\/types\/product"}],"replies":[{"embeddable":true,"href":"https:\/\/tecsecmty.com\/index.php\/wp-json\/wp\/v2\/comments?post=8733"}],"version-history":[{"count":0,"href":"https:\/\/tecsecmty.com\/index.php\/wp-json\/wp\/v2\/product\/8733\/revisions"}],"wp:featuredmedia":[{"embeddable":true,"href":"https:\/\/tecsecmty.com\/index.php\/wp-json\/wp\/v2\/media\/8732"}],"wp:attachment":[{"href":"https:\/\/tecsecmty.com\/index.php\/wp-json\/wp\/v2\/media?parent=8733"}],"wp:term":[{"taxonomy":"product_brand","embeddable":true,"href":"https:\/\/tecsecmty.com\/index.php\/wp-json\/wp\/v2\/product_brand?post=8733"},{"taxonomy":"product_cat","embeddable":true,"href":"https:\/\/tecsecmty.com\/index.php\/wp-json\/wp\/v2\/product_cat?post=8733"},{"taxonomy":"product_tag","embeddable":true,"href":"https:\/\/tecsecmty.com\/index.php\/wp-json\/wp\/v2\/product_tag?post=8733"}],"curies":[{"name":"wp","href":"https:\/\/api.w.org\/{rel}","templated":true}]}}