{"id":8735,"date":"2023-02-23T22:28:39","date_gmt":"2023-02-24T04:28:39","guid":{"rendered":"https:\/\/tecsecmty.com\/index.php\/producto\/bosch-a_ardayk12-lectora-de-proximidad-rf-id-salida-wiegand\/"},"modified":"2023-03-22T23:20:59","modified_gmt":"2023-03-23T05:20:59","slug":"bosch-a_ardayk12-lectora-de-proximidad-rf-id-salida-wiegand","status":"publish","type":"product","link":"https:\/\/tecsecmty.com\/index.php\/producto\/bosch-a_ardayk12-lectora-de-proximidad-rf-id-salida-wiegand\/","title":{"rendered":"BOSCH A_ARDAYK12 &#8211; Lectora de proximidad RF ID \/ Salida Wiegand"},"content":{"rendered":"<div class=\"row aling-items-center padding-bottom-2x\">\n<div class=\"col-lg-12\">\n<p class=\"ql-align-justify\">Lectora de tarjetas de control de acceso\u00a0<strong>ARD-AYK12<\/strong>\u00a0con salida\u00a0<strong>Wiegand\u00a0<\/strong>para tecnolog\u00eda de tarjetas de\u00a0<strong>125 kHz (EM).<\/strong><\/p>\n<p class=\"ql-align-justify\">La\u00a0<strong>ARD-AYK12<\/strong>\u00a0se suministra con un cable de\u00a0<strong>45 cm<\/strong>\u00a0(18 pulg.).<\/p>\n<p class=\"ql-align-justify\">\n<p class=\"ql-align-justify\"><strong>Nota: Si utiliza una fuente de alimentaci\u00f3n independiente para la lectora, tanto la fuente como el cable blindado se deber\u00e1n conectar a una toma de tierra (opci\u00f3n m\u00e1s recomendada), a una conexi\u00f3n de toma de tierra del panel o a un extremo del cable de la fuente de alimentaci\u00f3n.<\/strong><\/p>\n<p><img decoding=\"async\" class=\"overview-center-img- aligncenter\" src=\"https:\/\/tvc.mx\/media\/3282\/Logoopaginas-oficial.png\" alt=\"\" \/><\/div>\n<\/div>\n<div class=\"row aling-items-center padding-bottom-2x\">\n<div class=\"col-lg-12\">\n<p class=\"ql-align-justify\"><strong>Principales Caracteristicas:\u00a0<\/strong><\/p>\n<ul>\n<li class=\"ql-align-justify\">Lectora con zumbador y pantalla LED de varios colores.<\/li>\n<li class=\"ql-align-justify\">Salida Wiegand para EM.<\/li>\n<li class=\"ql-align-justify\">Montaje en interiores y exteriores.<\/li>\n<li class=\"ql-align-justify\">Hasta 150m del controlador.<\/li>\n<\/ul>\n<p class=\"ql-align-justify\">\n<p class=\"ql-align-justify\"><strong>Especificaciones:<\/strong><\/p>\n<p class=\"ql-align-justify\">\n<ul>\n<li class=\"ql-align-justify\">Tipo de fuente de alimentaci\u00f3n Se recomienda de tipo lineal.<\/li>\n<li class=\"ql-align-justify\">Rango de tensi\u00f3n de operaci\u00f3n 5 a 16 V CC.<\/li>\n<li class=\"ql-align-justify\">Corriente de entrada m\u00e1xima En reposo: 35 mA.<\/li>\n<li class=\"ql-align-justify\">Lectura: 50 mA.<\/li>\n<li class=\"ql-align-justify\">Salida antisabotaje Colector abierto, activo bajo, corriente m\u00e1x. absorbida: 16 mA.<\/li>\n<li class=\"ql-align-justify\">Modulaci\u00f3n de RF ASK.<\/li>\n<\/ul>\n<p class=\"ql-align-justify\"><strong>Rangos<\/strong><\/p>\n<ul>\n<li class=\"ql-align-justify\">Distancia de cable m\u00e1xima hasta el controlador 150 m (500 pies)<\/li>\n<li class=\"ql-align-justify\">Rango de temperatura de operaci\u00f3n.<\/li>\n<li class=\"ql-align-justify\">De -31 \u00b0C a 63 \u00b0C<\/li>\n<li class=\"ql-align-justify\">(de -25 \u00b0F a 145 \u00b0F)<\/li>\n<li class=\"ql-align-justify\">Humedad en operaci\u00f3n Del 0 al 95% (sin condensaci\u00f3n)<\/li>\n<li class=\"ql-align-justify\">Rango de lectura * 8 cm (3,15 pulg.)<\/li>\n<li class=\"ql-align-justify\">Dimensiones (Al. x An. x Pr.) 80 x 40 x 13 mm.<\/li>\n<li class=\"ql-align-justify\">(3,15 x 1,57 x 0,50 pulg.)<\/li>\n<\/ul>\n<\/div>\n<\/div>\n","protected":false},"excerpt":{"rendered":"<p>Lectora de tarjetas de control de acceso\u00a0ARD-AYK12\u00a0con salida\u00a0Wiegand\u00a0para tecnolog\u00eda de tarjetas de\u00a0125 kHz (EM). La\u00a0ARD-AYK12\u00a0se suministra con un cable de\u00a045 cm\u00a0(18 pulg.). Nota: Si utiliza una fuente de alimentaci\u00f3n independiente para la lectora, tanto la fuente como el cable blindado se deber\u00e1n conectar a una&hellip;<\/p>\n","protected":false},"featured_media":8734,"comment_status":"open","ping_status":"closed","template":"","meta":{"om_disable_all_campaigns":false,"_monsterinsights_skip_tracking":false,"_monsterinsights_sitenote_active":false,"_monsterinsights_sitenote_note":"","_monsterinsights_sitenote_category":0},"product_brand":[],"product_cat":[813],"product_tag":[81,727,730,66,731,728,729],"class_list":{"0":"post-8735","1":"product","2":"type-product","3":"status-publish","4":"has-post-thumbnail","6":"product_cat-lectoras-usb-control-de-acceso-bosch-acceso-asistencia","7":"product_tag-acceso-y-asistencia","8":"product_tag-cerraduras","9":"product_tag-commax-wulian","10":"product_tag-dahua","11":"product_tag-wejoin","12":"product_tag-yli","13":"product_tag-zkteco","15":"first","16":"instock","17":"sale","18":"taxable","19":"shipping-taxable","20":"purchasable","21":"product-type-simple"},"aioseo_notices":[],"_links":{"self":[{"href":"https:\/\/tecsecmty.com\/index.php\/wp-json\/wp\/v2\/product\/8735","targetHints":{"allow":["GET"]}}],"collection":[{"href":"https:\/\/tecsecmty.com\/index.php\/wp-json\/wp\/v2\/product"}],"about":[{"href":"https:\/\/tecsecmty.com\/index.php\/wp-json\/wp\/v2\/types\/product"}],"replies":[{"embeddable":true,"href":"https:\/\/tecsecmty.com\/index.php\/wp-json\/wp\/v2\/comments?post=8735"}],"version-history":[{"count":0,"href":"https:\/\/tecsecmty.com\/index.php\/wp-json\/wp\/v2\/product\/8735\/revisions"}],"wp:featuredmedia":[{"embeddable":true,"href":"https:\/\/tecsecmty.com\/index.php\/wp-json\/wp\/v2\/media\/8734"}],"wp:attachment":[{"href":"https:\/\/tecsecmty.com\/index.php\/wp-json\/wp\/v2\/media?parent=8735"}],"wp:term":[{"taxonomy":"product_brand","embeddable":true,"href":"https:\/\/tecsecmty.com\/index.php\/wp-json\/wp\/v2\/product_brand?post=8735"},{"taxonomy":"product_cat","embeddable":true,"href":"https:\/\/tecsecmty.com\/index.php\/wp-json\/wp\/v2\/product_cat?post=8735"},{"taxonomy":"product_tag","embeddable":true,"href":"https:\/\/tecsecmty.com\/index.php\/wp-json\/wp\/v2\/product_tag?post=8735"}],"curies":[{"name":"wp","href":"https:\/\/api.w.org\/{rel}","templated":true}]}}