{"id":8791,"date":"2023-02-23T22:29:31","date_gmt":"2023-02-24T04:29:31","guid":{"rendered":"https:\/\/tecsecmty.com\/index.php\/producto\/zkteco-gabmetf-kit-de-gabinete-metalico-para-paneles-zkteco-compatible-con-paneles-de-control-de-acceso-conexion-para-bateria-de-respaldo-fuente-de-poder\/"},"modified":"2023-03-22T23:25:21","modified_gmt":"2023-03-23T05:25:21","slug":"zkteco-gabmetf-kit-de-gabinete-metalico-para-paneles-zkteco-compatible-con-paneles-de-control-de-acceso-conexion-para-bateria-de-respaldo-fuente-de-poder","status":"publish","type":"product","link":"https:\/\/tecsecmty.com\/index.php\/producto\/zkteco-gabmetf-kit-de-gabinete-metalico-para-paneles-zkteco-compatible-con-paneles-de-control-de-acceso-conexion-para-bateria-de-respaldo-fuente-de-poder\/","title":{"rendered":"ZKTECO GABMETF &#8211; Kit de Gabinete Met\u00e1lico para Paneles ZKTECO\/ Compatible con Paneles de Control de Acceso \/ Conexi\u00f3n para Bater\u00eda de Respaldo + Fuente de Poder"},"content":{"rendered":"<div class=\"row aling-items-center padding-bottom-2x\">\n<div class=\"col-lg-12\">\n<h5 class=\"card-title text-center\">Informaci\u00f3n General<\/h5>\n<h4><strong>Descripci\u00f3n<\/strong><\/h4>\n<p>El Gabinete\u00a0met\u00e1lico es IDEAL para los paneles ZKTeco inBio, paneles de la Serie C3, EC10 y EX16, para su protecci\u00f3n y dise\u00f1o con una mejor integraci\u00f3n en los proyectos de control de acceso. El Gabinete metalico cuenta con LED indicador de encendido, actividad y comunicaci\u00f3n ubicados en la parte frontal del panel, LED color verde, amarillo y rojo. Cuenta con transformador de voltaje para conectar a 110V y alimentar el panel inBio sin necesidad de integrarle una fuente adicional de 12v<\/p>\n<p><img decoding=\"async\" class=\"overview-center-img-web\" src=\"https:\/\/tvc.mx\/media\/584375\/Gabinete-Met%C3%A1lico-para-Paneles-ZKTeco-Descripci%C3%B3n-GABMETF-ZKTECO.png\" alt=\"\" \/><\/div>\n<\/div>\n<div class=\"row align-items-center padding-bottom-2x\">\n<div class=\"col-md-5 order-md-2\"><img decoding=\"async\" class=\"d-block m-auto img-thumbnail\" src=\"https:\/\/tvc.mx\/media\/584391\/Gabinete-Met%C3%A1lico-para-Paneles-ZKTeco-Caracter%C3%ADsticas-GABMETF-ZKTECO.png\" alt=\" \" \/><\/div>\n<div class=\"col-md-7 order-md-1 text-md-left text-center\">\n<h2>Caracter\u00edsticas principales<\/h2>\n<p class=\"text-muted\">\n<ul>\n<li class=\"ql-align-justify\">Protecci\u00f3n para los paneles inBio<\/li>\n<li class=\"ql-align-justify\">Integraci\u00f3n de transformador de 110v a 12v.<\/li>\n<\/ul>\n<\/div>\n<\/div>\n","protected":false},"excerpt":{"rendered":"<p>Informaci\u00f3n General Descripci\u00f3n El Gabinete\u00a0met\u00e1lico es IDEAL para los paneles ZKTeco inBio, paneles de la Serie C3, EC10 y EX16, para su protecci\u00f3n y dise\u00f1o con una mejor integraci\u00f3n en los proyectos de control de acceso. El Gabinete metalico cuenta con LED indicador de encendido,&hellip;<\/p>\n","protected":false},"featured_media":8790,"comment_status":"open","ping_status":"closed","template":"","meta":{"om_disable_all_campaigns":false,"_monsterinsights_skip_tracking":false,"_monsterinsights_sitenote_active":false,"_monsterinsights_sitenote_note":"","_monsterinsights_sitenote_category":0},"product_brand":[],"product_cat":[818],"product_tag":[81,727,730,66,731,728,729],"class_list":{"0":"post-8791","1":"product","2":"type-product","3":"status-publish","4":"has-post-thumbnail","6":"product_cat-paneles-de-control-control-de-acceso-zkteco-acceso-asistencia","7":"product_tag-acceso-y-asistencia","8":"product_tag-cerraduras","9":"product_tag-commax-wulian","10":"product_tag-dahua","11":"product_tag-wejoin","12":"product_tag-yli","13":"product_tag-zkteco","15":"first","16":"instock","17":"sale","18":"taxable","19":"shipping-taxable","20":"purchasable","21":"product-type-simple"},"aioseo_notices":[],"_links":{"self":[{"href":"https:\/\/tecsecmty.com\/index.php\/wp-json\/wp\/v2\/product\/8791","targetHints":{"allow":["GET"]}}],"collection":[{"href":"https:\/\/tecsecmty.com\/index.php\/wp-json\/wp\/v2\/product"}],"about":[{"href":"https:\/\/tecsecmty.com\/index.php\/wp-json\/wp\/v2\/types\/product"}],"replies":[{"embeddable":true,"href":"https:\/\/tecsecmty.com\/index.php\/wp-json\/wp\/v2\/comments?post=8791"}],"version-history":[{"count":0,"href":"https:\/\/tecsecmty.com\/index.php\/wp-json\/wp\/v2\/product\/8791\/revisions"}],"wp:featuredmedia":[{"embeddable":true,"href":"https:\/\/tecsecmty.com\/index.php\/wp-json\/wp\/v2\/media\/8790"}],"wp:attachment":[{"href":"https:\/\/tecsecmty.com\/index.php\/wp-json\/wp\/v2\/media?parent=8791"}],"wp:term":[{"taxonomy":"product_brand","embeddable":true,"href":"https:\/\/tecsecmty.com\/index.php\/wp-json\/wp\/v2\/product_brand?post=8791"},{"taxonomy":"product_cat","embeddable":true,"href":"https:\/\/tecsecmty.com\/index.php\/wp-json\/wp\/v2\/product_cat?post=8791"},{"taxonomy":"product_tag","embeddable":true,"href":"https:\/\/tecsecmty.com\/index.php\/wp-json\/wp\/v2\/product_tag?post=8791"}],"curies":[{"name":"wp","href":"https:\/\/api.w.org\/{rel}","templated":true}]}}