{"id":8795,"date":"2023-02-23T22:29:35","date_gmt":"2023-02-24T04:29:35","guid":{"rendered":"https:\/\/tecsecmty.com\/index.php\/producto\/zkteco-inbio160b-panel-de-control-de-acceso-profesional-1-puerta-20-mil-huellas-pull-admite-biometria\/"},"modified":"2023-03-22T23:25:22","modified_gmt":"2023-03-23T05:25:22","slug":"zkteco-inbio160b-panel-de-control-de-acceso-profesional-1-puerta-20-mil-huellas-pull-admite-biometria","status":"publish","type":"product","link":"https:\/\/tecsecmty.com\/index.php\/producto\/zkteco-inbio160b-panel-de-control-de-acceso-profesional-1-puerta-20-mil-huellas-pull-admite-biometria\/","title":{"rendered":"ZKTECO INBIO160B &#8211; Panel de Control de Acceso Profesional \/ 1 Puerta \/ 20 Mil huellas \/ PULL \/ Admite Biometr\u00eda"},"content":{"rendered":"<div class=\"row aling-items-center padding-bottom-2x\">\n<div class=\"col-lg-12\">\n<h5 class=\"card-title text-center\">Informaci\u00f3n General<\/h5>\n<p class=\"ql-align-justify\">La serie de paneles InBio es la l\u00ednea de productos de seguridad m\u00e1s avanzada en la industria. Son los primeros controladores a nivel mundial en incorporar tecnolog\u00eda biom\u00e9trica de identificaci\u00f3n de huellas digitales de manera interna.<\/p>\n<p class=\"ql-align-justify\">La innovadora tecnolog\u00eda InBio permite al administrador del sistema realizar la gesti\u00f3n de paneles, usuarios y huellas digitales de la manera m\u00e1s pr\u00e1ctica y sencilla posible.<\/p>\n<p class=\"ql-align-justify\">Los paneles, incluyen el software de administraci\u00f3n ZKAccess, el cual ofrece una amigable interfaz de usuario para realizar la configuraci\u00f3n de par\u00e1metros, generar reportes de acceso, monitoreo de puertas en tiempo real entre otras m\u00faltiples funciones. Todos los paneles cuentan con interfaz de conexi\u00f3n TCP\/IP y RS485 ofreciendo as\u00ed un sistema versatil, f\u00e1cilmente escalable.<\/p>\n<p><img decoding=\"async\" class=\"overview-center-img-web\" src=\"https:\/\/tvc.mx\/media\/490664\/Panel-de-Control-Acceso-Profesional-1-Puerta-20-Mil-Huellas-Pull-Descripci%C3%B3n-Inbio160-ZKTECO.png\" alt=\"\" \/><\/div>\n<\/div>\n<div class=\"row align-items-center padding-bottom-2x\">\n<div class=\"col-md-5\"><img decoding=\"async\" class=\"d-block m-auto img-thumbnail\" src=\"https:\/\/tvc.mx\/media\/213395\/Panel-Control-Acceso-Profesional-Puerta-huellas-PULL-Biometr%C3%ADa-INBIO-160-B-ZK-TVC-Complemento.png\" alt=\" \" \/><\/div>\n<div class=\"col-md-7 text-md-left text-center\">\n<h2>Principales Caracter\u00edsticas<\/h2>\n<p class=\"text-muted\">\n<p><strong>Identificaci\u00f3n biom\u00e9trica interna<\/strong><\/p>\n<ul>\n<li>La serie de lectores FR transmiten las plantillas de las<\/li>\n<\/ul>\n<p>huellas al panel v\u00eda RS485<\/p>\n<ul>\n<li>Las entradas Wiegand permiten utilizar lectores ID<\/li>\n<\/ul>\n<p>tradicionales<\/p>\n<p><strong>Comunicaci\u00f3n<\/strong><\/p>\n<ul>\n<li>Soportan comunicaci\u00f3n TCP\/IP y RS485.<\/li>\n<\/ul>\n<p><strong>Interface de Acceso<\/strong><\/p>\n<ul>\n<li>Salida de alarma (programables para control de luces, alarmas, detecci\u00f3n<\/li>\n<\/ul>\n<p>de intrusos, v\u00ednculos o control manual)<\/p>\n<ul>\n<li>Entrada de sensor de puerta<\/li>\n<\/ul>\n<p><strong>Control de Acceso Avanzado<\/strong><\/p>\n<ul>\n<li>Anti-Passback<\/li>\n<li>Verificaci\u00f3n multi-usuario<\/li>\n<li>Huella y\/o contrase\u00f1a de coacci\u00f3n<\/li>\n<li>V\u00ednculos<\/li>\n<\/ul>\n<p>&nbsp;<\/p>\n<\/div>\n<\/div>\n<hr class=\"padding-bottom-2x\" \/>\n<div class=\"row align-items-center padding-bottom-2x\">\n<div class=\"col-md-5\"><img decoding=\"async\" class=\"d-block m-auto img-thumbnail\" src=\"https:\/\/tvc.mx\/media\/213399\/Panel-Control-Acceso-Profesional-Puerta-huellas-PULL-Biometr%C3%ADa-INBIO-160-B-ZK-TVC-Complemento2.png\" alt=\" \" \/><\/div>\n<div class=\"col-md-7 text-md-left text-center\">\n<h2>Especificaciones T\u00e9cnicas<\/h2>\n<p class=\"text-muted\">\n<p>Puertas: 1<\/p>\n<p>Lectores Soportados: 4(2 RS-485 Series FR &#8211; 2 Wigand 26-bits)<\/p>\n<p>N\u00famero de Entradas: 2(1 Bot\u00f3n de Salida &#8211; 1 Sensor de Puerta)<\/p>\n<p>N\u00famero de Salidas: 2(1 Relay para Cerradura &#8211; 1 Relay para AUX)<\/p>\n<p>Peso: 3.6 Kg<\/p>\n<p>Capacidad para Tarjetas: 30,000<\/p>\n<p>Capacidad para Huella: 3,000<\/p>\n<p>Capacidad de eventos: 100,000<\/p>\n<p>Comunicaci\u00f3n: TCP\/IP y RS-485<\/p>\n<p>CPU: 32 bits 400Mz CPU<\/p>\n<p>RAM: 32M<\/p>\n<p>Memoria: 128M<\/p>\n<p>Voltaje: 9.6 -14.4 VCD<\/p>\n<p>Temperatura de Operaci\u00f3n: 0 &#8211; 45\u00b0 C<\/p>\n<p>Humedad de Operaci\u00f3n: 20% a 80%<\/p>\n<\/div>\n<\/div>\n","protected":false},"excerpt":{"rendered":"<p>Informaci\u00f3n General La serie de paneles InBio es la l\u00ednea de productos de seguridad m\u00e1s avanzada en la industria. Son los primeros controladores a nivel mundial en incorporar tecnolog\u00eda biom\u00e9trica de identificaci\u00f3n de huellas digitales de manera interna. La innovadora tecnolog\u00eda InBio permite al administrador&hellip;<\/p>\n","protected":false},"featured_media":8794,"comment_status":"open","ping_status":"closed","template":"","meta":{"om_disable_all_campaigns":false,"_monsterinsights_skip_tracking":false,"_monsterinsights_sitenote_active":false,"_monsterinsights_sitenote_note":"","_monsterinsights_sitenote_category":0},"product_brand":[],"product_cat":[818],"product_tag":[81,727,730,66,731,728,729],"class_list":{"0":"post-8795","1":"product","2":"type-product","3":"status-publish","4":"has-post-thumbnail","6":"product_cat-paneles-de-control-control-de-acceso-zkteco-acceso-asistencia","7":"product_tag-acceso-y-asistencia","8":"product_tag-cerraduras","9":"product_tag-commax-wulian","10":"product_tag-dahua","11":"product_tag-wejoin","12":"product_tag-yli","13":"product_tag-zkteco","15":"first","16":"instock","17":"sale","18":"taxable","19":"shipping-taxable","20":"purchasable","21":"product-type-simple"},"aioseo_notices":[],"_links":{"self":[{"href":"https:\/\/tecsecmty.com\/index.php\/wp-json\/wp\/v2\/product\/8795","targetHints":{"allow":["GET"]}}],"collection":[{"href":"https:\/\/tecsecmty.com\/index.php\/wp-json\/wp\/v2\/product"}],"about":[{"href":"https:\/\/tecsecmty.com\/index.php\/wp-json\/wp\/v2\/types\/product"}],"replies":[{"embeddable":true,"href":"https:\/\/tecsecmty.com\/index.php\/wp-json\/wp\/v2\/comments?post=8795"}],"version-history":[{"count":0,"href":"https:\/\/tecsecmty.com\/index.php\/wp-json\/wp\/v2\/product\/8795\/revisions"}],"wp:featuredmedia":[{"embeddable":true,"href":"https:\/\/tecsecmty.com\/index.php\/wp-json\/wp\/v2\/media\/8794"}],"wp:attachment":[{"href":"https:\/\/tecsecmty.com\/index.php\/wp-json\/wp\/v2\/media?parent=8795"}],"wp:term":[{"taxonomy":"product_brand","embeddable":true,"href":"https:\/\/tecsecmty.com\/index.php\/wp-json\/wp\/v2\/product_brand?post=8795"},{"taxonomy":"product_cat","embeddable":true,"href":"https:\/\/tecsecmty.com\/index.php\/wp-json\/wp\/v2\/product_cat?post=8795"},{"taxonomy":"product_tag","embeddable":true,"href":"https:\/\/tecsecmty.com\/index.php\/wp-json\/wp\/v2\/product_tag?post=8795"}],"curies":[{"name":"wp","href":"https:\/\/api.w.org\/{rel}","templated":true}]}}