{"id":8817,"date":"2023-02-23T22:29:59","date_gmt":"2023-02-24T04:29:59","guid":{"rendered":"https:\/\/tecsecmty.com\/index.php\/producto\/bosch-a_d8223-lectora-de-proximidad-interior-y-exterior-wiegand\/"},"modified":"2023-03-22T23:21:01","modified_gmt":"2023-03-23T05:21:01","slug":"bosch-a_d8223-lectora-de-proximidad-interior-y-exterior-wiegand","status":"publish","type":"product","link":"https:\/\/tecsecmty.com\/index.php\/producto\/bosch-a_d8223-lectora-de-proximidad-interior-y-exterior-wiegand\/","title":{"rendered":"BOSCH A_D8223 &#8211; Lectora de proximidad \/ Interior y exterior \/ Wiegand"},"content":{"rendered":"<h5 class=\"card-title text-center\">D8223 &#8211; Lectora de proximidad \/ Interior y exterior \/ Wiegand<\/h5>\n<p>Funciones<\/p>\n<p>Montaje f\u00e1cil<\/p>\n<p>El lector D8223 Prox Pro est\u00e1 dise\u00f1ado para adaptarse a un<\/p>\n<p>caja de interruptores de un solo grupo, est\u00e1ndar de EE. UU., montada verticalmente para<\/p>\n<p>F\u00e1cil instalaci\u00f3n. Es ajustable en campo a trav\u00e9s de un<\/p>\n<p>ajuste del puente para que se pueda montar directamente sobre el metal<\/p>\n<p>con un efecto m\u00ednimo en el rendimiento de su rango de lectura.<\/p>\n<p>Las configuraciones de pitidos y LED pueden ser de host y \/ o<\/p>\n<p>Controlado localmente<\/p>\n<p>Cuando se presenta una tarjeta de proximidad al lector, el rojo<\/p>\n<p>El LED parpadea en verde y suena el zumbador. Tanto el beeper<\/p>\n<p>y las configuraciones de LED se pueden controlar individualmente por el<\/p>\n<p>sistema anfitri\u00f3n.<\/p>\n<p>Dise\u00f1o interior \/ exterior<\/p>\n<p>La robusta carcasa de policarbonato resistente a la intemperie del<\/p>\n<p>D8223 proporciona resistencia a condiciones clim\u00e1ticas extremas y<\/p>\n<ul>\n<li class=\"ql-align-justify\">vandalismo<\/li>\n<\/ul>\n<p>Informaci\u00f3n de compatibilidad<\/p>\n<p>Credenciales D8236\u201110 Tarjeta de proximidad Wiegand<\/p>\n<p>Token de proximidad Wiegand D8236KF-10<\/p>\n<p>Etiqueta adhesiva de proximidad Wiegand D8236TG-10<\/p>\n<p>Sistemas ReadykeyPRO<\/p>\n<p>Readykey<\/p>\n<p>Panel de control D9412G<\/p>\n<p>Panel de control D7412G<\/p>\n<p>Consideraciones de conexi\u00f3n<\/p>\n<p>La longitud de cable aceptable desde el controlador de la puerta hasta el<\/p>\n<p>lector es de hasta 500 pies (152 m) cuando se utiliza 22 AWG (0,8 mm)<\/p>\n<p>cable<\/p>\n<p><img decoding=\"async\" class=\"overview-center-img-web\" src=\"https:\/\/tvc.mx\/media\/304947\/BANNER-CCTV-BOSCH-TVCENLINEA-1.png\" alt=\"\" \/><\/p>\n","protected":false},"excerpt":{"rendered":"<p>D8223 &#8211; Lectora de proximidad \/ Interior y exterior \/ Wiegand Funciones Montaje f\u00e1cil El lector D8223 Prox Pro est\u00e1 dise\u00f1ado para adaptarse a un caja de interruptores de un solo grupo, est\u00e1ndar de EE. UU., montada verticalmente para F\u00e1cil instalaci\u00f3n. Es ajustable en campo&hellip;<\/p>\n","protected":false},"featured_media":8816,"comment_status":"open","ping_status":"closed","template":"","meta":{"om_disable_all_campaigns":false,"_monsterinsights_skip_tracking":false,"_monsterinsights_sitenote_active":false,"_monsterinsights_sitenote_note":"","_monsterinsights_sitenote_category":0},"product_brand":[],"product_cat":[820],"product_tag":[81,727,730,66,731,728,729],"class_list":{"0":"post-8817","1":"product","2":"type-product","3":"status-publish","4":"has-post-thumbnail","6":"product_cat-proximidad-control-de-acceso-bosch-acceso-asistencia","7":"product_tag-acceso-y-asistencia","8":"product_tag-cerraduras","9":"product_tag-commax-wulian","10":"product_tag-dahua","11":"product_tag-wejoin","12":"product_tag-yli","13":"product_tag-zkteco","15":"first","16":"instock","17":"sale","18":"taxable","19":"shipping-taxable","20":"purchasable","21":"product-type-simple"},"aioseo_notices":[],"_links":{"self":[{"href":"https:\/\/tecsecmty.com\/index.php\/wp-json\/wp\/v2\/product\/8817","targetHints":{"allow":["GET"]}}],"collection":[{"href":"https:\/\/tecsecmty.com\/index.php\/wp-json\/wp\/v2\/product"}],"about":[{"href":"https:\/\/tecsecmty.com\/index.php\/wp-json\/wp\/v2\/types\/product"}],"replies":[{"embeddable":true,"href":"https:\/\/tecsecmty.com\/index.php\/wp-json\/wp\/v2\/comments?post=8817"}],"version-history":[{"count":0,"href":"https:\/\/tecsecmty.com\/index.php\/wp-json\/wp\/v2\/product\/8817\/revisions"}],"wp:featuredmedia":[{"embeddable":true,"href":"https:\/\/tecsecmty.com\/index.php\/wp-json\/wp\/v2\/media\/8816"}],"wp:attachment":[{"href":"https:\/\/tecsecmty.com\/index.php\/wp-json\/wp\/v2\/media?parent=8817"}],"wp:term":[{"taxonomy":"product_brand","embeddable":true,"href":"https:\/\/tecsecmty.com\/index.php\/wp-json\/wp\/v2\/product_brand?post=8817"},{"taxonomy":"product_cat","embeddable":true,"href":"https:\/\/tecsecmty.com\/index.php\/wp-json\/wp\/v2\/product_cat?post=8817"},{"taxonomy":"product_tag","embeddable":true,"href":"https:\/\/tecsecmty.com\/index.php\/wp-json\/wp\/v2\/product_tag?post=8817"}],"curies":[{"name":"wp","href":"https:\/\/api.w.org\/{rel}","templated":true}]}}