{"id":8837,"date":"2023-02-23T22:30:20","date_gmt":"2023-02-24T04:30:20","guid":{"rendered":"https:\/\/tecsecmty.com\/index.php\/producto\/zkteco-wr485-convertidor-de-conexion-rs485-a-wiegand-compatible-con-panel-de-control-de-acceso-c2260\/"},"modified":"2023-03-22T23:25:37","modified_gmt":"2023-03-23T05:25:37","slug":"zkteco-wr485-convertidor-de-conexion-rs485-a-wiegand-compatible-con-panel-de-control-de-acceso-c2260","status":"publish","type":"product","link":"https:\/\/tecsecmty.com\/index.php\/producto\/zkteco-wr485-convertidor-de-conexion-rs485-a-wiegand-compatible-con-panel-de-control-de-acceso-c2260\/","title":{"rendered":"ZKTECO WR485 &#8211; Convertidor de Conexi\u00f3n RS485 a Wiegand \/ Compatible con Panel de Control de Acceso C2260"},"content":{"rendered":"<h5 class=\"card-title text-center\">Informaci\u00f3n General<\/h5>\n<h4><strong>Descripci\u00f3n<\/strong><\/h4>\n<p>El convertidor de interfaz ZKTeco WR485 le permite convertir la se\u00f1al de 1 lector Wiegand al est\u00e1ndar RS485, lo que le permite utilizar la mayor\u00eda de los lectores compatibles con Wiegand est\u00e1ndar con el controlador ZKTeco C2-260.<\/p>\n<p>El controlador C2-260 admite hasta 4 de estos adaptadores. A cada uno de los adaptadores se le puede asignar su propia direcci\u00f3n en el bus RS485.<\/p>\n<p><img decoding=\"async\" class=\"overview-center-img-web\" src=\"https:\/\/tvc.mx\/media\/233507\/Convertidor-Conexi%C3%B3n-rs485-Wiegand-Descripci%C3%B3n-WR485-ZKTeco.png\" alt=\"\" \/><\/p>\n","protected":false},"excerpt":{"rendered":"<p>Informaci\u00f3n General Descripci\u00f3n El convertidor de interfaz ZKTeco WR485 le permite convertir la se\u00f1al de 1 lector Wiegand al est\u00e1ndar RS485, lo que le permite utilizar la mayor\u00eda de los lectores compatibles con Wiegand est\u00e1ndar con el controlador ZKTeco C2-260. El controlador C2-260 admite hasta&hellip;<\/p>\n","protected":false},"featured_media":8836,"comment_status":"open","ping_status":"closed","template":"","meta":{"om_disable_all_campaigns":false,"_monsterinsights_skip_tracking":false,"_monsterinsights_sitenote_active":false,"_monsterinsights_sitenote_note":"","_monsterinsights_sitenote_category":0},"product_brand":[],"product_cat":[819],"product_tag":[81,727,730,66,731,728,729],"class_list":{"0":"post-8837","1":"product","2":"type-product","3":"status-publish","4":"has-post-thumbnail","6":"product_cat-proximidad-control-de-acceso-zkteco-acceso-asistencia","7":"product_tag-acceso-y-asistencia","8":"product_tag-cerraduras","9":"product_tag-commax-wulian","10":"product_tag-dahua","11":"product_tag-wejoin","12":"product_tag-yli","13":"product_tag-zkteco","15":"first","16":"instock","17":"sale","18":"taxable","19":"shipping-taxable","20":"purchasable","21":"product-type-simple"},"aioseo_notices":[],"_links":{"self":[{"href":"https:\/\/tecsecmty.com\/index.php\/wp-json\/wp\/v2\/product\/8837","targetHints":{"allow":["GET"]}}],"collection":[{"href":"https:\/\/tecsecmty.com\/index.php\/wp-json\/wp\/v2\/product"}],"about":[{"href":"https:\/\/tecsecmty.com\/index.php\/wp-json\/wp\/v2\/types\/product"}],"replies":[{"embeddable":true,"href":"https:\/\/tecsecmty.com\/index.php\/wp-json\/wp\/v2\/comments?post=8837"}],"version-history":[{"count":0,"href":"https:\/\/tecsecmty.com\/index.php\/wp-json\/wp\/v2\/product\/8837\/revisions"}],"wp:featuredmedia":[{"embeddable":true,"href":"https:\/\/tecsecmty.com\/index.php\/wp-json\/wp\/v2\/media\/8836"}],"wp:attachment":[{"href":"https:\/\/tecsecmty.com\/index.php\/wp-json\/wp\/v2\/media?parent=8837"}],"wp:term":[{"taxonomy":"product_brand","embeddable":true,"href":"https:\/\/tecsecmty.com\/index.php\/wp-json\/wp\/v2\/product_brand?post=8837"},{"taxonomy":"product_cat","embeddable":true,"href":"https:\/\/tecsecmty.com\/index.php\/wp-json\/wp\/v2\/product_cat?post=8837"},{"taxonomy":"product_tag","embeddable":true,"href":"https:\/\/tecsecmty.com\/index.php\/wp-json\/wp\/v2\/product_tag?post=8837"}],"curies":[{"name":"wp","href":"https:\/\/api.w.org\/{rel}","templated":true}]}}