{"id":8895,"date":"2023-02-23T22:31:48","date_gmt":"2023-02-24T04:31:48","guid":{"rendered":"https:\/\/tecsecmty.com\/index.php\/producto\/bosch-a_amsxcrd100v30-licencia-para-100-tarjetas-id\/"},"modified":"2023-03-22T23:20:57","modified_gmt":"2023-03-23T05:20:57","slug":"bosch-a_amsxcrd100v30-licencia-para-100-tarjetas-id","status":"publish","type":"product","link":"https:\/\/tecsecmty.com\/index.php\/producto\/bosch-a_amsxcrd100v30-licencia-para-100-tarjetas-id\/","title":{"rendered":"BOSCH A_AMSXCRD100V30- Licencia para 100 Tarjetas ID"},"content":{"rendered":"<div class=\"row aling-items-center padding-bottom-2x\">\n<div class=\"col-lg-12\">\n<h5 class=\"card-title text-center\">Descripci\u00f3n inicial<\/h5>\n<p>a<\/p>\n<p><img decoding=\"async\" class=\"overview-center-img-web\" src=\"https:\/\/tvc.mx\/media\/333638\/BANNER-ACCESO.png\" alt=\"\" \/><\/div>\n<\/div>\n<div class=\"row align-items-center padding-bottom-2x\">\n<div class=\"col-md-5 order-md-2\"><img decoding=\"async\" class=\"d-block m-auto img-thumbnail\" src=\"https:\/\/tvc.mx\/media\/333641\/ams400x300.png\" alt=\" \" \/><\/div>\n<div class=\"col-md-7 order-md-1 text-md-left text-center\">\n<h2>Caracter\u00edsticas y Especificaciones<\/h2>\n<p class=\"text-muted\">\n<h5><strong>Caracter\u00edsticas y Especificaciones<\/strong><\/h5>\n<p class=\"ql-align-justify\">Access Management System (AMS) es un sistema de control de acceso que se puede utilizar como aplicaci\u00f3n independiente o integrado con otros sistemas, como Bosch Video Management System (BVMS). \u2022 Como sistema independiente cuenta con un visor de mapas y de alarmas f\u00e1cil de usar para realizar una evaluaci\u00f3n r\u00e1pida de todos los dispositivos y las entradas en las instalaciones. \u2022 Como sistema integrado, permite al operador de un sistema de gesti\u00f3n de v\u00eddeo realizar tareas relacionadas con las puertas, como verificar ID mediante v\u00eddeo, conceder y denegar el acceso o desactivar puertas. AMS combina la resistencia, el rendimiento y las caracter\u00edsticas de los productos de control de acceso de gama alta con una interfaz de usuario moderna que facilita la instalaci\u00f3n y configuraci\u00f3n. La gama de dispositivos de control de acceso de Bosch disponibles se puede analizar e integrar f\u00e1cilmente. La privacidad de los datos y la seguridad de TI es vanguardista para cumplir con las normas de protecci\u00f3n de datos m\u00e1s recientes.<\/p>\n<p class=\"ql-align-justify\"><strong>Descripci\u00f3n del sistema<\/strong><\/p>\n<p class=\"ql-align-justify\">Access Management Server El servidor es el componente principal del procesamiento de datos. Coordina las actividades de todos los componentes de hardware y software que se describen a continuaci\u00f3n.<\/p>\n<p class=\"ql-align-justify\"><strong>Master Access Controller (MAC)<\/strong><\/p>\n<p class=\"ql-align-justify\">El MAC es una capa de seguridad adicional para aumentar la disponibilidad del sistema. Mantiene su propia base de datos para intercambiar informaci\u00f3n entre varios AMC, incluso si el servidor principal o a la red est\u00e1n apagados.<\/p>\n<p class=\"ql-align-justify\">Access Modular Controller (AMC) el AMC es un controlador de campo s\u00f3lido y fiable que se puede conectar hasta con 8 puertas con lectores y pestillos. Gracias a su gran memoria interna, el AMC puede tomar decisiones aut\u00f3nomas y almacenar cientos de miles de eventos de acceso independientemente de las interrupciones de la red.<\/p>\n<p class=\"ql-align-justify\"><strong>Base de datos de Access Management SQL server<\/strong><\/p>\n<p class=\"ql-align-justify\">Contiene todos los datos maestros (titulares de tarjeta, tarjetas, autorizaciones, horarios, etc.) y tambi\u00e9n todos los eventos de acceso. La versi\u00f3n m\u00e1s reciente proporciona funciones de cifrado para proteger los datos personales contra el uso indebido o el robo.<\/p>\n<p class=\"ql-align-justify\"><strong>Administrador de cuadros de di\u00e1logo de Access Management (Dialog Manager)<\/strong>\u00a0Dialog Manager es la interfaz de usuario principal utilizada para configurar el sistema y para recopilar y mantener la informaci\u00f3n relativa al acceso. En particular se utilizan los cuadros de di\u00e1logo de personal para registrar a nuevos titulares de tarjeta y conservar sus autorizaciones de acceso y sus credenciales.<\/p>\n<p class=\"ql-align-justify\"><strong>Map View de Access Management<\/strong><\/p>\n<p class=\"ql-align-justify\">Map View es una aplicaci\u00f3n f\u00e1cil de usar tanto para visualizar la situaci\u00f3n de seguridad de las instalaciones en conjunto como para ampliar los detalles. Muestra las infracciones de acceso, los sabotajes y las alarmas por mal funcionamiento y permite enviar comandos directamente desde los mapas.<\/p>\n<p class=\"ql-align-justify\"><strong>Interfaz de BVMS para Access Management<\/strong><\/p>\n<p class=\"ql-align-justify\">La integraci\u00f3n perfecta con BVMS (versi\u00f3n 10.1 o posterior) permite verificar las identidades de titulares de tarjetas desde Operator Client de BVMS: una persona que solicita acceso con una tarjeta v\u00e1lida puede someterse a verificaci\u00f3n manualmente a trav\u00e9s de la transmisi\u00f3n de im\u00e1genes de la c\u00e1mara en directo y la fotograf\u00eda del titular de la tarjeta que consta en la base de datos. Los eventos de c\u00e1mara pueden activar acciones de puertas.<\/p>\n<p class=\"ql-align-justify\">Los eventos de puerta pueden activar acciones de c\u00e1maras.<\/p>\n<p class=\"ql-align-justify\">Interfaz de Intrusi\u00f3n para Gesti\u00f3n de Accesos Gesti\u00f3n de hasta 25 paneles de intrusi\u00f3n B Series y G Series. Muestra estados de \u00e1reas (p. ej., armado, listo para armar), estados detectores y eventos de intrusi\u00f3n en Map View. Permite enviar comandos (p. ej., armar, desarmar) a paneles.<\/p>\n<p class=\"ql-align-justify\"><strong>SDK para Access Management<\/strong><\/p>\n<p class=\"ql-align-justify\">Este SDK facilita la integraci\u00f3n de sistemas de terceros en AMS, por ejemplo, un sistema de gesti\u00f3n de identidad o de visitantes. Una ventaja particular es su capacidad de reutilizar las integraciones de terceros escritas inicialmente para BIS Access Engine.<\/p>\n<p class=\"ql-align-justify\"><strong>Acceder al importador\/exportador<\/strong><\/p>\n<p class=\"ql-align-justify\">Esta herramienta facilita la importaci\u00f3n y exportaci\u00f3n de datos desde sistemas externos para la migraci\u00f3n de datos por una sola vez,por ejemplo, desde sistemas Access PE, o la transferencia peri\u00f3dica de datos desde Active Directory mediante el protocolo LDAP. Diagramas de topolog\u00eda Los diagramas siguientes muestran configuraciones de AMS sin y con BVMS<\/p>\n<\/div>\n<\/div>\n","protected":false},"excerpt":{"rendered":"<p>Descripci\u00f3n inicial a Caracter\u00edsticas y Especificaciones Caracter\u00edsticas y Especificaciones Access Management System (AMS) es un sistema de control de acceso que se puede utilizar como aplicaci\u00f3n independiente o integrado con otros sistemas, como Bosch Video Management System (BVMS). \u2022 Como sistema independiente cuenta con un&hellip;<\/p>\n","protected":false},"featured_media":8894,"comment_status":"open","ping_status":"closed","template":"","meta":{"om_disable_all_campaigns":false,"_monsterinsights_skip_tracking":false,"_monsterinsights_sitenote_active":false,"_monsterinsights_sitenote_note":"","_monsterinsights_sitenote_category":0},"product_brand":[],"product_cat":[822],"product_tag":[81,727,730,66,731,728,729],"class_list":{"0":"post-8895","1":"product","2":"type-product","3":"status-publish","4":"has-post-thumbnail","6":"product_cat-software-acceso","7":"product_tag-acceso-y-asistencia","8":"product_tag-cerraduras","9":"product_tag-commax-wulian","10":"product_tag-dahua","11":"product_tag-wejoin","12":"product_tag-yli","13":"product_tag-zkteco","15":"first","16":"instock","17":"sale","18":"taxable","19":"shipping-taxable","20":"purchasable","21":"product-type-simple"},"aioseo_notices":[],"_links":{"self":[{"href":"https:\/\/tecsecmty.com\/index.php\/wp-json\/wp\/v2\/product\/8895","targetHints":{"allow":["GET"]}}],"collection":[{"href":"https:\/\/tecsecmty.com\/index.php\/wp-json\/wp\/v2\/product"}],"about":[{"href":"https:\/\/tecsecmty.com\/index.php\/wp-json\/wp\/v2\/types\/product"}],"replies":[{"embeddable":true,"href":"https:\/\/tecsecmty.com\/index.php\/wp-json\/wp\/v2\/comments?post=8895"}],"version-history":[{"count":0,"href":"https:\/\/tecsecmty.com\/index.php\/wp-json\/wp\/v2\/product\/8895\/revisions"}],"wp:featuredmedia":[{"embeddable":true,"href":"https:\/\/tecsecmty.com\/index.php\/wp-json\/wp\/v2\/media\/8894"}],"wp:attachment":[{"href":"https:\/\/tecsecmty.com\/index.php\/wp-json\/wp\/v2\/media?parent=8895"}],"wp:term":[{"taxonomy":"product_brand","embeddable":true,"href":"https:\/\/tecsecmty.com\/index.php\/wp-json\/wp\/v2\/product_brand?post=8895"},{"taxonomy":"product_cat","embeddable":true,"href":"https:\/\/tecsecmty.com\/index.php\/wp-json\/wp\/v2\/product_cat?post=8895"},{"taxonomy":"product_tag","embeddable":true,"href":"https:\/\/tecsecmty.com\/index.php\/wp-json\/wp\/v2\/product_tag?post=8895"}],"curies":[{"name":"wp","href":"https:\/\/api.w.org\/{rel}","templated":true}]}}