{"id":8993,"date":"2023-02-23T22:34:46","date_gmt":"2023-02-24T04:34:46","guid":{"rendered":"https:\/\/tecsecmty.com\/index.php\/producto\/bosch-v_bisxace100c44-licencia-para-bis-ace44-100-tarjetas-id-adicionales\/"},"modified":"2023-03-22T23:21:40","modified_gmt":"2023-03-23T05:21:40","slug":"bosch-v_bisxace100c44-licencia-para-bis-ace44-100-tarjetas-id-adicionales","status":"publish","type":"product","link":"https:\/\/tecsecmty.com\/index.php\/producto\/bosch-v_bisxace100c44-licencia-para-bis-ace44-100-tarjetas-id-adicionales\/","title":{"rendered":"BOSCH V_BISXACE100C44- LICENCIA PARA BIS ACE44 100 TARJETAS ID ADICIONALES"},"content":{"rendered":"<h5 class=\"card-title text-center\">100 tarjetas de ID adicionales para ACE 4.4<\/h5>\n<p class=\"ql-align-justify\">El control de accesos se ha convertido en la actualidad en una de las principales tecnolog\u00edas para aumentar la seguridad de las personas, las propiedades y los bienes.<strong>\u00a0BIS Access Engine<\/strong>\u00a0y los sofisticados productos de controladores de seguridad proveen una completa gama de funciones de control de accesos.<\/p>\n<p class=\"ql-align-justify\">Combine el paquete b\u00e1sico de<strong>\u00a0Access Engine\u00a0<\/strong>con funciones opcionales para crear un sistema de control de accesos personalizado que cumpla con sus necesidades. A continuaci\u00f3n, utilice el software\u00a0<strong>Building Integration System<\/strong>\u00a0para integrar\u00a0<strong>Access Engine<\/strong>\u00a0con su equipo de seguridad de i<strong>ntrusi\u00f3n y de v\u00eddeo<\/strong>.<\/p>\n<p class=\"ql-align-justify\"><strong>Resumen del sistema<\/strong><\/p>\n<p class=\"ql-align-justify\"><strong>El software de Access Engine (ACE)<\/strong>, junto con el hardware de acceso de Bosch, es un sistema completo de control de accesos de\u00a0<strong>Building Integration System (BIS)<\/strong>. Contiene todas las funciones fundamentales de cualquier sistema de control de accesos independiente, a las que a\u00f1ade una completa gama de mejoras opcionales.<\/p>\n<p class=\"ql-align-justify\">Al igual que el resto de los engines de<strong>\u00a0BIS, ACE<\/strong>\u00a0aprovecha al m\u00e1ximo todas las funciones adicionales de BIS, como los mapas de ubicaciones interactivos y los planes de acci\u00f3n, para proporcionar una administraci\u00f3n de alarmas de gran potencia y totalmente integrada. Los mensajes de alarmas y los eventos de control de accesos se pueden visualizar con informaci\u00f3n gr\u00e1fica sobre las ubicaciones e instrucciones sobre el flujo de trabajo.<\/p>\n<p class=\"ql-align-justify\"><strong>ACE\u00a0<\/strong>emplea las interfaces de usuario de\u00a0<strong>BIS\u00a0<\/strong>est\u00e1ndar y su flexibilidad para la personalizaci\u00f3n. Adem\u00e1s, provee interfaces de configuraci\u00f3n de accesos espec\u00edficas para usuarios de tarjetas, hardware de acceso y reglas de acceso.<\/p>\n<p class=\"ql-align-justify\">La principal ventaja de la gama de\u00a0<strong>BIS\u00a0<\/strong>es la integraci\u00f3n de una gran variedad de sistemas de seguridad dentro de unas mismas instalaciones. La combinaci\u00f3n del\u00a0<strong>ACE\u00a0<\/strong>con otros engines de\u00a0<strong>BIS (por ejemplo, Automation y Video)<\/strong>, permite dise\u00f1ar soluciones de seguridad inteligentes personalizadas para satisfacer los requisitos de su especificaci\u00f3n del servicio.<\/p>\n<p class=\"ql-align-justify\">La principal ventaja de la gama de BIS es la integraci\u00f3n de una gran variedad de sistemas de seguridad dentro de unas mismas instalaciones. La combinaci\u00f3n del\u00a0<strong>ACE\u00a0<\/strong>con otros engines de\u00a0<strong>BIS (por ejemplo, Automation y Video)<\/strong>, permite dise\u00f1ar soluciones de seguridad inteligentes personalizadas para satisfacer los requisitos de su especificaci\u00f3n del servicio.<\/p>\n<p class=\"ql-align-justify\"><strong>Funciones b\u00e1sicas<\/strong><\/p>\n<p class=\"ql-align-justify\">El paquete b\u00e1sico de\u00a0<strong>Access Engine<\/strong>, junto con los controladores de accesos de\u00a0<strong>AMC<\/strong>, provee las siguientes funciones:<\/p>\n<ul>\n<li class=\"ql-align-justify\">Una amplia gama de modelos de configuraci\u00f3n de puertas intuitivos que le permiten lograr una configuraci\u00f3n del hardware m\u00e1s simple y r\u00e1pida (por ejemplo, puerta est\u00e1ndar, molinete, ascensor con lector de entrada\/salida, etc.).<\/li>\n<li class=\"ql-align-justify\">El cuadro de di\u00e1logo de configuraci\u00f3n de modelos de puertas genera un dise\u00f1o de cableado para la instalaci\u00f3n del hardware<\/li>\n<li class=\"ql-align-justify\">Activaci\u00f3n instant\u00e1nea de configuraciones de lectoras y usuarios de tarjeta en los controladores de acceso.<\/li>\n<li class=\"ql-align-justify\">Modelos de hora para el control de acceso en base a horarios, lo que incluye la definici\u00f3n de d\u00edas especiales, feriados oficiales habituales, etc.<\/li>\n<li class=\"ql-align-justify\">Modelos de hora para la activaci\u00f3n y desactivaci\u00f3n autom\u00e1tica de cuentas de usuarios de tarjeta, como reglas de acceso, c\u00f3digos PIN, etc.<\/li>\n<li class=\"ql-align-justify\">Modelos de hora para la activaci\u00f3n y desactivaci\u00f3n autom\u00e1tica de la configuraci\u00f3n del sistema, como el desbloqueo de una puerta desde las 9 a. m. a las 5 p. m.<\/li>\n<li class=\"ql-align-justify\">C\u00f3digo de PIN adicional para activar o desactivar alarmas contra intrusos<\/li>\n<li class=\"ql-align-justify\">Bloqueo\/desbloqueo temporal de usuarios de tarjeta, ya sea de forma manual o con control temporal .<\/li>\n<li class=\"ql-align-justify\">Lista negra de tarjetas.<\/li>\n<li class=\"ql-align-justify\">Campos de entrada que el usuario puede definir para obtener informaci\u00f3n complementaria de los usuarios de tarjeta .<\/li>\n<li class=\"ql-align-justify\">Anti-retorno .<\/li>\n<li class=\"ql-align-justify\">El equilibrio de \u00e1reas de acceso, que incluye la comprobaci\u00f3n de la secuencia de accesos, proporciona una forma de limitar el n\u00famero de personas que hay en un \u00e1rea concreta, el armado\/ desarmado autom\u00e1ticos si el \u00e1rea est\u00e1 o no vac\u00eda y la generaci\u00f3n de cuadros de obligaciones.<\/li>\n<li class=\"ql-align-justify\">La autorizaci\u00f3n para N personas otorgar\u00e1 acceso en cada puerta s\u00f3lo cuando un n\u00famero definido (N) de usuarios de tarjetas autorizados presenten sus credenciales en una lectora configurada de forma correspondiente. La configuraci\u00f3n se puede realizar de lectora en lectora y desde 2 a N personas (sin l\u00edmite).<\/li>\n<li class=\"ql-align-justify\">Funci\u00f3n de esclusa para gestionar dos puertas coordinadas con dos pares de lectoras; permite conseguir grandes niveles de seguridad; por ejemplo, en entradas a centros inform\u00e1ticos o departamentos de investigaci\u00f3n<\/li>\n<li class=\"ql-align-justify\">Ronda de guardia: sofisticado sistema seguimiento mediante patrulla que emplea las lectoras de control de accesos existentes y la comprobaci\u00f3n de secuencias y horas de acceso. Cualquier infracci\u00f3n de la secuencia o del horario de la patrulla provoca una alarma, de la que se realiza un seguimiento mediante las avanzadas funciones de administraci\u00f3n de alarmas de BIS. Los reportes de la ronda de guardia se pueden generar desde el registro de eventos de BIS.<\/li>\n<\/ul>\n<p class=\"ql-align-justify\"><strong>Piezas incluidas<\/strong><\/p>\n<p class=\"ql-align-justify\"><strong>La ampliaci\u00f3n del paquete b\u00e1sico de Access Engine de BIS incluye las siguientes licencias:<\/strong><\/p>\n<ul>\n<li class=\"ql-align-justify\">Licencia para 1000 tarjetas.<\/li>\n<li class=\"ql-align-justify\">Licencia para 32 entradas.<\/li>\n<li class=\"ql-align-justify\">Equilibrio de \u00e1reas de acceso.<\/li>\n<li class=\"ql-align-justify\">Autorizaci\u00f3n para N personas.<\/li>\n<li class=\"ql-align-justify\">Esclusa.<\/li>\n<li class=\"ql-align-justify\">Ronda de guardia.<\/li>\n<li class=\"ql-align-justify\">Comprobaci\u00f3n aleatoria.<\/li>\n<li class=\"ql-align-justify\">Administraci\u00f3n de visitantes.<\/li>\n<li class=\"ql-align-justify\">Interfaz de armado\/desarmado de IDS.<\/li>\n<li class=\"ql-align-justify\">Interfaz de ascensor.<\/li>\n<li class=\"ql-align-justify\">Interfaz de importaci\u00f3n\/exportaci\u00f3n.<\/li>\n<li class=\"ql-align-justify\">Creaci\u00f3n de rutas.<\/li>\n<li class=\"ql-align-justify\">Desbloqueo de puertas remoto.<\/li>\n<li class=\"ql-align-justify\">Personalizaci\u00f3n de tarjetas.<\/li>\n<\/ul>\n<p class=\"ql-align-justify\"><strong>Nota: 100 tarjetas de ID adicionales para ACE 4.4<\/strong><\/p>\n<p class=\"ql-align-justify\"><strong>Licencia para 100 tarjetas adicionales para BIS ACE.<\/strong><\/p>\n<p class=\"ql-align-justify\"><strong>N\u00famero de pedido: BIS-XACE-100C44<\/strong>.<\/p>\n<p class=\"ql-align-justify\"><strong>Principales Caracter\u00edsticas:<\/strong><\/p>\n<ul>\n<li class=\"ql-align-justify\">Control sofisticado de accesos con administraci\u00f3n directa de alarmas.<\/li>\n<li class=\"ql-align-justify\">Integraci\u00f3n e interacci\u00f3n perfectas con sistemas de video, incendio, intrusi\u00f3n y sistemas PA\/VA mediante la plataforma BIS com\u00fan.<\/li>\n<li class=\"ql-align-justify\">Configuraci\u00f3n f\u00e1cil de instalar mediante el uso de definiciones de plantillas de modelos de puertas y la importaci\u00f3n de los datos de usuario de tarjeta existentes.<\/li>\n<li class=\"ql-align-justify\">Administraci\u00f3n avanzada de la zona de estacionamiento y visitas.<\/li>\n<li class=\"ql-align-justify\">Integraci\u00f3n de productos de terceros mediante protocolos abiertos y SDK.<\/li>\n<\/ul>\n<p><img decoding=\"async\" class=\"overview-center-img- aligncenter\" src=\"https:\/\/tvc.mx\/media\/16221\/Logoopaginas-oficial.png\" alt=\"\" \/><\/p>\n","protected":false},"excerpt":{"rendered":"<p>100 tarjetas de ID adicionales para ACE 4.4 El control de accesos se ha convertido en la actualidad en una de las principales tecnolog\u00edas para aumentar la seguridad de las personas, las propiedades y los bienes.\u00a0BIS Access Engine\u00a0y los sofisticados productos de controladores de seguridad&hellip;<\/p>\n","protected":false},"featured_media":8992,"comment_status":"open","ping_status":"closed","template":"","meta":{"om_disable_all_campaigns":false,"_monsterinsights_skip_tracking":false,"_monsterinsights_sitenote_active":false,"_monsterinsights_sitenote_note":"","_monsterinsights_sitenote_category":0},"product_brand":[],"product_cat":[822],"product_tag":[81,727,730,66,731,728,729],"class_list":{"0":"post-8993","1":"product","2":"type-product","3":"status-publish","4":"has-post-thumbnail","6":"product_cat-software-acceso","7":"product_tag-acceso-y-asistencia","8":"product_tag-cerraduras","9":"product_tag-commax-wulian","10":"product_tag-dahua","11":"product_tag-wejoin","12":"product_tag-yli","13":"product_tag-zkteco","15":"first","16":"instock","17":"sale","18":"taxable","19":"shipping-taxable","20":"purchasable","21":"product-type-simple"},"aioseo_notices":[],"_links":{"self":[{"href":"https:\/\/tecsecmty.com\/index.php\/wp-json\/wp\/v2\/product\/8993","targetHints":{"allow":["GET"]}}],"collection":[{"href":"https:\/\/tecsecmty.com\/index.php\/wp-json\/wp\/v2\/product"}],"about":[{"href":"https:\/\/tecsecmty.com\/index.php\/wp-json\/wp\/v2\/types\/product"}],"replies":[{"embeddable":true,"href":"https:\/\/tecsecmty.com\/index.php\/wp-json\/wp\/v2\/comments?post=8993"}],"version-history":[{"count":0,"href":"https:\/\/tecsecmty.com\/index.php\/wp-json\/wp\/v2\/product\/8993\/revisions"}],"wp:featuredmedia":[{"embeddable":true,"href":"https:\/\/tecsecmty.com\/index.php\/wp-json\/wp\/v2\/media\/8992"}],"wp:attachment":[{"href":"https:\/\/tecsecmty.com\/index.php\/wp-json\/wp\/v2\/media?parent=8993"}],"wp:term":[{"taxonomy":"product_brand","embeddable":true,"href":"https:\/\/tecsecmty.com\/index.php\/wp-json\/wp\/v2\/product_brand?post=8993"},{"taxonomy":"product_cat","embeddable":true,"href":"https:\/\/tecsecmty.com\/index.php\/wp-json\/wp\/v2\/product_cat?post=8993"},{"taxonomy":"product_tag","embeddable":true,"href":"https:\/\/tecsecmty.com\/index.php\/wp-json\/wp\/v2\/product_tag?post=8993"}],"curies":[{"name":"wp","href":"https:\/\/api.w.org\/{rel}","templated":true}]}}