{"id":9033,"date":"2023-02-23T22:36:07","date_gmt":"2023-02-24T04:36:07","guid":{"rendered":"https:\/\/tecsecmty.com\/index.php\/producto\/zkteco-wdmsadd-upgrade-para-agregar-adms-en-equipos-zk-compatible-con-biotime-7-y-biotime-pro-unitaria\/"},"modified":"2023-03-22T23:25:36","modified_gmt":"2023-03-23T05:25:36","slug":"zkteco-wdmsadd-upgrade-para-agregar-adms-en-equipos-zk-compatible-con-biotime-7-y-biotime-pro-unitaria","status":"publish","type":"product","link":"https:\/\/tecsecmty.com\/index.php\/producto\/zkteco-wdmsadd-upgrade-para-agregar-adms-en-equipos-zk-compatible-con-biotime-7-y-biotime-pro-unitaria\/","title":{"rendered":"ZKTECO WDMSADD &#8211; Upgrade para agregar ADMS en equipos ZK \/ Compatible con BioTime 7 y BioTime Pro \/ Unitaria"},"content":{"rendered":"<h5 class=\"card-title text-center\">Informaci\u00f3n General<\/h5>\n<p>Firmware para agregar ADMS o Funci\u00f3n de Bell externo en equipos que soportan la funci\u00f3n.<\/p>\n<p>Datos para solicitar el Firmware:<\/p>\n<p>1.- Modelo del equipo<\/p>\n<p>2.-Mac address del equipo<\/p>\n<p>3.-N\/S del equipo<\/p>\n<p>4.- Firmware del equipo<\/p>\n<p><img decoding=\"async\" class=\"overview-center-img-web\" src=\"https:\/\/tvc.mx\/media\/47157\/Zkteco1920x400.jpg\" alt=\"\" \/><\/p>\n","protected":false},"excerpt":{"rendered":"<p>Informaci\u00f3n General Firmware para agregar ADMS o Funci\u00f3n de Bell externo en equipos que soportan la funci\u00f3n. Datos para solicitar el Firmware: 1.- Modelo del equipo 2.-Mac address del equipo 3.-N\/S del equipo 4.- Firmware del equipo<\/p>\n","protected":false},"featured_media":9032,"comment_status":"open","ping_status":"closed","template":"","meta":{"om_disable_all_campaigns":false,"_monsterinsights_skip_tracking":false,"_monsterinsights_sitenote_active":false,"_monsterinsights_sitenote_note":"","_monsterinsights_sitenote_category":0},"product_brand":[],"product_cat":[823],"product_tag":[81,727,730,66,731,728,729],"class_list":{"0":"post-9033","1":"product","2":"type-product","3":"status-publish","4":"has-post-thumbnail","6":"product_cat-software-acceso-control-de-acceso-zkteco-acceso-asistencia","7":"product_tag-acceso-y-asistencia","8":"product_tag-cerraduras","9":"product_tag-commax-wulian","10":"product_tag-dahua","11":"product_tag-wejoin","12":"product_tag-yli","13":"product_tag-zkteco","15":"first","16":"instock","17":"sale","18":"taxable","19":"shipping-taxable","20":"purchasable","21":"product-type-simple"},"aioseo_notices":[],"_links":{"self":[{"href":"https:\/\/tecsecmty.com\/index.php\/wp-json\/wp\/v2\/product\/9033","targetHints":{"allow":["GET"]}}],"collection":[{"href":"https:\/\/tecsecmty.com\/index.php\/wp-json\/wp\/v2\/product"}],"about":[{"href":"https:\/\/tecsecmty.com\/index.php\/wp-json\/wp\/v2\/types\/product"}],"replies":[{"embeddable":true,"href":"https:\/\/tecsecmty.com\/index.php\/wp-json\/wp\/v2\/comments?post=9033"}],"version-history":[{"count":0,"href":"https:\/\/tecsecmty.com\/index.php\/wp-json\/wp\/v2\/product\/9033\/revisions"}],"wp:featuredmedia":[{"embeddable":true,"href":"https:\/\/tecsecmty.com\/index.php\/wp-json\/wp\/v2\/media\/9032"}],"wp:attachment":[{"href":"https:\/\/tecsecmty.com\/index.php\/wp-json\/wp\/v2\/media?parent=9033"}],"wp:term":[{"taxonomy":"product_brand","embeddable":true,"href":"https:\/\/tecsecmty.com\/index.php\/wp-json\/wp\/v2\/product_brand?post=9033"},{"taxonomy":"product_cat","embeddable":true,"href":"https:\/\/tecsecmty.com\/index.php\/wp-json\/wp\/v2\/product_cat?post=9033"},{"taxonomy":"product_tag","embeddable":true,"href":"https:\/\/tecsecmty.com\/index.php\/wp-json\/wp\/v2\/product_tag?post=9033"}],"curies":[{"name":"wp","href":"https:\/\/api.w.org\/{rel}","templated":true}]}}