{"id":9039,"date":"2023-02-23T22:36:13","date_gmt":"2023-02-24T04:36:13","guid":{"rendered":"https:\/\/tecsecmty.com\/index.php\/producto\/zkteco-zkbshotelp25-licencia-vitalicia-para-modulo-de-hoteleria-biosecurity-capacidad-25-cerraduras-hoteleras\/"},"modified":"2023-03-22T23:25:37","modified_gmt":"2023-03-23T05:25:37","slug":"zkteco-zkbshotelp25-licencia-vitalicia-para-modulo-de-hoteleria-biosecurity-capacidad-25-cerraduras-hoteleras","status":"publish","type":"product","link":"https:\/\/tecsecmty.com\/index.php\/producto\/zkteco-zkbshotelp25-licencia-vitalicia-para-modulo-de-hoteleria-biosecurity-capacidad-25-cerraduras-hoteleras\/","title":{"rendered":"ZKTECO ZKBSHOTELP25 &#8211; Licencia vitalicia para Modulo de Hoteler\u00eda Biosecurity Capacidad 25 Cerraduras Hoteleras"},"content":{"rendered":"<div class=\"row aling-items-center padding-bottom-2x\">\n<div class=\"col-lg-12\">\n<h5 class=\"card-title text-center\">Informaci\u00f3n General<\/h5>\n<h5 class=\"ql-align-justify\"><strong>ZKBioSecurity<\/strong>\u00a0es la \u00faltima plataforma de seguridad basada en web\u00a0<em>\u201cTodo en Uno\u201d<\/em>\u00a0desarrollada por\u00a0<u>ZKTeco<\/u>. Contiene m\u00faltiples m\u00f3dulos integrados: Control de Acceso, Tiempo y Asistencia, Elevadores (Conectado\/ Desconectado), Gesti\u00f3n de Hotel, Gesti\u00f3n de Visitantes, Estacionamiento, Patrullaje y Video. Con una arquitectura de sistema optimizada dise\u00f1ada para identificaci\u00f3n biom\u00e9trica de alto nivel y una interfaz de usuario moderna y amigable,\u00a0<strong>ZKBioSecurity<\/strong>\u00a0proporciona la soluci\u00f3n m\u00e1s avanzada para una nueva experiencia de usuario. (Cada modulo se adquiere por separado)<\/h5>\n<h5>El\u00a0<strong><u>Modulo de Hotel<\/u><\/strong>\u00a0brinda funciones para configuraci\u00f3n de cerraduras y gesti\u00f3n de hu\u00e9spedes como check in, check out, extensi\u00f3n de estad\u00eda, tarifas, entre otras.<\/h5>\n<p><img decoding=\"async\" class=\"overview-center-img-web\" src=\"https:\/\/tvc.mx\/media\/249099\/Licencia-Vitalicia-Modulo-Hoteler%C3%ADa-25-Cerraduras-Hoteleras-ZKBSHOTELP25-ZK-TVC-Banner.png\" alt=\"\" \/><\/p>\n<\/div>\n<\/div>\n<div class=\"row align-items-center padding-bottom-2x\">\n<div class=\"col-md-5 order-md-2\"><img decoding=\"async\" class=\"d-block m-auto img-thumbnail\" src=\"https:\/\/tvc.mx\/media\/249107\/Licencia-Vitalicia-Modulo-Hoteler%C3%ADa-25-Cerraduras-Hoteleras-ZKBSHOTELP25-ZK-TVC-Complemento.png\" alt=\" \" \/><\/div>\n<div class=\"col-md-7 order-md-1 text-md-left text-center\">\n<h2>Especificaciones de la Licencia<\/h2>\n<p class=\"ql-align-justify\"><strong>Funcional en versi\u00f3n:<\/strong><\/p>\n<p class=\"ql-align-justify\">BioSecurity 3.2.0.0<\/p>\n<p class=\"ql-align-justify\"><strong>Capacidades:<\/strong><\/p>\n<p class=\"ql-align-justify\">25 Cerraduras Hoteleras<\/p>\n<h5>Nota: Todas las cerraduras serie\u00a0<strong>LH<\/strong>\u00a0son compatible con este modulo de Hotel<\/h5>\n<h5>Para la comunicaci\u00f3n del\u00a0<strong>BioSecurity<\/strong>\u00a0a la(s) cerradura(s), se requiere un enrolador de tarjetas<strong><u>CR60W<\/u>\u00a0y\u00a0<u>tarjetas Mifare<\/u>.<\/strong><\/h5>\n<p>&nbsp;<\/p>\n<\/div>\n<\/div>\n<hr class=\"padding-bottom-2x\" \/>\n<div class=\"row align-items-center padding-bottom-2x\">\n<div class=\"col-md-5\"><img decoding=\"async\" class=\"d-block m-auto img-thumbnail\" src=\"https:\/\/tvc.mx\/media\/249111\/Licencia-Vitalicia-Modulo-Hoteler%C3%ADa-25-Cerraduras-Hoteleras-ZKBSHOTELP25-ZK-TVC-Complemento3.png\" alt=\" \" \/><\/div>\n<div class=\"col-md-7 text-md-left text-center\">\n<h2>Especificaciones del Software<\/h2>\n<p class=\"ql-align-justify\"><strong>Arquitectura:<\/strong>\u00a0Cliente \/ Servidor<\/p>\n<p class=\"ql-align-justify\"><strong>Capacidad de Puertas:<\/strong>\u00a02.000 Servidor \/ Ilimitadas Multi-Servidor<\/p>\n<p class=\"ql-align-justify\"><strong>Capacidad de Usuarios:<\/strong>\u00a030.000*<\/p>\n<p class=\"ql-align-justify\"><strong>Base de Datos:<\/strong>\u00a0PostgreSQL (Est\u00e1ndar), MS SQL Server\u00a0y Oracle (Opcional)<\/p>\n<p class=\"ql-align-justify\"><strong>Navegador:<\/strong>\u00a0IE 11+\/Firefox 27+\/Chrome 33+<\/p>\n<p class=\"ql-align-justify\"><strong>Sistemas Operativos:<\/strong>\u00a0Windows 7\/ 8\/ 8.1\/ 10 Windows Server 2008\/ 2012\/ 2016\/ 2019<\/p>\n<p class=\"ql-align-justify\"><strong>No compatible con los siguientes SO:<\/strong><\/p>\n<p class=\"ql-align-justify\">Windows Server R2<\/p>\n<p class=\"ql-align-justify\">Linux<\/p>\n<p class=\"ql-align-justify\">IOS<\/p>\n<p>&nbsp;<\/p>\n<\/div>\n<\/div>\n<hr class=\"padding-bottom-2x\" \/>\n<div class=\"row align-items-center padding-bottom-2x\">\n<div class=\"col-md-5 order-md-2\"><img decoding=\"async\" class=\"d-block m-auto img-thumbnail\" src=\"https:\/\/tvc.mx\/media\/249115\/Licencia-Vitalicia-Modulo-Hoteler%C3%ADa-25-Cerraduras-Hoteleras-ZKBSHOTELP25-ZK-TVC-Complemento2.png\" alt=\" \" \/><\/div>\n<div class=\"col-md-7 order-md-1 text-md-left text-center\">\n<h2>Requisitos M\u00ednimos PC<\/h2>\n<p class=\"ql-align-justify\"><strong>CPU:\u00a0<\/strong>Procesador Dual Core a 2.4 Ghz o superior<\/p>\n<p class=\"ql-align-justify\"><strong>Almacenamiento:<\/strong>\u00a030GB libres o superior\u00a0(NFTS Recomendado)<\/p>\n<p class=\"ql-align-justify\"><strong>Memoria:<\/strong>\u00a04GB o superior<\/p>\n<p class=\"ql-align-justify\"><strong>Resoluci\u00f3n de Monitor:<\/strong>\u00a01024 x 768 o superior<\/p>\n<p class=\"ql-align-justify\"><strong>Importante:<\/strong><\/p>\n<p class=\"ql-align-justify\"><strong><em>a)<\/em><\/strong>\u00a0Al momento de realizar la instalaci\u00f3n del software es importante realizar la desactivaci\u00f3n temporal del Antivirus con el que se cuente, as\u00ed mismo del Firewall de Windows para tener una instalaci\u00f3n y funcionamiento correcto del software. Una vez terminado el proceso de instalaci\u00f3n, puede agregar a las excepciones de Firewall o Antivirus la carpeta de instalaci\u00f3n de ZKBioSecurity y hacer uso de nueva cuenta con su antivirus activado y el Firewall de Windows.<\/p>\n<p class=\"ql-align-justify\"><strong><em>b)<\/em><\/strong>\u00a0El proceso para actualizar de una versi\u00f3n previa a una m\u00e1s reciente deber\u00e1 ser por medio de nuestros actualizadores, para no afectar su Base de Datos ni Licencia del Software.<\/p>\n<p class=\"ql-align-justify\"><strong><em>c)\u00a0<\/em><\/strong>Leer las Pol\u00edticas de licenciamiento y T\u00e9rminos de virtualizaci\u00f3n que se encuentran en el apartado de descargas.<\/p>\n<\/div>\n<\/div>\n","protected":false},"excerpt":{"rendered":"<p>Informaci\u00f3n General ZKBioSecurity\u00a0es la \u00faltima plataforma de seguridad basada en web\u00a0\u201cTodo en Uno\u201d\u00a0desarrollada por\u00a0ZKTeco. Contiene m\u00faltiples m\u00f3dulos integrados: Control de Acceso, Tiempo y Asistencia, Elevadores (Conectado\/ Desconectado), Gesti\u00f3n de Hotel, Gesti\u00f3n de Visitantes, Estacionamiento, Patrullaje y Video. Con una arquitectura de sistema optimizada dise\u00f1ada para&hellip;<\/p>\n","protected":false},"featured_media":9038,"comment_status":"open","ping_status":"closed","template":"","meta":{"om_disable_all_campaigns":false,"_monsterinsights_skip_tracking":false,"_monsterinsights_sitenote_active":false,"_monsterinsights_sitenote_note":"","_monsterinsights_sitenote_category":0},"product_brand":[],"product_cat":[823],"product_tag":[81,727,730,66,731,728,729],"class_list":{"0":"post-9039","1":"product","2":"type-product","3":"status-publish","4":"has-post-thumbnail","6":"product_cat-software-acceso-control-de-acceso-zkteco-acceso-asistencia","7":"product_tag-acceso-y-asistencia","8":"product_tag-cerraduras","9":"product_tag-commax-wulian","10":"product_tag-dahua","11":"product_tag-wejoin","12":"product_tag-yli","13":"product_tag-zkteco","15":"first","16":"instock","17":"sale","18":"taxable","19":"shipping-taxable","20":"purchasable","21":"product-type-simple"},"aioseo_notices":[],"_links":{"self":[{"href":"https:\/\/tecsecmty.com\/index.php\/wp-json\/wp\/v2\/product\/9039","targetHints":{"allow":["GET"]}}],"collection":[{"href":"https:\/\/tecsecmty.com\/index.php\/wp-json\/wp\/v2\/product"}],"about":[{"href":"https:\/\/tecsecmty.com\/index.php\/wp-json\/wp\/v2\/types\/product"}],"replies":[{"embeddable":true,"href":"https:\/\/tecsecmty.com\/index.php\/wp-json\/wp\/v2\/comments?post=9039"}],"version-history":[{"count":0,"href":"https:\/\/tecsecmty.com\/index.php\/wp-json\/wp\/v2\/product\/9039\/revisions"}],"wp:featuredmedia":[{"embeddable":true,"href":"https:\/\/tecsecmty.com\/index.php\/wp-json\/wp\/v2\/media\/9038"}],"wp:attachment":[{"href":"https:\/\/tecsecmty.com\/index.php\/wp-json\/wp\/v2\/media?parent=9039"}],"wp:term":[{"taxonomy":"product_brand","embeddable":true,"href":"https:\/\/tecsecmty.com\/index.php\/wp-json\/wp\/v2\/product_brand?post=9039"},{"taxonomy":"product_cat","embeddable":true,"href":"https:\/\/tecsecmty.com\/index.php\/wp-json\/wp\/v2\/product_cat?post=9039"},{"taxonomy":"product_tag","embeddable":true,"href":"https:\/\/tecsecmty.com\/index.php\/wp-json\/wp\/v2\/product_tag?post=9039"}],"curies":[{"name":"wp","href":"https:\/\/api.w.org\/{rel}","templated":true}]}}