{"id":9083,"date":"2023-02-23T22:36:55","date_gmt":"2023-02-24T04:36:55","guid":{"rendered":"https:\/\/tecsecmty.com\/index.php\/producto\/bosch-a_acdic16kp3750-tarjetas-de-proximidad-dobre-iclass-37bit-50-unidades\/"},"modified":"2023-03-22T23:20:54","modified_gmt":"2023-03-23T05:20:54","slug":"bosch-a_acdic16kp3750-tarjetas-de-proximidad-dobre-iclass-37bit-50-unidades","status":"publish","type":"product","link":"https:\/\/tecsecmty.com\/index.php\/producto\/bosch-a_acdic16kp3750-tarjetas-de-proximidad-dobre-iclass-37bit-50-unidades\/","title":{"rendered":"BOSCH A_ACDIC16KP3750- TARJETAS DE PROXIMIDAD DOBRE ICLASS\/ 37BIT\/ 50 UNIDADES"},"content":{"rendered":"<div class=\"row aling-items-center padding-bottom-2x\">\n<div class=\"col-lg-12\">\n<h5 class=\"card-title text-center\">Resumen<\/h5>\n<p class=\"ql-align-justify\">Las iCLASS Tokens proporciona la tecnolog\u00eda de tarjetas inteligentes sin contacto\u00a0en un durable, moldeado de contadores de pl\u00e1stico.\u00a0El token es\u00a0el tama\u00f1o de una llave del coche y se ajusta en un llavero.<\/p>\n<p class=\"ql-align-justify\">Las iCLASS AdhesiveTags iCLASS ofrecen tarjetas inteligentes sin contacto\u00a0tecnolog\u00eda en un transpondedor en forma de disco tama\u00f1o de una moneda.<\/p>\n<p class=\"ql-align-justify\">Las etiquetas se adhieren a objetos no met\u00e1licos, la creaci\u00f3n de transici\u00f3n\u00a0dispositivos que utilizan durante el proceso de re-credencializaci\u00f3n.\u00a0Actualizaci\u00f3n de Wiegand, banda magn\u00e9tica o de ferrita de bario\u00a0tecnolog\u00edas y convertir insignias o tarjetas existentes\u00a0en las credenciales de proximidad sin contacto.<\/p>\n<p><img decoding=\"async\" class=\"overview-center-img-web\" src=\"https:\/\/tvc.mx\/media\/630078\/encabezado-1920x400.png\" alt=\"\" \/><\/div>\n<\/div>\n<div class=\"row align-items-center padding-bottom-2x\">\n<div class=\"col-md-5\"><img decoding=\"async\" class=\"d-block m-auto img-thumbnail\" src=\"https:\/\/tvc.mx\/media\/630086\/400x300-logo.png\" alt=\" \" \/><\/div>\n<div class=\"col-md-7 text-md-left text-center\">\n<h2>Funciones b\u00e1sicas<\/h2>\n<p class=\"text-muted\">\n<p class=\"ql-align-justify\"><strong>2K\u00a0bits (256\u00a0Bytes)\u00a0Credencial<\/strong><\/p>\n<ul>\n<li class=\"ql-align-justify\">Soporta\u00a0dos\u00a0\u00e1reas de aplicaci\u00f3n: uno\u00a0de acceso est\u00e1ndar:\u00a0\u00e1rea de aplicaci\u00f3n\u00a0de control\u00a0y una\u00a0\u00e1rea de aplicaci\u00f3n\u00a0para\u00a0personalizaci\u00f3n de usuario.<\/li>\n<li class=\"ql-align-justify\">Cumple con\u00a0la norma ISO\u00a015693\u00a0para las comunicaciones\u00a0sin contacto.<\/li>\n<li class=\"ql-align-justify\">Proporciona\u00a0una manera\u00a0rentable para mejorar\u00a0la seguridad\u00a0de una instalaci\u00f3n\u00a0de control de acceso.<\/li>\n<\/ul>\n<p class=\"ql-align-justify\"><strong>Credencial\u00a016K\u00a0bits (2k\u00a0Bytes).<\/strong><\/p>\n<ul>\n<li class=\"ql-align-justify\">Soporta\u00a0diecis\u00e9is\u00a0\u00e1reas de aplicaci\u00f3n<\/li>\n<li class=\"ql-align-justify\">Proporciona m\u00faltiples\u00a0archivos,\u00a0segura\u00a0separados-para activar\u00a0aplicaciones y\u00a0soporte\u00a0el crecimiento futuro<\/li>\n<li class=\"ql-align-justify\">Proporciona\u00a0leer y\u00a0escribir en la memoria\u00a0para almacenar\u00a0datos biom\u00e9tricos,\u00a0plantillas.<\/li>\n<li class=\"ql-align-justify\">Cumple con\u00a0la norma ISO\u00a015693\u00a0y\u00a014443B\u00a0para las comunicaciones\u00a0sin contacto.<\/li>\n<\/ul>\n<\/div>\n<h2>Industria de la Seguridad Standard<\/h2>\n<p class=\"text-muted\">\n<p>Algoritmos\u00a0seguros\u00a0y\u00a0encriptaci\u00f3n\u00a0est\u00e1ndar de la industria\u00a0reducir el riesgo de\u00a0comprometer datos\u00a0o duplicado\u00a0credenciales.\u00a0Las credenciales\u00a0tambi\u00e9n apoyansofisticada\u00a0m\u00e9todos de cifrado\u00a0que superan los est\u00e1ndares\u00a0de la industria.\u00a0El\u00a064-bit\u00a0diversificado puede\u00a0leer\u00a0y escribir\u00a0claves,\u00a0proteja por\u00a0\u00a0separado\u00a0\u00e1reas de aplicaci\u00f3n, proporcionando\u00a0apoyo a la\u00a0compleja\u00a0aplicaciones y\u00a0la expansi\u00f3n futura.<\/p>\n<\/div>\n<p>&nbsp;<\/p>\n<h2>Principales caracter\u00edsticas<\/h2>\n<p class=\"text-muted\">\n<ul>\n<li class=\"ql-align-justify\">13.56\u00a0MHz\u00a0de lectura y escritura\u00a0de tarjetas Tecnologicas inteligentes\u00a0sin contacto.<\/li>\n<li class=\"ql-align-justify\">Rapida\u00a0comunicaciones\u00a0confiable con\u00a0alta\u00a0integridad de los datos.<\/li>\n<li class=\"ql-align-justify\">La autenticaci\u00f3n mutua, codificaci\u00f3n de datos,\u00a0y\u00a0Llaves\u00a0de 64 bits\u00a0diversificadas\u00a0para las capacidades\u00a0de lectura y escritura.<\/li>\n<li class=\"ql-align-justify\">Configuracion de 2K\u00a0o 16K Bits.<\/li>\n<li class=\"ql-align-justify\">Tarjetasdelgadas\u00a0Soporta\u00a0una banda magn\u00e9tica, c\u00f3digo de barras, obras de arte,\u00a0o fotograf\u00eda.<\/li>\n<\/ul>\n<p>&nbsp;<\/p>\n<h2>Especificaciones<\/h2>\n<p class=\"text-muted\">\n<p class=\"ql-align-justify\">Especificaciones para todas las credenciales<\/p>\n<p class=\"ql-align-justify\"><strong>Consideraciones ambientales<\/strong><\/p>\n<ul>\n<li class=\"ql-align-justify\">Temperatura de funcionamiento -40 \u00b0 F a 158 \u00b0 F (-40 \u00b0 C a 70 \u00b0 C).<\/li>\n<li class=\"ql-align-justify\">Humedad de funcionamiento del 5% al 95% sin condensaci\u00f3n.<\/li>\n<\/ul>\n<p class=\"ql-align-justify\"><strong>Operaci\u00f3n<\/strong><\/p>\n<ul>\n<li class=\"ql-align-justify\">Frecuencia de funcionamiento: 13.56 MHz.<\/li>\n<li class=\"ql-align-justify\">Tipo de memoria: EEPROM, lectura y escritura.<\/li>\n<li class=\"ql-align-justify\">Memoria de aplicaciones m\u00faltiples<\/li>\n<li class=\"ql-align-justify\">Tarjeta de 2K bit (256 Bytes), dos aplicaciones \u00e1reas.<\/li>\n<li class=\"ql-align-justify\">Tarjeta de 16K bit (2K Bytes), dos o 16 aplicaciones \u00e1reas.<\/li>\n<li class=\"ql-align-justify\">Resistencia de escritura: M\u00ednimo de 100,000 ciclos.<\/li>\n<li class=\"ql-align-justify\">Retenci\u00f3n de datos: 10 a\u00f1os.<\/li>\n<li class=\"ql-align-justify\">Especificaciones de la tarjeta inteligente.<\/li>\n<\/ul>\n","protected":false},"excerpt":{"rendered":"<p>Resumen Las iCLASS Tokens proporciona la tecnolog\u00eda de tarjetas inteligentes sin contacto\u00a0en un durable, moldeado de contadores de pl\u00e1stico.\u00a0El token es\u00a0el tama\u00f1o de una llave del coche y se ajusta en un llavero. Las iCLASS AdhesiveTags iCLASS ofrecen tarjetas inteligentes sin contacto\u00a0tecnolog\u00eda en un transpondedor&hellip;<\/p>\n","protected":false},"featured_media":9082,"comment_status":"open","ping_status":"closed","template":"","meta":{"om_disable_all_campaigns":false,"_monsterinsights_skip_tracking":false,"_monsterinsights_sitenote_active":false,"_monsterinsights_sitenote_note":"","_monsterinsights_sitenote_category":0},"product_brand":[],"product_cat":[824],"product_tag":[81,727,730,66,731,728,729],"class_list":{"0":"post-9083","1":"product","2":"type-product","3":"status-publish","4":"has-post-thumbnail","6":"product_cat-tarjetas-y-botones-control-de-acceso-bosch-acceso-asistencia","7":"product_tag-acceso-y-asistencia","8":"product_tag-cerraduras","9":"product_tag-commax-wulian","10":"product_tag-dahua","11":"product_tag-wejoin","12":"product_tag-yli","13":"product_tag-zkteco","15":"first","16":"instock","17":"sale","18":"taxable","19":"shipping-taxable","20":"purchasable","21":"product-type-simple"},"aioseo_notices":[],"_links":{"self":[{"href":"https:\/\/tecsecmty.com\/index.php\/wp-json\/wp\/v2\/product\/9083","targetHints":{"allow":["GET"]}}],"collection":[{"href":"https:\/\/tecsecmty.com\/index.php\/wp-json\/wp\/v2\/product"}],"about":[{"href":"https:\/\/tecsecmty.com\/index.php\/wp-json\/wp\/v2\/types\/product"}],"replies":[{"embeddable":true,"href":"https:\/\/tecsecmty.com\/index.php\/wp-json\/wp\/v2\/comments?post=9083"}],"version-history":[{"count":0,"href":"https:\/\/tecsecmty.com\/index.php\/wp-json\/wp\/v2\/product\/9083\/revisions"}],"wp:featuredmedia":[{"embeddable":true,"href":"https:\/\/tecsecmty.com\/index.php\/wp-json\/wp\/v2\/media\/9082"}],"wp:attachment":[{"href":"https:\/\/tecsecmty.com\/index.php\/wp-json\/wp\/v2\/media?parent=9083"}],"wp:term":[{"taxonomy":"product_brand","embeddable":true,"href":"https:\/\/tecsecmty.com\/index.php\/wp-json\/wp\/v2\/product_brand?post=9083"},{"taxonomy":"product_cat","embeddable":true,"href":"https:\/\/tecsecmty.com\/index.php\/wp-json\/wp\/v2\/product_cat?post=9083"},{"taxonomy":"product_tag","embeddable":true,"href":"https:\/\/tecsecmty.com\/index.php\/wp-json\/wp\/v2\/product_tag?post=9083"}],"curies":[{"name":"wp","href":"https:\/\/api.w.org\/{rel}","templated":true}]}}