{"id":9120,"date":"2023-02-23T22:37:26","date_gmt":"2023-02-24T04:37:26","guid":{"rendered":"https:\/\/tecsecmty.com\/index.php\/producto\/yli-mbb800am-caja-para-instalacion-de-boton-liberador-de-puerta-tipo-americano-metal\/"},"modified":"2023-03-22T23:25:00","modified_gmt":"2023-03-23T05:25:00","slug":"yli-mbb800am-caja-para-instalacion-de-boton-liberador-de-puerta-tipo-americano-metal","status":"publish","type":"product","link":"https:\/\/tecsecmty.com\/index.php\/producto\/yli-mbb800am-caja-para-instalacion-de-boton-liberador-de-puerta-tipo-americano-metal\/","title":{"rendered":"YLI MBB800AM &#8211; Caja para instalaci\u00f3n de bot\u00f3n liberador de puerta tipo americano\/ Metal"},"content":{"rendered":"<h5 class=\"card-title text-center\">Informaci\u00f3n general<\/h5>\n<p class=\"ql-align-justify\">La caja protectora\u00a0<strong>MBB800AM\u00a0<\/strong>funciona con el bot\u00f3n\u00a0<strong>ABK800AM\u00a0<\/strong>Y\u00a0<strong>RB03<\/strong>, esta caja tiene la nos sirve para esconder los cables que llegan al bot\u00f3n; nos ayuda a que los cables est\u00e9n est\u00e9ticamente instalados y acomodados por dentro, para que no se rompan o corten. Tambi\u00e9n es utilizada en cualquier tipo de instalaci\u00f3n para hacer mas f\u00e1cil el trabajo de poner el bot\u00f3n liberador\u00a0<strong>ABK800AM\u00a0<\/strong>teniendo una gu\u00eda para su instalaci\u00f3n con la caja protectora. La instalaci\u00f3n de esta caja puede ser tanto dentro del muro como fuera de el, esto hace m\u00e1s vers\u00e1til el equipo para cualquier tipo de instalaci\u00f3n.<\/p>\n<p class=\"ql-align-justify\"><strong>Funciones<\/strong>:<\/p>\n<ul>\n<li class=\"ql-align-justify\">Protecci\u00f3n de cableado hacia el bot\u00f3n<\/li>\n<li class=\"ql-align-justify\">Asegurar la correcta instalaci\u00f3n<\/li>\n<li class=\"ql-align-justify\">Se puede instalar en cualquier superficie.<\/li>\n<\/ul>\n<p class=\"ql-align-justify\"><strong>Principales caracter\u00edsticas:<\/strong><\/p>\n<ul>\n<li class=\"ql-align-justify\">Dimensiones: 86Lx50Wx25H(mm).<\/li>\n<li class=\"ql-align-justify\">Estructura: Aleaci\u00f3n de Zinc, Superficie revestida con Cromo.<\/li>\n<li class=\"ql-align-justify\">Adaptaci\u00f3n Accesorios: ABK-800\u00aa<\/li>\n<\/ul>\n<p><u>Compatible con botones<\/u><strong><u>\u00a0YLI PBK818A PBK814BLED ABK800A<\/u><\/strong><\/p>\n<p><img decoding=\"async\" class=\"overview-center-img-web\" src=\"https:\/\/tvc.mx\/media\/34401\/CENTRO76017.jpg\" alt=\"\" \/><\/p>\n","protected":false},"excerpt":{"rendered":"<p>Informaci\u00f3n general La caja protectora\u00a0MBB800AM\u00a0funciona con el bot\u00f3n\u00a0ABK800AM\u00a0Y\u00a0RB03, esta caja tiene la nos sirve para esconder los cables que llegan al bot\u00f3n; nos ayuda a que los cables est\u00e9n est\u00e9ticamente instalados y acomodados por dentro, para que no se rompan o corten. Tambi\u00e9n es utilizada&hellip;<\/p>\n","protected":false},"featured_media":9119,"comment_status":"open","ping_status":"closed","template":"","meta":{"om_disable_all_campaigns":false,"_monsterinsights_skip_tracking":false,"_monsterinsights_sitenote_active":false,"_monsterinsights_sitenote_note":"","_monsterinsights_sitenote_category":0},"product_brand":[],"product_cat":[830],"product_tag":[81,727,730,66,731,728,729],"class_list":{"0":"post-9120","1":"product","2":"type-product","3":"status-publish","4":"has-post-thumbnail","6":"product_cat-tarjetas-y-botones-control-de-acceso-yli-acceso-asistencia","7":"product_tag-acceso-y-asistencia","8":"product_tag-cerraduras","9":"product_tag-commax-wulian","10":"product_tag-dahua","11":"product_tag-wejoin","12":"product_tag-yli","13":"product_tag-zkteco","15":"first","16":"instock","17":"sale","18":"taxable","19":"shipping-taxable","20":"purchasable","21":"product-type-simple"},"aioseo_notices":[],"_links":{"self":[{"href":"https:\/\/tecsecmty.com\/index.php\/wp-json\/wp\/v2\/product\/9120","targetHints":{"allow":["GET"]}}],"collection":[{"href":"https:\/\/tecsecmty.com\/index.php\/wp-json\/wp\/v2\/product"}],"about":[{"href":"https:\/\/tecsecmty.com\/index.php\/wp-json\/wp\/v2\/types\/product"}],"replies":[{"embeddable":true,"href":"https:\/\/tecsecmty.com\/index.php\/wp-json\/wp\/v2\/comments?post=9120"}],"version-history":[{"count":0,"href":"https:\/\/tecsecmty.com\/index.php\/wp-json\/wp\/v2\/product\/9120\/revisions"}],"wp:featuredmedia":[{"embeddable":true,"href":"https:\/\/tecsecmty.com\/index.php\/wp-json\/wp\/v2\/media\/9119"}],"wp:attachment":[{"href":"https:\/\/tecsecmty.com\/index.php\/wp-json\/wp\/v2\/media?parent=9120"}],"wp:term":[{"taxonomy":"product_brand","embeddable":true,"href":"https:\/\/tecsecmty.com\/index.php\/wp-json\/wp\/v2\/product_brand?post=9120"},{"taxonomy":"product_cat","embeddable":true,"href":"https:\/\/tecsecmty.com\/index.php\/wp-json\/wp\/v2\/product_cat?post=9120"},{"taxonomy":"product_tag","embeddable":true,"href":"https:\/\/tecsecmty.com\/index.php\/wp-json\/wp\/v2\/product_tag?post=9120"}],"curies":[{"name":"wp","href":"https:\/\/api.w.org\/{rel}","templated":true}]}}