{"id":9126,"date":"2023-02-23T22:37:31","date_gmt":"2023-02-24T04:37:31","guid":{"rendered":"https:\/\/tecsecmty.com\/index.php\/producto\/yli-pbk812pak-paquete-de-boton-de-plastico-para-apertura-de-puerta-incluye-caja-para-instalacion\/"},"modified":"2023-03-22T23:25:02","modified_gmt":"2023-03-23T05:25:02","slug":"yli-pbk812pak-paquete-de-boton-de-plastico-para-apertura-de-puerta-incluye-caja-para-instalacion","status":"publish","type":"product","link":"https:\/\/tecsecmty.com\/index.php\/producto\/yli-pbk812pak-paquete-de-boton-de-plastico-para-apertura-de-puerta-incluye-caja-para-instalacion\/","title":{"rendered":"YLI PBK812PAK &#8211; Paquete de boton de plastico para apertura de puerta \/ Incluye caja para instalacion"},"content":{"rendered":"<div class=\"row aling-items-center padding-bottom-2x\">\n<div class=\"col-lg-12\">\n<h5 class=\"card-title text-center\">Descripci\u00f3n general<\/h5>\n<p>El bot\u00f3n liberador de puerta YLI o pulsador es un dispositivo utilizado para activar alguna funci\u00f3n. Los botones son de diversa forma y tama\u00f1o y se encuentran en todo tipo de dispositivos, aunque principalmente en aparatos el\u00e9ctricos o electr\u00f3nicos.<\/p>\n<p>El paquete incluye:<\/p>\n<ul>\n<li>1 Bot\u00f3n liberador de la marca YLI modelo PBK-812<\/li>\n<li>1 Caja de pl\u00e1stico para su montaje de la marca YLI modelo MBB-800B-P<\/li>\n<\/ul>\n<p><img decoding=\"async\" class=\"overview-center-img-web\" src=\"https:\/\/tvc.mx\/media\/41565\/YLI0760003-1.jpg\" alt=\"\" \/><\/div>\n<\/div>\n<div class=\"row align-items-center padding-bottom-2x\">\n<div class=\"col-md-5\"><img decoding=\"async\" class=\"d-block m-auto img-thumbnail\" src=\"https:\/\/tvc.mx\/media\/41568\/YLI0760003-2.jpg\" alt=\" \" \/><\/div>\n<div class=\"col-md-7 text-md-left text-center\">\n<h2>Bot\u00f3n liberador de plastico YLI PBK-812<\/h2>\n<p class=\"text-muted\">\n<p class=\"ql-align-justify\">El\u00a0bot\u00f3n liberador\u00a0o pulsador de YLI modelo\u00a0<strong>PBK812\u00a0\u00a0<\/strong>es un dispositivo utilizado para realizar cierta funci\u00f3n. Los botones son de diversas formas y tama\u00f1os y se encuentran en todo tipo de dispositivos, aunque principalmente en aparatos el\u00e9ctricos y electr\u00f3nicos.<\/p>\n<p>Los botones son por lo general activados, al ser pulsados con un dedo. Permiten el flujo de corriente mientras son accionados. Cuando ya no se presiona sobre \u00e9l vuelve a su posici\u00f3n de reposo.<\/p>\n<p>&nbsp;<\/p>\n<\/div>\n<\/div>\n<hr class=\"padding-bottom-2x\" \/>\n<div class=\"row align-items-center padding-bottom-2x\">\n<div class=\"col-md-5 order-md-2\"><img decoding=\"async\" class=\"d-block m-auto img-thumbnail\" src=\"https:\/\/tvc.mx\/media\/41571\/YLI0760003-6.jpg\" alt=\" \" \/><\/div>\n<div class=\"col-md-7 order-md-1 text-md-left text-center\">\n<h2>Funciones<\/h2>\n<p class=\"text-muted\">\n<p>El bot\u00f3n de un dispositivo electr\u00f3nico funciona por lo general como un interruptor el\u00e9ctrico, es decir en su interior tiene un contactos, al ser pulsado, se activar\u00e1 la funci\u00f3n inversa de la que en ese momento este realizando.<\/p>\n<ul>\n<li>Liberaci\u00f3n de puerta con salida Normalmente Abierta<\/li>\n<li>Dise\u00f1o elegante y compacto<\/li>\n<li>F\u00e1cil instalaci\u00f3n<\/li>\n<\/ul>\n<p>&nbsp;<\/p>\n<\/div>\n<\/div>\n<hr class=\"padding-bottom-2x\" \/>\n<div class=\"row align-items-center padding-bottom-2x\">\n<div class=\"col-md-5\"><img decoding=\"async\" class=\"d-block m-auto img-thumbnail\" src=\"https:\/\/tvc.mx\/media\/41574\/YLI0760003-3.jpg\" alt=\" \" \/><\/div>\n<div class=\"col-md-7 text-md-left text-center\">\n<h2>Caracter\u00edsticas<\/h2>\n<p class=\"text-muted\">\n<ul>\n<li>Tama\u00f1o: 86L x 86W x 20T (mm)<\/li>\n<li>Estructura est\u00e1ndar: Panel y bot\u00f3n de pl\u00e1stico.<\/li>\n<li>Rango de corriente: 10A 48VDC max.<\/li>\n<li>Salida de contacto: NO (Normalmente abierto)<\/li>\n<li>Pruebas de rendimiento: Probado 500 mil veces.<\/li>\n<li>Adecuado para: Cajas ocultas.<\/li>\n<li>Peso neto: 0.12kg.<\/li>\n<\/ul>\n<p>&nbsp;<\/p>\n<\/div>\n<\/div>\n<hr class=\"padding-bottom-2x\" \/>\n<div class=\"row align-items-center padding-bottom-2x\">\n<div class=\"col-md-5 order-md-2\"><img decoding=\"async\" class=\"d-block m-auto img-thumbnail\" src=\"https:\/\/tvc.mx\/media\/41577\/YLI0760003-5.jpg\" alt=\" \" \/><\/div>\n<div class=\"col-md-7 order-md-1 text-md-left text-center\">\n<h2>Caja de instalaci\u00f3n MBB-800B-P<\/h2>\n<p class=\"text-muted\">\n<p>Caja trasera montada (pl\u00e1stico)<\/p>\n<p>Modelo: MBB-800B-P<\/p>\n<p>MBB-800B-P es una caja trasera de pl\u00e1stico montada.<\/p>\n<p><strong>Caracter\u00edsticas:<\/strong><\/p>\n<ul>\n<li>Dimensiones: 86Lx86Wx30H(mm).<\/li>\n<li>Estructura Est\u00e1ndar:\u00a0Material Resistente al Fuego.<\/li>\n<li>Adaptaci\u00f3n sobre Accesorios de bot\u00f3n: ABK-800B, ABK-801B,\u00a0<strong>PBK-812<\/strong>.<\/li>\n<li>Peso: 0.038kg.<\/li>\n<\/ul>\n<\/div>\n<\/div>\n","protected":false},"excerpt":{"rendered":"<p>Descripci\u00f3n general El bot\u00f3n liberador de puerta YLI o pulsador es un dispositivo utilizado para activar alguna funci\u00f3n. Los botones son de diversa forma y tama\u00f1o y se encuentran en todo tipo de dispositivos, aunque principalmente en aparatos el\u00e9ctricos o electr\u00f3nicos. El paquete incluye: 1&hellip;<\/p>\n","protected":false},"featured_media":9125,"comment_status":"open","ping_status":"closed","template":"","meta":{"om_disable_all_campaigns":false,"_monsterinsights_skip_tracking":false,"_monsterinsights_sitenote_active":false,"_monsterinsights_sitenote_note":"","_monsterinsights_sitenote_category":0},"product_brand":[],"product_cat":[830],"product_tag":[81,727,730,66,731,728,729],"class_list":{"0":"post-9126","1":"product","2":"type-product","3":"status-publish","4":"has-post-thumbnail","6":"product_cat-tarjetas-y-botones-control-de-acceso-yli-acceso-asistencia","7":"product_tag-acceso-y-asistencia","8":"product_tag-cerraduras","9":"product_tag-commax-wulian","10":"product_tag-dahua","11":"product_tag-wejoin","12":"product_tag-yli","13":"product_tag-zkteco","15":"first","16":"instock","17":"sale","18":"taxable","19":"shipping-taxable","20":"purchasable","21":"product-type-simple"},"aioseo_notices":[],"_links":{"self":[{"href":"https:\/\/tecsecmty.com\/index.php\/wp-json\/wp\/v2\/product\/9126","targetHints":{"allow":["GET"]}}],"collection":[{"href":"https:\/\/tecsecmty.com\/index.php\/wp-json\/wp\/v2\/product"}],"about":[{"href":"https:\/\/tecsecmty.com\/index.php\/wp-json\/wp\/v2\/types\/product"}],"replies":[{"embeddable":true,"href":"https:\/\/tecsecmty.com\/index.php\/wp-json\/wp\/v2\/comments?post=9126"}],"version-history":[{"count":0,"href":"https:\/\/tecsecmty.com\/index.php\/wp-json\/wp\/v2\/product\/9126\/revisions"}],"wp:featuredmedia":[{"embeddable":true,"href":"https:\/\/tecsecmty.com\/index.php\/wp-json\/wp\/v2\/media\/9125"}],"wp:attachment":[{"href":"https:\/\/tecsecmty.com\/index.php\/wp-json\/wp\/v2\/media?parent=9126"}],"wp:term":[{"taxonomy":"product_brand","embeddable":true,"href":"https:\/\/tecsecmty.com\/index.php\/wp-json\/wp\/v2\/product_brand?post=9126"},{"taxonomy":"product_cat","embeddable":true,"href":"https:\/\/tecsecmty.com\/index.php\/wp-json\/wp\/v2\/product_cat?post=9126"},{"taxonomy":"product_tag","embeddable":true,"href":"https:\/\/tecsecmty.com\/index.php\/wp-json\/wp\/v2\/product_tag?post=9126"}],"curies":[{"name":"wp","href":"https:\/\/api.w.org\/{rel}","templated":true}]}}