{"id":9138,"date":"2023-02-23T22:37:42","date_gmt":"2023-02-24T04:37:42","guid":{"rendered":"https:\/\/tecsecmty.com\/index.php\/producto\/yli-tsk830ncled-boton-de-salida-touch-con-luz-led-acabo-elegante-en-cristal-templado-salidas-no-y-nc-no-requiere-caja-de-instalacion-12-vdc\/"},"modified":"2023-03-22T23:25:02","modified_gmt":"2023-03-23T05:25:02","slug":"yli-tsk830ncled-boton-de-salida-touch-con-luz-led-acabo-elegante-en-cristal-templado-salidas-no-y-nc-no-requiere-caja-de-instalacion-12-vdc","status":"publish","type":"product","link":"https:\/\/tecsecmty.com\/index.php\/producto\/yli-tsk830ncled-boton-de-salida-touch-con-luz-led-acabo-elegante-en-cristal-templado-salidas-no-y-nc-no-requiere-caja-de-instalacion-12-vdc\/","title":{"rendered":"YLI TSK830NCLED &#8211; Bot\u00f3n de salida touch con luz LED acabo elegante en cristal templado salidas NO y NC\/ No requiere caja de instalaci\u00f3n, 12 VDC"},"content":{"rendered":"<div class=\"row aling-items-center padding-bottom-2x\">\n<div class=\"col-lg-12\">\n<h5 class=\"card-title text-center\">Descripci\u00f3n general<\/h5>\n<p>Toque el bot\u00f3n para salir<\/p>\n<p><strong>Modelo: TSK-830NC (LED)<\/strong><\/p>\n<p>TSK-830NC (LED) es un bot\u00f3n de salida t\u00e1ctil con LED, con dise\u00f1o de lujo, moda, tendencia y tecnolog\u00eda.<\/p>\n<p><img decoding=\"async\" class=\"overview-center-img-web\" src=\"https:\/\/tvc.mx\/media\/80268\/YLI0760005-1.jpg\" alt=\"\" \/><\/div>\n<\/div>\n<div class=\"row align-items-center padding-bottom-2x\">\n<div class=\"col-md-5\"><img decoding=\"async\" class=\"d-block m-auto img-thumbnail\" src=\"https:\/\/tvc.mx\/media\/80272\/YLI0760005-2.jpg\" alt=\" \" \/><\/div>\n<div class=\"col-md-7 text-md-left text-center\">\n<h2>Ventajas<\/h2>\n<p class=\"text-muted\">\n<ul>\n<li>Dise\u00f1o piezo-el\u00e9ctrico, sin falla mec\u00e1nica<\/li>\n<li>Transformaci\u00f3n de LED, moda y tecnolog\u00eda avanzadas, superficie lisa con vidrio, dise\u00f1o de belleza con alta moda<\/li>\n<li>Dise\u00f1o especial para la oficina de grado superior, la mejor opci\u00f3n para un grupo sofisticado<\/li>\n<\/ul>\n<p>&nbsp;<\/p>\n<\/div>\n<\/div>\n<hr class=\"padding-bottom-2x\" \/>\n<div class=\"row align-items-center padding-bottom-2x\">\n<div class=\"col-md-5 order-md-2\"><img decoding=\"async\" class=\"d-block m-auto img-thumbnail\" src=\"https:\/\/tvc.mx\/media\/80276\/YLI0760005-3.jpg\" alt=\" \" \/><\/div>\n<div class=\"col-md-7 order-md-1 text-md-left text-center\">\n<h2>Par\u00e1metros t\u00e9cnicos<\/h2>\n<p class=\"text-muted\">\n<ul>\n<li>Dimensiones: 114Lx70Ax12D (mm)<\/li>\n<li>Voltaje: 12-24 V<\/li>\n<li>Corriente: \u226460mA<\/li>\n<li>Contacto de salida: NO \/ NC \/ COM<\/li>\n<li>Grado actual: 1A @ 30VDC<\/li>\n<li>Estado del LED: Rojo: En espera \/ Verde: Operaci\u00f3n<\/li>\n<li>Color del cable rojo: positivo<\/li>\n<li>Negro: negativo<\/li>\n<li>Amarillo: NC<\/li>\n<li>Blanco: COM<\/li>\n<li>Verde: NO<\/li>\n<li>Peso 0.2kg<\/li>\n<\/ul>\n<\/div>\n<\/div>\n","protected":false},"excerpt":{"rendered":"<p>Descripci\u00f3n general Toque el bot\u00f3n para salir Modelo: TSK-830NC (LED) TSK-830NC (LED) es un bot\u00f3n de salida t\u00e1ctil con LED, con dise\u00f1o de lujo, moda, tendencia y tecnolog\u00eda. Ventajas Dise\u00f1o piezo-el\u00e9ctrico, sin falla mec\u00e1nica Transformaci\u00f3n de LED, moda y tecnolog\u00eda avanzadas, superficie lisa con vidrio,&hellip;<\/p>\n","protected":false},"featured_media":9137,"comment_status":"open","ping_status":"closed","template":"","meta":{"om_disable_all_campaigns":false,"_monsterinsights_skip_tracking":false,"_monsterinsights_sitenote_active":false,"_monsterinsights_sitenote_note":"","_monsterinsights_sitenote_category":0},"product_brand":[],"product_cat":[830],"product_tag":[81,727,730,66,731,728,729],"class_list":{"0":"post-9138","1":"product","2":"type-product","3":"status-publish","4":"has-post-thumbnail","6":"product_cat-tarjetas-y-botones-control-de-acceso-yli-acceso-asistencia","7":"product_tag-acceso-y-asistencia","8":"product_tag-cerraduras","9":"product_tag-commax-wulian","10":"product_tag-dahua","11":"product_tag-wejoin","12":"product_tag-yli","13":"product_tag-zkteco","15":"first","16":"instock","17":"sale","18":"taxable","19":"shipping-taxable","20":"purchasable","21":"product-type-simple"},"aioseo_notices":[],"_links":{"self":[{"href":"https:\/\/tecsecmty.com\/index.php\/wp-json\/wp\/v2\/product\/9138","targetHints":{"allow":["GET"]}}],"collection":[{"href":"https:\/\/tecsecmty.com\/index.php\/wp-json\/wp\/v2\/product"}],"about":[{"href":"https:\/\/tecsecmty.com\/index.php\/wp-json\/wp\/v2\/types\/product"}],"replies":[{"embeddable":true,"href":"https:\/\/tecsecmty.com\/index.php\/wp-json\/wp\/v2\/comments?post=9138"}],"version-history":[{"count":0,"href":"https:\/\/tecsecmty.com\/index.php\/wp-json\/wp\/v2\/product\/9138\/revisions"}],"wp:featuredmedia":[{"embeddable":true,"href":"https:\/\/tecsecmty.com\/index.php\/wp-json\/wp\/v2\/media\/9137"}],"wp:attachment":[{"href":"https:\/\/tecsecmty.com\/index.php\/wp-json\/wp\/v2\/media?parent=9138"}],"wp:term":[{"taxonomy":"product_brand","embeddable":true,"href":"https:\/\/tecsecmty.com\/index.php\/wp-json\/wp\/v2\/product_brand?post=9138"},{"taxonomy":"product_cat","embeddable":true,"href":"https:\/\/tecsecmty.com\/index.php\/wp-json\/wp\/v2\/product_cat?post=9138"},{"taxonomy":"product_tag","embeddable":true,"href":"https:\/\/tecsecmty.com\/index.php\/wp-json\/wp\/v2\/product_tag?post=9138"}],"curies":[{"name":"wp","href":"https:\/\/api.w.org\/{rel}","templated":true}]}}