{"id":9152,"date":"2023-02-23T22:37:54","date_gmt":"2023-02-24T04:37:54","guid":{"rendered":"https:\/\/tecsecmty.com\/index.php\/producto\/zkteco-idcard07-paquete-de-100-llaveros-id-125-khz\/"},"modified":"2023-03-22T23:25:21","modified_gmt":"2023-03-23T05:25:21","slug":"zkteco-idcard07-paquete-de-100-llaveros-id-125-khz","status":"publish","type":"product","link":"https:\/\/tecsecmty.com\/index.php\/producto\/zkteco-idcard07-paquete-de-100-llaveros-id-125-khz\/","title":{"rendered":"ZKTECO IDCARD07 &#8211; Paquete de 100 llaveros ID 125 Khz"},"content":{"rendered":"<h5 class=\"card-title text-center\">Informaci\u00f3n general.<\/h5>\n<p class=\"ql-align-justify\">ZKTeco le ofrece a sus usuarios y clientes, un pr\u00e1ctico llavero con n\u00famero de identificaci\u00f3n para el uso, en equipos de control de acceso y tecnolog\u00eda ID, este practico elemento de seguridad.<\/p>\n<p>&nbsp;<\/p>\n<p><strong>Caracter\u00edsticas del paquete<\/strong>:<\/p>\n<ul>\n<li>Consta de un formato pl\u00e1stico<\/li>\n<li>Pieza muy portable y practica<\/li>\n<li>No requiere de programaciones adicionales<\/li>\n<li>Color negro<\/li>\n<li>El paquete incluye 100 piezas.<\/li>\n<\/ul>\n<p><img decoding=\"async\" class=\"overview-center-img-web\" src=\"https:\/\/tvc.mx\/media\/157706\/llavero-zkteco-id-banner.jpg\" alt=\"\" \/><\/p>\n","protected":false},"excerpt":{"rendered":"<p>Informaci\u00f3n general. ZKTeco le ofrece a sus usuarios y clientes, un pr\u00e1ctico llavero con n\u00famero de identificaci\u00f3n para el uso, en equipos de control de acceso y tecnolog\u00eda ID, este practico elemento de seguridad. &nbsp; Caracter\u00edsticas del paquete: Consta de un formato pl\u00e1stico Pieza muy&hellip;<\/p>\n","protected":false},"featured_media":9151,"comment_status":"open","ping_status":"closed","template":"","meta":{"om_disable_all_campaigns":false,"_monsterinsights_skip_tracking":false,"_monsterinsights_sitenote_active":false,"_monsterinsights_sitenote_note":"","_monsterinsights_sitenote_category":0},"product_brand":[],"product_cat":[831],"product_tag":[81,727,730,66,731,728,729],"class_list":{"0":"post-9152","1":"product","2":"type-product","3":"status-publish","4":"has-post-thumbnail","6":"product_cat-tarjetas-y-botones-control-de-acceso-zkteco-acceso-asistencia","7":"product_tag-acceso-y-asistencia","8":"product_tag-cerraduras","9":"product_tag-commax-wulian","10":"product_tag-dahua","11":"product_tag-wejoin","12":"product_tag-yli","13":"product_tag-zkteco","15":"first","16":"instock","17":"sale","18":"taxable","19":"shipping-taxable","20":"purchasable","21":"product-type-simple"},"aioseo_notices":[],"_links":{"self":[{"href":"https:\/\/tecsecmty.com\/index.php\/wp-json\/wp\/v2\/product\/9152","targetHints":{"allow":["GET"]}}],"collection":[{"href":"https:\/\/tecsecmty.com\/index.php\/wp-json\/wp\/v2\/product"}],"about":[{"href":"https:\/\/tecsecmty.com\/index.php\/wp-json\/wp\/v2\/types\/product"}],"replies":[{"embeddable":true,"href":"https:\/\/tecsecmty.com\/index.php\/wp-json\/wp\/v2\/comments?post=9152"}],"version-history":[{"count":0,"href":"https:\/\/tecsecmty.com\/index.php\/wp-json\/wp\/v2\/product\/9152\/revisions"}],"wp:featuredmedia":[{"embeddable":true,"href":"https:\/\/tecsecmty.com\/index.php\/wp-json\/wp\/v2\/media\/9151"}],"wp:attachment":[{"href":"https:\/\/tecsecmty.com\/index.php\/wp-json\/wp\/v2\/media?parent=9152"}],"wp:term":[{"taxonomy":"product_brand","embeddable":true,"href":"https:\/\/tecsecmty.com\/index.php\/wp-json\/wp\/v2\/product_brand?post=9152"},{"taxonomy":"product_cat","embeddable":true,"href":"https:\/\/tecsecmty.com\/index.php\/wp-json\/wp\/v2\/product_cat?post=9152"},{"taxonomy":"product_tag","embeddable":true,"href":"https:\/\/tecsecmty.com\/index.php\/wp-json\/wp\/v2\/product_tag?post=9152"}],"curies":[{"name":"wp","href":"https:\/\/api.w.org\/{rel}","templated":true}]}}