{"id":9160,"date":"2023-02-23T22:38:06","date_gmt":"2023-02-24T04:38:06","guid":{"rendered":"https:\/\/tecsecmty.com\/index.php\/producto\/zkteco-idcardnn-paquete-de-10-tarjetas-id-125-khz-0-88-mm-de-grosor-sin-folio-impreso-modelo-a16060011\/"},"modified":"2023-03-22T23:25:22","modified_gmt":"2023-03-23T05:25:22","slug":"zkteco-idcardnn-paquete-de-10-tarjetas-id-125-khz-0-88-mm-de-grosor-sin-folio-impreso-modelo-a16060011","status":"publish","type":"product","link":"https:\/\/tecsecmty.com\/index.php\/producto\/zkteco-idcardnn-paquete-de-10-tarjetas-id-125-khz-0-88-mm-de-grosor-sin-folio-impreso-modelo-a16060011\/","title":{"rendered":"ZKTECO IDCARDNN &#8211; Paquete de 10 Tarjetas ID 125 Khz\/ 0.88 mm De Grosor\/ Sin Folio Impreso\/ Modelo A16060011"},"content":{"rendered":"<div class=\"row aling-items-center padding-bottom-2x\">\n<div class=\"col-lg-12\">\n<h5 class=\"card-title text-center\">Informaci\u00f3n General<\/h5>\n<h5>Las Tarjetas de proximidad marca ZKTeco\u00a0<strong>RF-ID<\/strong>, ofrecen la tecnolog\u00eda de Identificaci\u00f3n por Radiofrecuencia de\u00a0<strong>125kHz<\/strong>\u00a0compatibles con soluciones de control de acceso, asistencia, gesti\u00f3n de visitantes entre otros que encontraremos dentro de la misma marca, de igual manera ofrece la caracter\u00edstica de ser imprimibles.<\/h5>\n<p><img decoding=\"async\" class=\"overview-center-img-web\" src=\"https:\/\/tvc.mx\/media\/377867\/Paquete-10-tarjetas-ID-IDCARDNN-125Khz-TK4100-KT-TVC-Banner.png\" alt=\"\" \/><\/div>\n<\/div>\n<div class=\"row align-items-center padding-bottom-2x\">\n<div class=\"col-md-5\"><img decoding=\"async\" class=\"d-block m-auto img-thumbnail\" src=\"https:\/\/tvc.mx\/media\/377215\/Paquete-10-tarjetas-ID-IDCARDNN-125Khz-TK4100-KT-TVC-Complemento.png\" alt=\" \" \/><\/div>\n<div class=\"col-md-7 text-md-left text-center\">\n<h2>Caracter\u00edsticas<\/h2>\n<p class=\"text-muted\">\n<ul>\n<li class=\"ql-align-justify\"><strong>Paquete con 10 tarjetas RF-ID<\/strong><\/li>\n<li class=\"ql-align-justify\"><strong>Frecuencia:<\/strong>\u00a0125 Khz<\/li>\n<li class=\"ql-align-justify\"><strong>Sin Folio Impreso<\/strong><\/li>\n<li class=\"ql-align-justify\"><strong>Material:<\/strong>\u00a0PVC<\/li>\n<li class=\"ql-align-justify\"><strong>Medidas:<\/strong>\u00a054 x 85 mm<\/li>\n<li class=\"ql-align-justify\"><strong>Grosor:<\/strong>\u00a00.88mm (<em>Imprimible<\/em>)<\/li>\n<li class=\"ql-align-justify\">Chip TK4100\/TH4100.<\/li>\n<li class=\"ql-align-justify\">Cumple con est\u00e1ndar ISO1443A.<\/li>\n<\/ul>\n<h4><\/h4>\n<\/div>\n<\/div>\n","protected":false},"excerpt":{"rendered":"<p>Informaci\u00f3n General Las Tarjetas de proximidad marca ZKTeco\u00a0RF-ID, ofrecen la tecnolog\u00eda de Identificaci\u00f3n por Radiofrecuencia de\u00a0125kHz\u00a0compatibles con soluciones de control de acceso, asistencia, gesti\u00f3n de visitantes entre otros que encontraremos dentro de la misma marca, de igual manera ofrece la caracter\u00edstica de ser imprimibles. Caracter\u00edsticas&hellip;<\/p>\n","protected":false},"featured_media":9159,"comment_status":"open","ping_status":"closed","template":"","meta":{"om_disable_all_campaigns":false,"_monsterinsights_skip_tracking":false,"_monsterinsights_sitenote_active":false,"_monsterinsights_sitenote_note":"","_monsterinsights_sitenote_category":0},"product_brand":[],"product_cat":[831],"product_tag":[81,727,730,66,731,728,729],"class_list":{"0":"post-9160","1":"product","2":"type-product","3":"status-publish","4":"has-post-thumbnail","6":"product_cat-tarjetas-y-botones-control-de-acceso-zkteco-acceso-asistencia","7":"product_tag-acceso-y-asistencia","8":"product_tag-cerraduras","9":"product_tag-commax-wulian","10":"product_tag-dahua","11":"product_tag-wejoin","12":"product_tag-yli","13":"product_tag-zkteco","15":"first","16":"instock","17":"sale","18":"taxable","19":"shipping-taxable","20":"purchasable","21":"product-type-simple"},"aioseo_notices":[],"_links":{"self":[{"href":"https:\/\/tecsecmty.com\/index.php\/wp-json\/wp\/v2\/product\/9160","targetHints":{"allow":["GET"]}}],"collection":[{"href":"https:\/\/tecsecmty.com\/index.php\/wp-json\/wp\/v2\/product"}],"about":[{"href":"https:\/\/tecsecmty.com\/index.php\/wp-json\/wp\/v2\/types\/product"}],"replies":[{"embeddable":true,"href":"https:\/\/tecsecmty.com\/index.php\/wp-json\/wp\/v2\/comments?post=9160"}],"version-history":[{"count":0,"href":"https:\/\/tecsecmty.com\/index.php\/wp-json\/wp\/v2\/product\/9160\/revisions"}],"wp:featuredmedia":[{"embeddable":true,"href":"https:\/\/tecsecmty.com\/index.php\/wp-json\/wp\/v2\/media\/9159"}],"wp:attachment":[{"href":"https:\/\/tecsecmty.com\/index.php\/wp-json\/wp\/v2\/media?parent=9160"}],"wp:term":[{"taxonomy":"product_brand","embeddable":true,"href":"https:\/\/tecsecmty.com\/index.php\/wp-json\/wp\/v2\/product_brand?post=9160"},{"taxonomy":"product_cat","embeddable":true,"href":"https:\/\/tecsecmty.com\/index.php\/wp-json\/wp\/v2\/product_cat?post=9160"},{"taxonomy":"product_tag","embeddable":true,"href":"https:\/\/tecsecmty.com\/index.php\/wp-json\/wp\/v2\/product_tag?post=9160"}],"curies":[{"name":"wp","href":"https:\/\/api.w.org\/{rel}","templated":true}]}}