{"id":917,"date":"2023-02-16T00:07:37","date_gmt":"2023-02-16T00:07:37","guid":{"rendered":"https:\/\/tecsecmty.com\/index.php\/producto\/dvr-8-megapixel-16-canales-turbohd-18-canales-ip-8-bahias-de-disco-duro-16-canales-de-audio-videoanalisis-16-entradas-de-alarma-arreglo-raid-soporta-pos\/"},"modified":"2023-03-22T23:20:47","modified_gmt":"2023-03-23T05:20:47","slug":"dvr-8-megapixel-16-canales-turbohd-18-canales-ip-8-bahias-de-disco-duro-16-canales-de-audio-videoanalisis-16-entradas-de-alarma-arreglo-raid-soporta-pos","status":"publish","type":"product","link":"https:\/\/tecsecmty.com\/index.php\/producto\/dvr-8-megapixel-16-canales-turbohd-18-canales-ip-8-bahias-de-disco-duro-16-canales-de-audio-videoanalisis-16-entradas-de-alarma-arreglo-raid-soporta-pos\/","title":{"rendered":"DVR 8 Megapixel \/ 16 Canales TURBOHD + 18 Canales IP \/ 8 Bahias de Disco Duro \/ 16 Canales de Audio \/ Videoanalisis \/ 16 Entradas de Alarma \/ Arreglo RAID \/ Soporta POS"},"content":{"rendered":"<div class=\"container\">\n<div class=\"row\">\n<div class=\"col-md-12\">\n<div class=\"row\">\n<div class=\"row\">\n<div class=\"col-md-12\">\n<h4 class=\"text-primary center info-text\" style=\"text-align: center\">Informaci\u00f3n de Producto<\/h4>\n<\/div>\n<\/div>\n<div class=\"row\" style=\"text-align: center\">\n<div class=\"col-md-12\">\n<h3>DVR 8 Megapixel \/ 16 Canales TURBOHD + 18 Canales IP \/ 8 Bah\u00edas de Disco Duro \/ 16 Canales de Audio \/ Videoanalisis \/ 16 Entradas de Alarma \/ Arreglo RAID \/ Soporta POS<\/h3>\n<\/div>\n<\/div>\n<div id=\"producto_container\" class=\"row\" style=\"text-align: center\">\n<div class=\"col-md-4\"><img decoding=\"async\" class=\"img-responsive center-block\" src=\"https:\/\/ftp3.syscom.mx\/usuarios\/fotos\/BancoFotografiasSyscom\/HIKVISION\/IDS9016HUHIM8_S\/IDS9016HUHIM8_S-p.PNG\" alt=\"IDS-9016HUHI-M8\/S\" \/><\/p>\n<div class=\"row\">\n<div id=\"galerias\" class=\"col-sm-12\"><\/div>\n<\/div>\n<\/div>\n<div class=\"col-md-4\">\n<div><img decoding=\"async\" class=\"img-responsive img-thumbnail\" src=\"https:\/\/ftp3.syscom.mx\/usuarios\/fotos\/logotipos\/hikvision.png\" \/><\/div>\n<div><\/div>\n<div>\n<p>Modelo:\u00a0<span class=\"modelo-marca\">IDS-9016HUHI-M8\/S<\/span><\/p>\n<p>Marca:\u00a0<span class=\"modelo-marca\">HIKVISION<\/span><\/p>\n<\/div>\n<div><\/div>\n<\/div>\n<div class=\"col-md-4\">\n<div class=\"row\">\n<div class=\"col-md-12 default_padding_bottom\"><\/div>\n<\/div>\n<\/div>\n<\/div>\n<\/div>\n<div class=\"row \" style=\"text-align: center\">\n<div class=\"col-md-12\">\n<div class=\"row\">\n<h3 class=\"text-primary\">Especificaciones:<\/h3>\n<\/div>\n<div class=\"row well\">\n<p><img decoding=\"async\" class=\"fr-fic fr-dii\" src=\"https:\/\/ftp3.syscom.mx\/usuarios\/jsosa\/HIKVISION\/imagenes\/logo\/hikvision%20see%20far.png\" \/><\/p>\n<p>&nbsp;<\/p>\n<div class=\"row\">\n<div class=\"col-sm-4\">\n<div><strong>Caracter\u00edsticas principales:<\/strong><\/p>\n<ul>\n<li>Sistema Pentaibrido (AHD \/ TVI \/ CVI \/ Anal\u00f3gico \/ IP).<\/li>\n<li>Compresi\u00f3n: H.265+ \/ H.265 \/ H.264+ \/ H.264.<\/li>\n<li>16 Canales de v\u00eddeo TURBOHD + 18 canales IP =\u00a0 34 canales en total.<\/li>\n<li>16 Entradas de audio \/ 2 salida de audio.<\/li>\n<li>16 Entradas de alarma \/ 8 salidas de alarma.<\/li>\n<li>2 Puertos de red 10M \/ 100M \/ 1000M<\/li>\n<li>Capacidad para 8 discos duros SATA de hasta 12 TB (120 TB en total).<\/li>\n<li>Salidas de v\u00eddeo HDMI1 \/ VGA simult\u00e1neas FullHD 1080p.<\/li>\n<li>Salida de v\u00eddeo HDMI2 4K independiente.<\/li>\n<li>Salida de video BNC en resolucion 704 x 480 independiente.<\/li>\n<li>Soporta Hik-Connect\u00a0(P2P).<br \/>\nDescargue desde\u00a0<a href=\"http:\/\/www.appstore.hikvision.com\/\">www.appstore.hikvision.com<\/a>\u00a0\u00f3 playstore \/ appstore<\/li>\n<li>Soporta Hik-connect Domain \/ NO-IP \/ DynDNS.<\/li>\n<li>Compatible con software cliente iVMS-4200 (Windows\/Mac) \/\u00a0Hik-Connect (Android, iPhone, iPad)<\/li>\n<li>Soporta COAXITRON para PTZ ( no requiere cablear datos RS-485, no compatible con audio por coaxitron).<\/li>\n<li>Soporta arreglo RAID (0, 1, 5, 6, 10).<\/li>\n<li>Soporta POS (punto de venta)<\/li>\n<li>Para conectar los canales IP requiere utilizar un switch \/ switch poe (no incluido)<\/li>\n<\/ul>\n<\/div>\n<\/div>\n<div class=\"col-sm-4\">\n<div><strong>Caracter\u00edsticas F\u00edsicas y El\u00e9ctricas:<\/strong><\/p>\n<ul>\n<li>Alimentaci\u00f3n \/ consumo: 100 a 240 Vca \/ 35 Watts (sin discos duros).<\/li>\n<li>Temperatura de operaci\u00f3n: -10\u00b0 a 55\u00b0 C.<\/li>\n<li>Dimensiones: 445 x 465 x 88 mm.<\/li>\n<li>Peso: 9 Kgs.<\/li>\n<li><strong>Garant\u00eda: 3 a\u00f1os.<\/strong><\/li>\n<\/ul>\n<\/div>\n<\/div>\n<div class=\"col-sm-4\">\n<div>\n<p><strong>Caracter\u00edsticas Destacadas:<\/strong><\/p>\n<p>El DVR permite apagar canales de v\u00eddeo anal\u00f3gicas o TURBOHD y habilitar canales de v\u00eddeo IP, se pueden apagar todos los canales de v\u00eddeo anal\u00f3gicas o TURBOHD y para poder agregar hasta 34 canales de v\u00eddeo IP.<\/p>\n<p>Por cada canal de v\u00eddeo anal\u00f3gico o TURBOHD permite habilitar un canal de v\u00eddeo IP.<\/p>\n<ul>\n<li>Tecnolog\u00eda CVI: 4 Megapixel \/ 1080p \/ 720p.<\/li>\n<li>Tecnolog\u00eda AHD: 5 Megapixel \/ 4 Megapixel \/ 1080p \/ 720p.<\/li>\n<li>Tecnolog\u00eda TURBOHD (TVI): 8 Megapixel \/ 3K \/ 5 Megapixel \/ 4 Megapixel \/ 3 Megapixel \/ 1080p \/ 720p.<\/li>\n<li>Tecnolog\u00eda analogica (CVBS): 1200 TVL en adelante.<\/li>\n<li>Tecnolog\u00eda IP: 12 Megapixel \/8 Megapixel \/ 5 Megapixel \/ 4 Megapixel \/ 3 Megapixel \/ 2 Megapixel \/ 1 Megapixel<\/li>\n<\/ul>\n<\/div>\n<\/div>\n<\/div>\n<div class=\"row\">\n<div class=\"col-sm-12\"><\/div>\n<\/div>\n<p>&nbsp;<\/p>\n<h1><strong>Recursos<\/strong><\/h1>\n<p>&nbsp;<\/p>\n<div class=\"row default_margin_bottom\">\n<div class=\"col-sm-4\"><a href=\"https:\/\/www.hikvision.com\/es-la\/support\/download\/software\/ivms4200-series\/?q=serie%20ivms4200&amp;position=1\" target=\"_blank\" rel=\"noopener\"><img decoding=\"async\" class=\"img-responsive\" src=\"https:\/\/ftp3.syscom.mx\/usuarios\/gmagos\/HIK\/IP\/IPC\/Imagenes%20pagina\/Descargas%20IVMS4200.jpg\" \/><\/a><\/div>\n<div class=\"col-sm-4\"><a href=\"https:\/\/appstore.hikvision.com\/\" target=\"_blank\" rel=\"noopener\"><img decoding=\"async\" class=\"img-responsive\" src=\"https:\/\/ftp3.syscom.mx\/usuarios\/gmagos\/HIK\/IP\/IPC\/Imagenes%20pagina\/Descargas%20de%20app.jpg\" \/><\/a><\/div>\n<div class=\"col-sm-4\"><a href=\"https:\/\/ftp3.syscom.mx\/usuarios\/ftp\/2022\/10\/05\/9edaf\/Especificaci%C3%B3nes%20T%C3%A9cnicas%20-%20iDS-9016HUHI-M8_S.pdf\" target=\"_blank\" rel=\"noopener\"><img decoding=\"async\" class=\"img-responsive\" src=\"https:\/\/ftp3.syscom.mx\/usuarios\/gmagos\/HIK\/IP\/IPC\/Imagenes%20pagina\/Descarga%20de%20PDF.jpg\" \/><\/a><\/div>\n<\/div>\n<p>&nbsp;<\/p>\n<div class=\"row default_margin_bottom\">\n<div class=\"col-sm-4\"><\/div>\n<p><img decoding=\"async\" src=\"https:\/\/ftp3.syscom.mx\/usuarios\/jsosa\/HIKVISION\/imagenes\/banners\/solution%20complete.png\" alt=\"\" width=\"100%\" \/><\/p>\n<\/div>\n<\/div>\n<\/div>\n<\/div>\n<\/div>\n<\/div>\n<\/div>\n<p><img decoding=\"async\" class=\"aligncenter\" src=\"https:\/\/tracker.metricool.com\/c3po.jpg?hash=95c94f37730bb8f54dd4308f1f878f9\" \/><\/p>\n","protected":false},"excerpt":{"rendered":"<p>Informaci\u00f3n de Producto DVR 8 Megapixel \/ 16 Canales TURBOHD + 18 Canales IP \/ 8 Bah\u00edas de Disco Duro \/ 16 Canales de Audio \/ Videoanalisis \/ 16 Entradas de Alarma \/ Arreglo RAID \/ Soporta POS Modelo:\u00a0IDS-9016HUHI-M8\/S Marca:\u00a0HIKVISION Especificaciones: &nbsp; Caracter\u00edsticas principales: Sistema&hellip;<\/p>\n","protected":false},"featured_media":1810,"comment_status":"open","ping_status":"closed","template":"","meta":{"om_disable_all_campaigns":false,"_monsterinsights_skip_tracking":false,"_monsterinsights_sitenote_active":false,"_monsterinsights_sitenote_note":"","_monsterinsights_sitenote_category":0},"product_brand":[],"product_cat":[56],"product_tag":[58,59,57],"class_list":{"0":"post-917","1":"product","2":"type-product","3":"status-publish","4":"has-post-thumbnail","6":"product_cat-videograbadoras-analogicas-turbohd-tvi-ahd-cvi","7":"product_tag-dvr","8":"product_tag-videograbadora","9":"product_tag-videograbadoras-analogicas-turbohd-tvi-ahd-cvi","11":"first","12":"instock","13":"taxable","14":"shipping-taxable","15":"product-type-simple"},"aioseo_notices":[],"_links":{"self":[{"href":"https:\/\/tecsecmty.com\/index.php\/wp-json\/wp\/v2\/product\/917","targetHints":{"allow":["GET"]}}],"collection":[{"href":"https:\/\/tecsecmty.com\/index.php\/wp-json\/wp\/v2\/product"}],"about":[{"href":"https:\/\/tecsecmty.com\/index.php\/wp-json\/wp\/v2\/types\/product"}],"replies":[{"embeddable":true,"href":"https:\/\/tecsecmty.com\/index.php\/wp-json\/wp\/v2\/comments?post=917"}],"version-history":[{"count":2,"href":"https:\/\/tecsecmty.com\/index.php\/wp-json\/wp\/v2\/product\/917\/revisions"}],"predecessor-version":[{"id":1811,"href":"https:\/\/tecsecmty.com\/index.php\/wp-json\/wp\/v2\/product\/917\/revisions\/1811"}],"wp:featuredmedia":[{"embeddable":true,"href":"https:\/\/tecsecmty.com\/index.php\/wp-json\/wp\/v2\/media\/1810"}],"wp:attachment":[{"href":"https:\/\/tecsecmty.com\/index.php\/wp-json\/wp\/v2\/media?parent=917"}],"wp:term":[{"taxonomy":"product_brand","embeddable":true,"href":"https:\/\/tecsecmty.com\/index.php\/wp-json\/wp\/v2\/product_brand?post=917"},{"taxonomy":"product_cat","embeddable":true,"href":"https:\/\/tecsecmty.com\/index.php\/wp-json\/wp\/v2\/product_cat?post=917"},{"taxonomy":"product_tag","embeddable":true,"href":"https:\/\/tecsecmty.com\/index.php\/wp-json\/wp\/v2\/product_tag?post=917"}],"curies":[{"name":"wp","href":"https:\/\/api.w.org\/{rel}","templated":true}]}}