{"id":9174,"date":"2023-02-23T22:38:19","date_gmt":"2023-02-24T04:38:19","guid":{"rendered":"https:\/\/tecsecmty.com\/index.php\/producto\/yli-yk568l-teclado-para-control-de-acceso-salidas-nc-y-no-exterior-e-interior-500-usuarios-password-o-tarjeta-id-125-khz\/"},"modified":"2023-03-22T23:25:04","modified_gmt":"2023-03-23T05:25:04","slug":"yli-yk568l-teclado-para-control-de-acceso-salidas-nc-y-no-exterior-e-interior-500-usuarios-password-o-tarjeta-id-125-khz","status":"publish","type":"product","link":"https:\/\/tecsecmty.com\/index.php\/producto\/yli-yk568l-teclado-para-control-de-acceso-salidas-nc-y-no-exterior-e-interior-500-usuarios-password-o-tarjeta-id-125-khz\/","title":{"rendered":"YLI YK568L &#8211; Teclado para Control de Acceso \/ Salidas NC y NO \/ Exterior e Interior \/ 500 Usuarios password o tarjeta ID 125 Khz"},"content":{"rendered":"<div class=\"row aling-items-center padding-bottom-2x\">\n<div class=\"col-lg-12\">\n<h5 class=\"card-title text-center\">INFORMACI\u00d3N GENERAL<\/h5>\n<p class=\"ql-align-justify\"><strong>YK-568\u00a0<\/strong>Es un teclado de control de acceso num\u00e9rico que admite la lectura de tarjetas 125 Khz sin contacto, admite 500 usuarios, es adecuado para la instalaci\u00f3n al aire libre, adopta el microprocesador m\u00e1s avanzado y el chip de memoria de gran capacidad, todas las configuraciones se pueden guardar en caso de corte de energ\u00eda, el teclado tambi\u00e9n es f\u00e1cil de operar y programar, es una opci\u00f3n perfecta como dispositivos de control de acceso para muchos entornos como oficinas, residencias, fabricas, etc.<\/p>\n<p><img decoding=\"async\" class=\"overview-center-img-web\" src=\"https:\/\/tvc.mx\/media\/381019\/74101-YLI-YK568L-TECLADO-PARA-CONTROL-DE-ACCESO-CENTRAL.png\" alt=\"\" \/><\/div>\n<\/div>\n<div class=\"row align-items-center padding-bottom-2x\">\n<div class=\"col-md-5\"><img decoding=\"async\" class=\"d-block m-auto img-thumbnail\" src=\"https:\/\/tvc.mx\/media\/381023\/74101-YLI-YK568L-TECLADO-PARA-CONTROL-DE-ACCESO-IZQ.png\" alt=\" \" \/><\/div>\n<div class=\"col-md-7 text-md-left text-center\">\n<h2>Caracter\u00edsticas Principales<\/h2>\n<p class=\"text-muted\">\n<p class=\"ql-align-justify\"><strong>Funciones:<\/strong><\/p>\n<ul>\n<li>Identificaci\u00f3n con C\u00f3digo o Tarjeta<\/li>\n<li>500 Tarjetas<\/li>\n<li>Resistente al agua<\/li>\n<li>\u00cdndice de protecci\u00f3n IP65<\/li>\n<li class=\"ql-align-justify\">Relevador NO\/NC<\/li>\n<\/ul>\n<p class=\"ql-align-justify\"><strong>Ventajas<\/strong>:<\/p>\n<ul>\n<li>F\u00e1cil programaci\u00f3n y operaci\u00f3n<\/li>\n<li>Solo \/ m\u00faltiples usuarios opcionales, modelos operativos normales \/ seguros conmutables<\/li>\n<li>Soporta hasta 500 usuarios<\/li>\n<li>Prueba de rotura, buena elecci\u00f3n para uso fuera de la puerta.<\/li>\n<li>Luz trasera LED azul para botones<\/li>\n<li class=\"ql-align-justify\">Construido en el timbre de la puerta y el zumbador.<\/li>\n<\/ul>\n<p>&nbsp;<\/p>\n<\/div>\n<\/div>\n<hr class=\"padding-bottom-2x\" \/>\n<div class=\"row align-items-center padding-bottom-2x\">\n<div class=\"col-md-5\"><img decoding=\"async\" class=\"d-block m-auto img-thumbnail\" src=\"https:\/\/tvc.mx\/media\/381027\/74101-YLI-YK568L-TECLADO-PARA-CONTROL-DE-ACCESO-DERECHA.png\" alt=\" \" \/><\/div>\n<div class=\"col-md-7 text-md-left text-center\">\n<h2>Especificaciones T\u00e9cnicas<\/h2>\n<p class=\"text-muted\">\n<ul>\n<li><strong>Dimensiones:<\/strong>\u00a0120Lx76Ax27D(mm).<\/li>\n<li><strong>Voltaje de Operaci\u00f3n:<\/strong>\u00a012 VDC.<\/li>\n<li><strong>Corriente de Entrada:<\/strong>\u00a0Corriente continua 40mA M\u00e1xima 130mA.<\/li>\n<li><strong>Distancia de lectura de tarjetas:<\/strong>\u00a065mm.<\/li>\n<li><strong>Tipo de Tarjeta:\u00a0<\/strong>125 KHZ.<\/li>\n<li><strong>Modo de Apertura:<\/strong><\/li>\n<\/ul>\n<p class=\"ql-indent-1\">\u00a0\u00a0\u00a0\u00a0\u00a01.Cuatro D\u00edgitos(500 grupos)<\/p>\n<p class=\"ql-indent-1\">\u00a0\u00a0\u00a0\u00a0\u00a02.Cuatro D\u00edgitos +Tarjeta<\/p>\n<p class=\"ql-indent-1\">\u00a0\u00a0\u00a0\u00a0\u00a03.Cuatro D\u00edgitos +Cuatro D\u00edgitos<\/p>\n<p class=\"ql-indent-1\">\u00a0\u00a0\u00a0\u00a0\u00a04.Tarjeta+Tarjeta.<\/p>\n<ul>\n<li><strong>Opera a temperatura:<\/strong>\u00a0-31\u00b0C ~ 63\u00b0C<\/li>\n<li><strong>Humedad:\u00a0<\/strong>10% ~ 95%<\/li>\n<li><strong>Grado impermeable:<\/strong>\u00a0IP65<\/li>\n<li><strong>Peso:<\/strong>\u00a00.5kg<\/li>\n<\/ul>\n<p>&nbsp;<\/p>\n<\/div>\n<\/div>\n<hr class=\"padding-bottom-2x\" \/>\n<div class=\"row align-items-center padding-bottom-2x\">\n<div class=\"col-md-5 order-md-2\"><img decoding=\"async\" class=\"d-block m-auto img-thumbnail\" src=\"https:\/\/tvc.mx\/media\/381031\/74101-YLI-YK568L-TECLADO-PARA-CONTROL-DE-ACCESO-DERECHA2.png\" alt=\" \" \/><\/div>\n<div class=\"col-md-7 order-md-1 text-md-left text-center\">\n<h2>Incluye<\/h2>\n<p class=\"text-muted\">\n<ul>\n<li>Solo teclado YK568L<\/li>\n<\/ul>\n<\/div>\n<\/div>\n","protected":false},"excerpt":{"rendered":"<p>INFORMACI\u00d3N GENERAL YK-568\u00a0Es un teclado de control de acceso num\u00e9rico que admite la lectura de tarjetas 125 Khz sin contacto, admite 500 usuarios, es adecuado para la instalaci\u00f3n al aire libre, adopta el microprocesador m\u00e1s avanzado y el chip de memoria de gran capacidad, todas&hellip;<\/p>\n","protected":false},"featured_media":9173,"comment_status":"open","ping_status":"closed","template":"","meta":{"om_disable_all_campaigns":false,"_monsterinsights_skip_tracking":false,"_monsterinsights_sitenote_active":false,"_monsterinsights_sitenote_note":"","_monsterinsights_sitenote_category":0},"product_brand":[],"product_cat":[833],"product_tag":[81,727,730,66,731,728,729],"class_list":{"0":"post-9174","1":"product","2":"type-product","3":"status-publish","4":"has-post-thumbnail","6":"product_cat-teclados-control-de-acceso-yli-acceso-asistencia","7":"product_tag-acceso-y-asistencia","8":"product_tag-cerraduras","9":"product_tag-commax-wulian","10":"product_tag-dahua","11":"product_tag-wejoin","12":"product_tag-yli","13":"product_tag-zkteco","15":"first","16":"instock","17":"sale","18":"taxable","19":"shipping-taxable","20":"purchasable","21":"product-type-simple"},"aioseo_notices":[],"_links":{"self":[{"href":"https:\/\/tecsecmty.com\/index.php\/wp-json\/wp\/v2\/product\/9174","targetHints":{"allow":["GET"]}}],"collection":[{"href":"https:\/\/tecsecmty.com\/index.php\/wp-json\/wp\/v2\/product"}],"about":[{"href":"https:\/\/tecsecmty.com\/index.php\/wp-json\/wp\/v2\/types\/product"}],"replies":[{"embeddable":true,"href":"https:\/\/tecsecmty.com\/index.php\/wp-json\/wp\/v2\/comments?post=9174"}],"version-history":[{"count":0,"href":"https:\/\/tecsecmty.com\/index.php\/wp-json\/wp\/v2\/product\/9174\/revisions"}],"wp:featuredmedia":[{"embeddable":true,"href":"https:\/\/tecsecmty.com\/index.php\/wp-json\/wp\/v2\/media\/9173"}],"wp:attachment":[{"href":"https:\/\/tecsecmty.com\/index.php\/wp-json\/wp\/v2\/media?parent=9174"}],"wp:term":[{"taxonomy":"product_brand","embeddable":true,"href":"https:\/\/tecsecmty.com\/index.php\/wp-json\/wp\/v2\/product_brand?post=9174"},{"taxonomy":"product_cat","embeddable":true,"href":"https:\/\/tecsecmty.com\/index.php\/wp-json\/wp\/v2\/product_cat?post=9174"},{"taxonomy":"product_tag","embeddable":true,"href":"https:\/\/tecsecmty.com\/index.php\/wp-json\/wp\/v2\/product_tag?post=9174"}],"curies":[{"name":"wp","href":"https:\/\/api.w.org\/{rel}","templated":true}]}}