{"id":9212,"date":"2023-02-23T22:38:58","date_gmt":"2023-02-24T04:38:58","guid":{"rendered":"https:\/\/tecsecmty.com\/index.php\/producto\/zkteco-facedepot7bch-terminal-de-control-de-acceso-con-reconocimiento-facial-interior-base-para-torniquete-10000-rostros-200000-registros-7-reconocimiento-a-2m-serie-visible-light-mt\/"},"modified":"2023-03-22T23:25:18","modified_gmt":"2023-03-23T05:25:18","slug":"zkteco-facedepot7bch-terminal-de-control-de-acceso-con-reconocimiento-facial-interior-base-para-torniquete-10000-rostros-200000-registros-7-reconocimiento-a-2m-serie-visible-light-mt","status":"publish","type":"product","link":"https:\/\/tecsecmty.com\/index.php\/producto\/zkteco-facedepot7bch-terminal-de-control-de-acceso-con-reconocimiento-facial-interior-base-para-torniquete-10000-rostros-200000-registros-7-reconocimiento-a-2m-serie-visible-light-mt\/","title":{"rendered":"ZKTECO FACEDEPOT7BCH &#8211; Terminal de Control de Acceso con Reconocimiento Facial \/ Interior \/ Base para Torniquete \/ 10000 Rostros \/ 200000 Registros\/ 7&#8243;\/ Reconocimiento a 2m \/ Serie Visible Light \/ #MTD"},"content":{"rendered":"<div class=\"row aling-items-center padding-bottom-2x\">\n<div class=\"col-lg-12\">\n<h5 class=\"card-title text-center\">Informaci\u00f3n General<\/h5>\n<p class=\"ql-align-justify\">FaceDepot-7B es una terminal de control de acceso facial. Est\u00e1 equipado con el \u00faltimo algoritmo de reconocimiento facial de aprendizaje profundo que permite un reconocimiento m\u00e1s r\u00e1pido y preciso, brinda la mejor experiencia de uso, los usuarios solo pasan y se veri\ufb01can f\u00e1cilmente sin parar y esperando.<\/p>\n<p class=\"ql-align-justify\">Distancia de reconocimiento de hasta 3 m de largo y reconocimiento de gran angular adicional<\/p>\n<p class=\"ql-align-justify\">La distancia de reconocimiento se ha extendido en gran medida hasta 3 metros de largo, lo que mejora signi\ufb01cativamente la tasa de tr\u00e1\ufb01co m\u00e1xima.<\/p>\n<p class=\"ql-align-justify\">Aunque la mayor\u00eda de los algoritmos solo admiten el reconocimiento facial con un \u00e1ngulo de 15 grados, ZKTeco admite el reconocimiento facial con un \u00e1ngulo de 30 grados.<\/p>\n<p><img decoding=\"async\" class=\"overview-center-img-web\" src=\"https:\/\/tvc.mx\/media\/511788\/Control-de-Acceso-de-Reconocimiento-Facial-Descripci%C3%B3n-FACEDEPOT7BCH-ZKTECO.png\" alt=\"\" \/><\/div>\n<\/div>\n<div class=\"row aling-items-center padding-bottom-2x\">\n<div class=\"col-lg-12\">\n<h5 class=\"card-title text-center\">Caracter\u00edsticas<\/h5>\n<p><strong>Distancia de reconocimiento de hasta 3 m de largo y reconocimiento de gran angular adicional<\/strong><\/p>\n<p>La distancia de reconocimiento se ha extendido en gran medida hasta 3 metros de largo, lo que mejora significativamente la tasa de tr\u00e1fico m\u00e1xima.<\/p>\n<p>Aunque la mayor\u00eda de los algoritmos solo admiten el reconocimiento facial con un \u00e1ngulo de 15 grados, ZKTeco admite el reconocimiento facial con un \u00e1ngulo de 30 grados.<\/p>\n<ul>\n<li>Pantalla t\u00e1ctil LCD de 7 pulgadas<\/li>\n<li>M\u00f3dulo de huella y tarjeta (opcional)<\/li>\n<li>Ideal para control de acceso peatonal en interiores<\/li>\n<li>Doble c\u00e1mara para detecci\u00f3n inmediata<\/li>\n<li>Procesador de alto rendimiento potenciado por ZKTeco<\/li>\n<li>Capacidad de 10,000 rostros<\/li>\n<li>Algoritmo de reconocimiento facial con aprendizaje profundo<\/li>\n<\/ul>\n<p><img decoding=\"async\" class=\"overview-center-img-web\" src=\"https:\/\/tvc.mx\/media\/511790\/Control-de-Acceso-de-Reconocimiento-Facial-Caracter%C3%ADsticas-FACEDEPOT7BCH-ZKTECO.png\" alt=\"\" \/><\/div>\n<\/div>\n<div class=\"row aling-items-center padding-bottom-2x\">\n<div class=\"col-lg-12\">\n<h5 class=\"card-title text-center\">Especificaciones T\u00e9cnicas<\/h5>\n<ul>\n<li><strong>Usuarios\u00a0<\/strong>\u00a0\u00a010,000<\/li>\n<li><strong>Rostros<\/strong>\u00a0\u00a0\u00a0\u00a0\u00a010,000<\/li>\n<li><strong>Huella<\/strong>\u00a0\u00a0\u00a0\u00a0\u00a0\u00a0\u00a0\u00a010,000 (Opcional)<\/li>\n<li><strong>RFID<\/strong>\u00a0\u00a0\u00a0\u00a0\u00a0\u00a0\u00a0\u00a0\u00a0\u00a010,000 (Opcional)<\/li>\n<li><strong>Registros<\/strong>\u00a0\u00a0200,000<\/li>\n<li><strong>LCD<\/strong>\u00a0\u00a0\u00a0\u00a0\u00a0\u00a0\u00a0Pantalla touch de 7\u201d (1080x720px)<\/li>\n<li><strong>CPU<\/strong>\u00a0\u00a0\u00a0\u00a0\u00a0\u00a0Quad-core A17 1.8GHz Potenciado por Zkteco<\/li>\n<li><strong>Memoria<\/strong>\u00a0\u00a0\u00a0\u00a0\u00a0\u00a0\u00a0\u00a0\u00a0\u00a0\u00a0\u00a02G RAM\/16G ROM<\/li>\n<li><strong>C\u00e1mara<\/strong>\u00a02 MP (Doble lente)<\/li>\n<li><strong>Comunicaci\u00f3n<\/strong>\u00a0\u00a0TCP\/IP, USB Host, Wi-Fi (Opcional)<\/li>\n<li><strong>RS232, RS485;<\/strong>\u00a0entrada y salida Wiegand<\/li>\n<li>Acceso Cerradura de puerta, sensor de puerta,<\/li>\n<li>alarma, bot\u00f3n de salida y entrada auxiliar<\/li>\n<li><strong>Temperatura<\/strong>\u00a0\u00a0\u00a0\u00a0-10\u00b0C hasta 45\u00b0C<\/li>\n<li><strong>Audio<\/strong>\u00a0\u00a0\u00a02 Altavoces<\/li>\n<li><strong>Humedad<\/strong>\u00a010% hasta 90%<\/li>\n<li><strong>Energ\u00eda<\/strong>\u00a012V 3A<\/li>\n<\/ul>\n<p><img decoding=\"async\" class=\"overview-center-img-web\" src=\"https:\/\/tvc.mx\/media\/511802\/Control-de-Acceso-de-Reconocimiento-Facial-Especificaciones-FACEDEPOT7BCH-ZKTECO.png\" alt=\"\" \/><\/div>\n<\/div>\n<div class=\"row align-items-center padding-bottom-2x\">\n<div class=\"col-md-5\"><img decoding=\"async\" class=\"d-block m-auto img-thumbnail\" src=\"https:\/\/tvc.mx\/media\/511804\/Control-de-Acceso-de-Reconocimiento-Facial-Integraci%C3%B3n-FACEDEPOT7BCH-ZKTECO.png\" alt=\" \" \/><\/div>\n<div class=\"col-md-7 text-md-left text-center\">\n<h2>Adaptaciones para instalaci\u00f3n<\/h2>\n<p class=\"text-muted\">\n<p>El equipo\u00a0<strong>FaceDepot7B CH<\/strong>\u00a0esta dise\u00f1ado para la instalaci\u00f3n en Torniquete de Pedestal o puente.<\/p>\n<p>Y tambi\u00e9n puede ser colocado de forma independiente adquiriendo el soporte tipo pedestal modelo FMB03 o FMB01 que va anclado al suelo para su uso independiente.<\/p>\n<\/div>\n<\/div>\n","protected":false},"excerpt":{"rendered":"<p>Informaci\u00f3n General FaceDepot-7B es una terminal de control de acceso facial. Est\u00e1 equipado con el \u00faltimo algoritmo de reconocimiento facial de aprendizaje profundo que permite un reconocimiento m\u00e1s r\u00e1pido y preciso, brinda la mejor experiencia de uso, los usuarios solo pasan y se veri\ufb01can f\u00e1cilmente&hellip;<\/p>\n","protected":false},"featured_media":9211,"comment_status":"open","ping_status":"closed","template":"","meta":{"om_disable_all_campaigns":false,"_monsterinsights_skip_tracking":false,"_monsterinsights_sitenote_active":false,"_monsterinsights_sitenote_note":"","_monsterinsights_sitenote_category":0},"product_brand":[],"product_cat":[837],"product_tag":[81,727,730,66,731,728,729],"class_list":{"0":"post-9212","1":"product","2":"type-product","3":"status-publish","4":"has-post-thumbnail","6":"product_cat-facial-control-de-asistencia-zkteco-acceso-asistencia","7":"product_tag-acceso-y-asistencia","8":"product_tag-cerraduras","9":"product_tag-commax-wulian","10":"product_tag-dahua","11":"product_tag-wejoin","12":"product_tag-yli","13":"product_tag-zkteco","15":"first","16":"instock","17":"sale","18":"taxable","19":"shipping-taxable","20":"purchasable","21":"product-type-simple"},"aioseo_notices":[],"_links":{"self":[{"href":"https:\/\/tecsecmty.com\/index.php\/wp-json\/wp\/v2\/product\/9212","targetHints":{"allow":["GET"]}}],"collection":[{"href":"https:\/\/tecsecmty.com\/index.php\/wp-json\/wp\/v2\/product"}],"about":[{"href":"https:\/\/tecsecmty.com\/index.php\/wp-json\/wp\/v2\/types\/product"}],"replies":[{"embeddable":true,"href":"https:\/\/tecsecmty.com\/index.php\/wp-json\/wp\/v2\/comments?post=9212"}],"version-history":[{"count":0,"href":"https:\/\/tecsecmty.com\/index.php\/wp-json\/wp\/v2\/product\/9212\/revisions"}],"wp:featuredmedia":[{"embeddable":true,"href":"https:\/\/tecsecmty.com\/index.php\/wp-json\/wp\/v2\/media\/9211"}],"wp:attachment":[{"href":"https:\/\/tecsecmty.com\/index.php\/wp-json\/wp\/v2\/media?parent=9212"}],"wp:term":[{"taxonomy":"product_brand","embeddable":true,"href":"https:\/\/tecsecmty.com\/index.php\/wp-json\/wp\/v2\/product_brand?post=9212"},{"taxonomy":"product_cat","embeddable":true,"href":"https:\/\/tecsecmty.com\/index.php\/wp-json\/wp\/v2\/product_cat?post=9212"},{"taxonomy":"product_tag","embeddable":true,"href":"https:\/\/tecsecmty.com\/index.php\/wp-json\/wp\/v2\/product_tag?post=9212"}],"curies":[{"name":"wp","href":"https:\/\/api.w.org\/{rel}","templated":true}]}}