{"id":9266,"date":"2023-02-23T22:39:55","date_gmt":"2023-02-24T04:39:55","guid":{"rendered":"https:\/\/tecsecmty.com\/index.php\/producto\/zkteco-ua860id-control-de-acceso-y-asistencia-simple-3000-usuarios-3000-tarjetas-id-50000-registros-tcpip-wifi-adms\/"},"modified":"2023-03-22T23:25:34","modified_gmt":"2023-03-23T05:25:34","slug":"zkteco-ua860id-control-de-acceso-y-asistencia-simple-3000-usuarios-3000-tarjetas-id-50000-registros-tcpip-wifi-adms","status":"publish","type":"product","link":"https:\/\/tecsecmty.com\/index.php\/producto\/zkteco-ua860id-control-de-acceso-y-asistencia-simple-3000-usuarios-3000-tarjetas-id-50000-registros-tcpip-wifi-adms\/","title":{"rendered":"ZKTECO UA860ID &#8211; Control de Acceso y Asistencia Simple \/ 3000 Usuarios \/ 3000 Tarjetas ID \/ 50000 Registros \/ TCPIP \/ WiFi \/ ADMS"},"content":{"rendered":"<div class=\"row aling-items-center padding-bottom-2x\">\n<div class=\"col-lg-12\">\n<h5 class=\"card-title text-center\">Informaci\u00f3n General<\/h5>\n<p class=\"ql-align-justify\">El dispositivo\u00a0<strong>UA860\u00a0<\/strong>es una terminal biom\u00e9trica con pantalla a color de 2.8 pulgadas, dise\u00f1ada para realizar la gesti\u00f3n de Tiempo y Asistencia y aplicaciones de Control de Acceso B\u00e1sico. Integrado con el lector de huella digital BioID para un reconocimiento y verificaci\u00f3n de forma eficaz.<\/p>\n<p class=\"ql-align-justify\">Es posible administrar el UA860 con su interfaz de red TCP\/IP, Wi-Fi o por medio de su puerto USB para la transferencia manual de datos para evitar el riesgo de que la informaci\u00f3n sea borrada accidentalmente.<\/p>\n<p><img decoding=\"async\" class=\"overview-center-img-web\" src=\"https:\/\/tvc.mx\/media\/629558\/Control-Acceso-Asistencia-Simple-TarjetasID-Huellas-WiFi-ADMS-UA860-ZKTeco-TVC-Banner2.png\" alt=\"\" \/><\/div>\n<\/div>\n<div class=\"row align-items-center padding-bottom-2x\">\n<div class=\"col-md-5 order-md-2\"><img decoding=\"async\" class=\"d-block m-auto img-thumbnail\" src=\"https:\/\/tvc.mx\/media\/355859\/Control-Acceso-Asistencia-Simple-TarjetasID-Huellas-WiFi-ADMS-UA860-ZK-TVC-Complemento.png\" alt=\" \" \/><\/div>\n<div class=\"col-md-7 order-md-1 text-md-left text-center\">\n<h2>Principales Caracter\u00edsticas<\/h2>\n<p class=\"text-muted\">\n<p><strong>Almacenamiento:<\/strong><\/p>\n<ul>\n<li>3,000 Huellas<\/li>\n<li>3,000 Tarjetas (RF-ID)<\/li>\n<li>3,000 Contrase\u00f1as<\/li>\n<li>50,000 Eventos<\/li>\n<\/ul>\n<p><strong>Interfaz de Comunicaci\u00f3n:<\/strong>\u00a0TCP\/IP, USB(Host),\u00a0<strong>Wi-Fi<\/strong><\/p>\n<p><strong>Funci\u00f3n ADMS<\/strong>\u00a0Ready<\/p>\n<p><strong>Interfaz de Acceso:<\/strong><\/p>\n<ul>\n<li>Relevador para Control de Acceso<\/li>\n<li>Conexi\u00f3n para Bot\u00f3n de Salida<\/li>\n<li>Conexi\u00f3n para Impresora (RS232)<\/li>\n<\/ul>\n<p><strong>Funci\u00f3n opcional de paga (Actualizaci\u00f3n de Firmware)<\/strong><\/p>\n<ul>\n<li>Activaci\u00f3n de Relevador por Timbre Programado<\/li>\n<\/ul>\n<p><strong>Software Compatible:<\/strong>\u00a0ZK Time.Net Lite,\u00a0<a href=\"https:\/\/tvc.mx\/products?categoryId=&amp;query=%7B%22search%22%3A%22time%20net%203.0%22%2C%22view%22%3A%22grid%22%2C%22sortBy%22%3A%7B%22sortCriteria%22%3A%22name%22%2C%22sortDirection%22%3A%22desc%22%7D%2C%22perPage%22%3A40%2C%22priceRange%22%3A%7B%22min%22%3A0%2C%22max%22%3Anull%7D%7D\" target=\"_blank\" rel=\"noopener\">ZK Ti<\/a>me.Net 3.0,\u00a0BioTime PRO,\u00a0BioTime Cloud\u00a0(<em>Actualizaci\u00f3n Gratuita<\/em>),\u00a0Titanium.<\/p>\n<p>&nbsp;<\/p>\n<\/div>\n<\/div>\n<hr class=\"padding-bottom-2x\" \/>\n<div class=\"row align-items-center padding-bottom-2x\">\n<div class=\"col-md-5\"><img decoding=\"async\" class=\"d-block m-auto img-thumbnail\" src=\"https:\/\/tvc.mx\/media\/355867\/Control-Acceso-Asistencia-Simple-TarjetasID-Huellas-WiFi-ADMS-UA860-ZK-TVC-Complemento2.png\" alt=\" \" \/><\/div>\n<div class=\"col-md-7 text-md-left text-center\">\n<h2>Especificaciones T\u00e9cnicas<\/h2>\n<p class=\"text-muted\">\n<p><strong>Pantalla:\u00a0<\/strong>2.8 Pulgadas TFT<\/p>\n<p><strong>Fuente de Alimentaci\u00f3n:<\/strong>\u00a0DC 12V 1.5A<\/p>\n<p><strong>Temperatura de Operaci\u00f3n:<\/strong>\u00a00\u00b0c a 45\u00b0c<\/p>\n<p><strong>Humedad de Operaci\u00f3n:\u00a0<\/strong>20% &#8211; 80%<\/p>\n<p><strong>Dimensiones:<\/strong>\u00a0185 x 137 x 38.2 mm<\/p>\n<p>&nbsp;<\/p>\n<\/div>\n<\/div>\n<hr class=\"padding-bottom-2x\" \/>\n<div class=\"row align-items-center padding-bottom-2x\">\n<div class=\"col-md-5 order-md-2\"><img decoding=\"async\" class=\"d-block m-auto img-thumbnail\" src=\"https:\/\/tvc.mx\/media\/375315\/Control-Acceso-Asistencia-Simple-TarjetasID-Huellas-WiFi-ADMS-UA860-ZK-TVC-Complemento3.png\" alt=\" \" \/><\/div>\n<div class=\"col-md-7 order-md-1 text-md-left text-center\">\n<h2>Incluye<\/h2>\n<p class=\"text-muted\">\n<ul>\n<li>Soporte de pared<\/li>\n<li>Torniller\u00eda de montaje<\/li>\n<li>Arn\u00e9s de conexi\u00f3n<\/li>\n<li>Fuente de Poder (12V 1.5A)<\/li>\n<\/ul>\n<\/div>\n<\/div>\n","protected":false},"excerpt":{"rendered":"<p>Informaci\u00f3n General El dispositivo\u00a0UA860\u00a0es una terminal biom\u00e9trica con pantalla a color de 2.8 pulgadas, dise\u00f1ada para realizar la gesti\u00f3n de Tiempo y Asistencia y aplicaciones de Control de Acceso B\u00e1sico. Integrado con el lector de huella digital BioID para un reconocimiento y verificaci\u00f3n de forma&hellip;<\/p>\n","protected":false},"featured_media":9265,"comment_status":"open","ping_status":"closed","template":"","meta":{"om_disable_all_campaigns":false,"_monsterinsights_skip_tracking":false,"_monsterinsights_sitenote_active":false,"_monsterinsights_sitenote_note":"","_monsterinsights_sitenote_category":0},"product_brand":[],"product_cat":[841],"product_tag":[81,727,730,66,731,728,729],"class_list":{"0":"post-9266","1":"product","2":"type-product","3":"status-publish","4":"has-post-thumbnail","6":"product_cat-huella-control-de-asistencia-zkteco-acceso-asistencia","7":"product_tag-acceso-y-asistencia","8":"product_tag-cerraduras","9":"product_tag-commax-wulian","10":"product_tag-dahua","11":"product_tag-wejoin","12":"product_tag-yli","13":"product_tag-zkteco","15":"first","16":"instock","17":"sale","18":"taxable","19":"shipping-taxable","20":"purchasable","21":"product-type-simple"},"aioseo_notices":[],"_links":{"self":[{"href":"https:\/\/tecsecmty.com\/index.php\/wp-json\/wp\/v2\/product\/9266","targetHints":{"allow":["GET"]}}],"collection":[{"href":"https:\/\/tecsecmty.com\/index.php\/wp-json\/wp\/v2\/product"}],"about":[{"href":"https:\/\/tecsecmty.com\/index.php\/wp-json\/wp\/v2\/types\/product"}],"replies":[{"embeddable":true,"href":"https:\/\/tecsecmty.com\/index.php\/wp-json\/wp\/v2\/comments?post=9266"}],"version-history":[{"count":0,"href":"https:\/\/tecsecmty.com\/index.php\/wp-json\/wp\/v2\/product\/9266\/revisions"}],"wp:featuredmedia":[{"embeddable":true,"href":"https:\/\/tecsecmty.com\/index.php\/wp-json\/wp\/v2\/media\/9265"}],"wp:attachment":[{"href":"https:\/\/tecsecmty.com\/index.php\/wp-json\/wp\/v2\/media?parent=9266"}],"wp:term":[{"taxonomy":"product_brand","embeddable":true,"href":"https:\/\/tecsecmty.com\/index.php\/wp-json\/wp\/v2\/product_brand?post=9266"},{"taxonomy":"product_cat","embeddable":true,"href":"https:\/\/tecsecmty.com\/index.php\/wp-json\/wp\/v2\/product_cat?post=9266"},{"taxonomy":"product_tag","embeddable":true,"href":"https:\/\/tecsecmty.com\/index.php\/wp-json\/wp\/v2\/product_tag?post=9266"}],"curies":[{"name":"wp","href":"https:\/\/api.w.org\/{rel}","templated":true}]}}