{"id":9268,"date":"2023-02-23T22:39:58","date_gmt":"2023-02-24T04:39:58","guid":{"rendered":"https:\/\/tecsecmty.com\/index.php\/producto\/zkteco-ua860idcardpak-control-de-acceso-y-asistencia-simple-con-10-tarjetas-de-proximidad-id-de125khz-1-88-mm\/"},"modified":"2023-03-22T23:25:34","modified_gmt":"2023-03-23T05:25:34","slug":"zkteco-ua860idcardpak-control-de-acceso-y-asistencia-simple-con-10-tarjetas-de-proximidad-id-de125khz-1-88-mm","status":"publish","type":"product","link":"https:\/\/tecsecmty.com\/index.php\/producto\/zkteco-ua860idcardpak-control-de-acceso-y-asistencia-simple-con-10-tarjetas-de-proximidad-id-de125khz-1-88-mm\/","title":{"rendered":"ZKTECO UA860IDCARDPAK &#8211; Control de Acceso y Asistencia Simple con 10 tarjetas de proximidad ID de125Khz 1.88 mm"},"content":{"rendered":"<div class=\"row aling-items-center padding-bottom-2x\">\n<div class=\"col-lg-12\">\n<h5 class=\"card-title text-center\">Informaci\u00f3n General<\/h5>\n<p>El\u00a0<strong>UA860<\/strong>\u00a0es una terminal biom\u00e9trica con pantalla a color de 2.8 pulgadas, dise\u00f1ada para realizar la gesti\u00f3n de Tiempo y Asistencia y aplicaciones de Control de Acceso b\u00e1sico. Integrado con el lector de huella digital BioID para un reconocimiento y veri\ufb01caci\u00f3n de forma e\ufb01caz, as\u00ed como Wi-Fi interno para una comunicaci\u00f3n conveniente.<\/p>\n<p>Es posible administrar el UA860 con su interfaz de red TCP\/IP, Wi-Fi o por medio de su puerto USB para la transferencia manual de datos para evitar el riesgo de que la informaci\u00f3n sea borrada accidentalmente.<\/p>\n<p>Es compatible con\u00a0<u>ADMS<\/u>\u00a0para lograr una gesti\u00f3n remota de datos con nuestro software\u00a0<strong>Biotime PRO<\/strong><\/p>\n<p><img decoding=\"async\" class=\"overview-center-img-web\" src=\"https:\/\/tvc.mx\/media\/555923\/Control-Acceso-Asistencia-Simple-Tarjetas-Proximidad-UA860IDCARDPAK-ZKTeco-Banner2.png\" alt=\"\" \/><\/div>\n<\/div>\n<div class=\"row align-items-center padding-bottom-2x\">\n<div class=\"col-md-5\"><img decoding=\"async\" class=\"d-block m-auto img-thumbnail\" src=\"https:\/\/tvc.mx\/media\/274727\/Control-Acceso-Asistencia-Simple-Tarjetas-Proximidad-UA860IDCARDPAK-ZK-Complemento.png\" alt=\" \" \/><\/div>\n<div class=\"col-md-7 text-md-left text-center\">\n<h2>ZKTECO UA860ID<\/h2>\n<p class=\"text-muted\">\n<ul>\n<li>M\u00f3dulo Wi-Fi est\u00e1 integrado.<\/li>\n<li>ADMS para conectar con Software BiotimePro<\/li>\n<li>Soporta conexi\u00f3n USB-Host para respaldar la informaci\u00f3n.<\/li>\n<li><strong>Capacidad de Usuarios:<\/strong>\u00a03,000<\/li>\n<li><strong>Capacidad de Huellas:<\/strong>\u00a03,000<\/li>\n<li><strong>Capacidad de Tarjetas:<\/strong>\u00a03,000<\/li>\n<li><strong>Capacidad de Eventos:<\/strong>\u00a050,000<\/li>\n<li>Soporta Bot\u00f3n de apertura<\/li>\n<li>Puede controlar la apertura de una cerradura el\u00e9ctrica o magn\u00e9tica<\/li>\n<li>Conexi\u00f3n a Impresora<\/li>\n<\/ul>\n<p>&nbsp;<\/p>\n<p>&nbsp;<\/p>\n<\/div>\n<\/div>\n<hr class=\"padding-bottom-2x\" \/>\n<div class=\"row align-items-center padding-bottom-2x\">\n<div class=\"col-md-5 order-md-2\"><img decoding=\"async\" class=\"d-block m-auto img-thumbnail\" src=\"https:\/\/tvc.mx\/media\/274731\/Control-Acceso-Asistencia-Simple-Tarjetas-Proximidad-UA860IDCARDPAK-ZK-Complemento2.png\" alt=\" \" \/><\/div>\n<div class=\"col-md-7 order-md-1 text-md-left text-center\">\n<h2>ZKTECO IDCARDKR2K<\/h2>\n<p class=\"text-muted\">\n<ul>\n<li>Chip:\u00a0EM4200<\/li>\n<li>Frecuencia \uff1a\u00a0125KHZ<\/li>\n<li>Protocolo:\u00a0ISO11784 \/ 11785<\/li>\n<li>Memoria:\u00a0solo lectura, ROM de 128 bits<\/li>\n<li>Manualidades disponibles:\u00a0impresi\u00f3n de logotipo, serigraf\u00eda, numeraci\u00f3n, etc.<\/li>\n<\/ul>\n<\/div>\n<\/div>\n","protected":false},"excerpt":{"rendered":"<p>Informaci\u00f3n General El\u00a0UA860\u00a0es una terminal biom\u00e9trica con pantalla a color de 2.8 pulgadas, dise\u00f1ada para realizar la gesti\u00f3n de Tiempo y Asistencia y aplicaciones de Control de Acceso b\u00e1sico. Integrado con el lector de huella digital BioID para un reconocimiento y veri\ufb01caci\u00f3n de forma e\ufb01caz,&hellip;<\/p>\n","protected":false},"featured_media":9267,"comment_status":"open","ping_status":"closed","template":"","meta":{"om_disable_all_campaigns":false,"_monsterinsights_skip_tracking":false,"_monsterinsights_sitenote_active":false,"_monsterinsights_sitenote_note":"","_monsterinsights_sitenote_category":0},"product_brand":[],"product_cat":[841],"product_tag":[81,727,730,66,731,728,729],"class_list":{"0":"post-9268","1":"product","2":"type-product","3":"status-publish","4":"has-post-thumbnail","6":"product_cat-huella-control-de-asistencia-zkteco-acceso-asistencia","7":"product_tag-acceso-y-asistencia","8":"product_tag-cerraduras","9":"product_tag-commax-wulian","10":"product_tag-dahua","11":"product_tag-wejoin","12":"product_tag-yli","13":"product_tag-zkteco","15":"first","16":"instock","17":"sale","18":"taxable","19":"shipping-taxable","20":"purchasable","21":"product-type-simple"},"aioseo_notices":[],"_links":{"self":[{"href":"https:\/\/tecsecmty.com\/index.php\/wp-json\/wp\/v2\/product\/9268","targetHints":{"allow":["GET"]}}],"collection":[{"href":"https:\/\/tecsecmty.com\/index.php\/wp-json\/wp\/v2\/product"}],"about":[{"href":"https:\/\/tecsecmty.com\/index.php\/wp-json\/wp\/v2\/types\/product"}],"replies":[{"embeddable":true,"href":"https:\/\/tecsecmty.com\/index.php\/wp-json\/wp\/v2\/comments?post=9268"}],"version-history":[{"count":0,"href":"https:\/\/tecsecmty.com\/index.php\/wp-json\/wp\/v2\/product\/9268\/revisions"}],"wp:featuredmedia":[{"embeddable":true,"href":"https:\/\/tecsecmty.com\/index.php\/wp-json\/wp\/v2\/media\/9267"}],"wp:attachment":[{"href":"https:\/\/tecsecmty.com\/index.php\/wp-json\/wp\/v2\/media?parent=9268"}],"wp:term":[{"taxonomy":"product_brand","embeddable":true,"href":"https:\/\/tecsecmty.com\/index.php\/wp-json\/wp\/v2\/product_brand?post=9268"},{"taxonomy":"product_cat","embeddable":true,"href":"https:\/\/tecsecmty.com\/index.php\/wp-json\/wp\/v2\/product_cat?post=9268"},{"taxonomy":"product_tag","embeddable":true,"href":"https:\/\/tecsecmty.com\/index.php\/wp-json\/wp\/v2\/product_tag?post=9268"}],"curies":[{"name":"wp","href":"https:\/\/api.w.org\/{rel}","templated":true}]}}