{"id":9316,"date":"2023-02-23T22:40:47","date_gmt":"2023-02-24T04:40:47","guid":{"rendered":"https:\/\/tecsecmty.com\/index.php\/producto\/zkacceso-titaniumtadd3year-licencia-para-1-reloj-checador-adicional-3-anos\/"},"modified":"2023-03-22T23:25:10","modified_gmt":"2023-03-23T05:25:10","slug":"zkacceso-titaniumtadd3year-licencia-para-1-reloj-checador-adicional-3-anos","status":"publish","type":"product","link":"https:\/\/tecsecmty.com\/index.php\/producto\/zkacceso-titaniumtadd3year-licencia-para-1-reloj-checador-adicional-3-anos\/","title":{"rendered":"ZKACCESO TITANIUMTADD3YEAR &#8211; Licencia para 1 reloj checador adicional \/ 3 a\u00f1os"},"content":{"rendered":"<div class=\"row aling-items-center padding-bottom-2x\">\n<div class=\"col-lg-12\">\n<h5 class=\"card-title text-center\">Informaci\u00f3n General<\/h5>\n<h4 class=\"ql-align-justify\">El <strong>Software<\/strong> esta desarrollado para el f\u00e1cil control de asistencia y la r\u00e1pida administraci\u00f3n de horarios de los trabajadores. Brinda seguridad de los registros, lo cuales no ser\u00e1n alterados y no se podr\u00e1 realizar ning\u00fan tipo de fraude.<\/h4>\n<h4 class=\"ql-align-justify\">La informaci\u00f3n en el m\u00f3dulo de recursos humanos le permite tener un pr\u00e1ctico expediente personal de cada uno de los trabajadores.<\/h4>\n<h4 class=\"ql-align-justify\">Con la nueva funci\u00f3n <strong>AWS<\/strong>, el sistema interact\u00faa con la funci\u00f3n <strong>ADMS<\/strong> de las terminales <strong>ZKTeco<\/strong>, para recolectar los registros de asistencia que las terminales env\u00edan de forma autom\u00e1tica a una PC o servidor.<\/h4>\n<p><img decoding=\"async\" class=\"overview-center-img-web\" src=\"https:\/\/tvc.mx\/media\/265947\/Licencia-Agregar-Bloque-1-Reloj-Adicional-TITANIUMTADD3YEAR-ZKACCESO-TVC-Banner.png\" alt=\"\" \/><\/div>\n<\/div>\n<div class=\"row align-items-center padding-bottom-2x\">\n<div class=\"col-md-5 order-md-2\"><img decoding=\"async\" class=\"d-block m-auto img-thumbnail\" src=\"https:\/\/tvc.mx\/media\/265951\/Licencia-Agregar-Bloque-1-Reloj-Adicional-TITANIUMTADD3YEAR-ZKACCESO-TVC-Complemento3.png\" alt=\" \" \/><\/div>\n<div class=\"col-md-7 order-md-1 text-md-left text-center\">\n<h2>Caracter\u00edsticas en General<\/h2>\n<p class=\"text-muted\">\n<ul>\n<li><strong>Empleados:<\/strong> Estatus de perfil, Fecha de contrato, Asignatura de Puesto y Departamento o Sucursal<\/li>\n<li><strong>Catalogo:<\/strong> Departamentos, Puestos y Sucursales<\/li>\n<li><strong>Control de Asistencia:<\/strong> Estatus Laboral, Registro de checadas, Horario general, Horarios de profesores y Genera tarjeta de asistencia por empleado<\/li>\n<li><strong>Horarios:<\/strong> Asistencia, Vacaciones y D\u00edas Festivos<\/li>\n<li><strong>Incidencias:<\/strong> Incapacidad, Maternidad, Permiso de Retardo, Falta, Faltas Justificadas y Incidencias Personalizadas<\/li>\n<li><strong>General:<\/strong> Puntualidad, Retardos, Tiempo laborado, Tiempo extra, Gr\u00e1ficas y estad\u00edsticas y Reportes<\/li>\n<\/ul>\n<p><strong>Modulo para Recursos Humanos:<\/strong><\/p>\n<ul>\n<li>Ficha Medica<\/li>\n<li>Rasgos de Personalidad<\/li>\n<li>Escolaridad<\/li>\n<li>Historial Laboral<\/li>\n<\/ul>\n<p>&nbsp;<\/p>\n<\/div>\n<\/div>\n<hr class=\"padding-bottom-2x\" \/>\n<div class=\"row align-items-center padding-bottom-2x\">\n<div class=\"col-md-5\"><img decoding=\"async\" class=\"d-block m-auto img-thumbnail\" src=\"https:\/\/tvc.mx\/media\/265955\/Licencia-Agregar-Bloque-1-Reloj-Adicional-TITANIUMTADD3YEAR-ZKACCESO-TVC-Complemento.png\" alt=\" \" \/><\/div>\n<div class=\"col-md-7 text-md-left text-center\">\n<h2>Informaci\u00f3n General<\/h2>\n<p class=\"text-muted\">\n<h4><strong>Capacidades:<\/strong><\/h4>\n<h4><\/h4>\n<ul>\n<li>1 Reloj Checador Adicional<\/li>\n<\/ul>\n<p><em>Compatible con cualquier licencia de 3 a\u00f1os de Titanium<\/em><\/p>\n<p>&nbsp;<\/p>\n<\/div>\n<\/div>\n<hr class=\"padding-bottom-2x\" \/>\n<div class=\"row align-items-center padding-bottom-2x\">\n<div class=\"col-md-5 order-md-2\"><img decoding=\"async\" class=\"d-block m-auto img-thumbnail\" src=\"https:\/\/tvc.mx\/media\/265959\/Licencia-Agregar-Bloque-1-Reloj-Adicional-TITANIUMTADD3YEAR-ZKACCESO-TVC-Complemento2.png\" alt=\" \" \/><\/div>\n<div class=\"col-md-7 order-md-1 text-md-left text-center\">\n<h2>Requisitos M\u00ednimos PC<\/h2>\n<p class=\"text-muted\">\n<ul>\n<li class=\"ql-align-justify\">Procesador Intel\u00ae Core 2 o AMD Athlon\u00ae 64 (2 GHz o m\u00e1s r\u00e1pido)<\/li>\n<li class=\"ql-align-justify\">Microsoft Windows vista, Windows 8.1, Windows 8.1 o Windows 10.<\/li>\n<li class=\"ql-align-justify\">2 GB o m\u00e1s de RAM (se recomiendan 8 GB)<\/li>\n<li class=\"ql-align-justify\">500 MD o m\u00e1s de espacio disponible en el disco duro para la instalaci\u00f3n de 32 bits.<\/li>\n<li class=\"ql-align-justify\">Pantalla de 1024 x 768 (se recomienda 1280 x 800) con color de 16 bits<\/li>\n<li class=\"ql-align-justify\">Es preciso disponer de conexi\u00f3n a Internet y estar registrado para poder activar el software, validar las suscripciones y acceder a los servicios en l\u00ednea**<\/li>\n<\/ul>\n<p>&nbsp;<\/p>\n<\/div>\n<\/div>\n<hr class=\"padding-bottom-2x\" \/>\n<div class=\"row aling-items-center padding-bottom-2x\">\n<div class=\"col-lg-12\">\n<h5 class=\"card-title text-center\">Informaci\u00f3n de Compatibilidad<\/h5>\n<h3><strong>Acceso 3 TITANIUM<\/strong> es compatible con los sistemas de n\u00f3mina Aspel Noi y Contpaq iNominas, en donde puedes importar y exportar tu informaci\u00f3n.<\/h3>\n<h3><\/h3>\n<h3><strong>Acceso 3 TITANIUM<\/strong> es compatible con la mayor\u00eda de la l\u00ednea de productos de tiempo y asistencia de la marca ZKTeco.<\/h3>\n<p><img decoding=\"async\" class=\"overview-center-img-web\" src=\"https:\/\/tvc.mx\/media\/265963\/Licencia-Agregar-Bloque-1-Reloj-Adicional-TITANIUMTADD3YEAR-ZKACCESO-TVC-Banner2.png\" alt=\"\" \/><\/div>\n<\/div>\n","protected":false},"excerpt":{"rendered":"<p>Informaci\u00f3n General El Software esta desarrollado para el f\u00e1cil control de asistencia y la r\u00e1pida administraci\u00f3n de horarios de los trabajadores. Brinda seguridad de los registros, lo cuales no ser\u00e1n alterados y no se podr\u00e1 realizar ning\u00fan tipo de fraude. La informaci\u00f3n en el m\u00f3dulo&hellip;<\/p>\n","protected":false},"featured_media":9315,"comment_status":"open","ping_status":"closed","template":"","meta":{"om_disable_all_campaigns":false,"_monsterinsights_skip_tracking":false,"_monsterinsights_sitenote_active":false,"_monsterinsights_sitenote_note":"","_monsterinsights_sitenote_category":0},"product_brand":[],"product_cat":[845],"product_tag":[81,727,730,66,731,728,729],"class_list":{"0":"post-9316","1":"product","2":"type-product","3":"status-publish","4":"has-post-thumbnail","6":"product_cat-software-asistencia-control-de-asistencia-marcas-varias-acceso-asistencia","7":"product_tag-acceso-y-asistencia","8":"product_tag-cerraduras","9":"product_tag-commax-wulian","10":"product_tag-dahua","11":"product_tag-wejoin","12":"product_tag-yli","13":"product_tag-zkteco","15":"first","16":"instock","17":"sale","18":"taxable","19":"shipping-taxable","20":"purchasable","21":"product-type-simple"},"aioseo_notices":[],"_links":{"self":[{"href":"https:\/\/tecsecmty.com\/index.php\/wp-json\/wp\/v2\/product\/9316","targetHints":{"allow":["GET"]}}],"collection":[{"href":"https:\/\/tecsecmty.com\/index.php\/wp-json\/wp\/v2\/product"}],"about":[{"href":"https:\/\/tecsecmty.com\/index.php\/wp-json\/wp\/v2\/types\/product"}],"replies":[{"embeddable":true,"href":"https:\/\/tecsecmty.com\/index.php\/wp-json\/wp\/v2\/comments?post=9316"}],"version-history":[{"count":1,"href":"https:\/\/tecsecmty.com\/index.php\/wp-json\/wp\/v2\/product\/9316\/revisions"}],"predecessor-version":[{"id":9635,"href":"https:\/\/tecsecmty.com\/index.php\/wp-json\/wp\/v2\/product\/9316\/revisions\/9635"}],"wp:featuredmedia":[{"embeddable":true,"href":"https:\/\/tecsecmty.com\/index.php\/wp-json\/wp\/v2\/media\/9315"}],"wp:attachment":[{"href":"https:\/\/tecsecmty.com\/index.php\/wp-json\/wp\/v2\/media?parent=9316"}],"wp:term":[{"taxonomy":"product_brand","embeddable":true,"href":"https:\/\/tecsecmty.com\/index.php\/wp-json\/wp\/v2\/product_brand?post=9316"},{"taxonomy":"product_cat","embeddable":true,"href":"https:\/\/tecsecmty.com\/index.php\/wp-json\/wp\/v2\/product_cat?post=9316"},{"taxonomy":"product_tag","embeddable":true,"href":"https:\/\/tecsecmty.com\/index.php\/wp-json\/wp\/v2\/product_tag?post=9316"}],"curies":[{"name":"wp","href":"https:\/\/api.w.org\/{rel}","templated":true}]}}