{"id":934,"date":"2023-02-16T00:15:13","date_gmt":"2023-02-16T00:15:13","guid":{"rendered":"https:\/\/tecsecmty.com\/index.php\/producto\/kit-dvr-muvil-1080p-incluye-4-c%c2%b7maras-turbohd-soporta-4g-gps-soporta-memoria-sd\/"},"modified":"2023-03-22T23:20:48","modified_gmt":"2023-03-23T05:20:48","slug":"kit-dvr-movil-1080p-incluye-4-camaras-turbohd-soporta-4g-gps-soporta-memoria-sd-2","status":"publish","type":"product","link":"https:\/\/tecsecmty.com\/index.php\/producto\/kit-dvr-movil-1080p-incluye-4-camaras-turbohd-soporta-4g-gps-soporta-memoria-sd-2\/","title":{"rendered":"Kit DVR Movil 1080P \/ Incluye 4 Camaras TURBOHD \/ Soporta 4G \/ GPS \/ Soporta Memoria SD"},"content":{"rendered":"<div class=\"container\">\n<div class=\"row\">\n<div class=\"col-md-12\">\n<div class=\"row\">\n<div class=\"row\">\n<div class=\"col-md-12\">\n<h4 class=\"text-primary center info-text\" style=\"text-align: center\">Informaci\u00f3n de Producto<\/h4>\n<\/div>\n<\/div>\n<div class=\"row\" style=\"text-align: center\">\n<div class=\"col-md-12\">\n<h3>Kit DVR M\u00f3vil 1080P \/ Incluye 4 C\u00e1maras TURBOHD \/ Soporta 4G \/ GPS \/ Soporta Memoria SD<\/h3>\n<\/div>\n<\/div>\n<div id=\"producto_container\" class=\"row\" style=\"text-align: center\">\n<div class=\"col-md-4\"><img decoding=\"async\" class=\"img-responsive center-block\" src=\"https:\/\/ftp3.syscom.mx\/usuarios\/fotos\/BancoFotografiasSyscom\/HIKVISION\/DSMP5604SD_GLF(LITE)(KIT)\/DSMP5604SD_GLF(LITE)(KIT)-p.PNG\" alt=\"DS-MP5604SD\/GLF(LITE)(KIT)\" \/><\/div>\n<div><\/div>\n<\/div>\n<\/div>\n<div class=\"row \" style=\"text-align: center\">\n<div class=\"col-md-12\">\n<div class=\"row\">\n<h3 class=\"text-primary\">Especificaciones:<\/h3>\n<\/div>\n<div class=\"row well\">\n<p>&nbsp;<\/p>\n<p><img decoding=\"async\" class=\"fr-fic fr-dii\" src=\"https:\/\/ftp3.syscom.mx\/usuarios\/jsosa\/HIKVISION\/imagenes\/logo\/hikvision%20see%20far.png\" \/><\/p>\n<\/div>\n<\/div>\n<\/div>\n<\/div>\n<\/div>\n<\/div>\n<p style=\"text-align: center\">Modelo:\u00a0<span class=\"modelo-marca\">DS-MP5604SD\/GLF(LITE)(KIT)<\/span><\/p>\n<p style=\"text-align: center\">Marca:\u00a0<span class=\"modelo-marca\">HIKVISION<\/span><\/p>\n<div class=\"container\" style=\"text-align: center\">\n<div class=\"row\">\n<div class=\"col-md-12\">\n<div class=\"row \" style=\"text-align: center\">\n<div class=\"col-md-12\">\n<div class=\"row well\">\n<div class=\"row\">\n<div class=\"row default_padding_bottom\">\n<div class=\"col-sm-6\">\n<h2><\/h2>\n<p>&nbsp;<\/p>\n<\/div>\n<div class=\"col-sm-6\"><\/div>\n<\/div>\n<\/div>\n<h1>DS-MP5604SD\/GLF(LITE)(KIT)<\/h1>\n<h3>Incluye:<\/h3>\n<p class=\"row\">1 x\u00a0<strong>DS-MP5604SD(Lite)<\/strong><\/p>\n<p class=\"row\">1 x\u00a0<strong><a href=\"https:\/\/www.syscom.mx\/producto\/AE-VC222T-S-HIKVISION-207553.html\" target=\"_blank\" rel=\"noopener\">AE-VC222TS<\/a><\/strong><\/p>\n<p class=\"row\">1 x\u00a0<strong><a href=\"https:\/\/www.syscom.mx\/principal\/searchcont?route=AE-VC253T-IT-HIKVISION-189698&amp;autodetect=AE-VC253TIT\" target=\"_blank\" rel=\"noopener\">AE-VC253TIT<\/a><\/strong><\/p>\n<p class=\"row\">1 x\u00a0<strong><a href=\"https:\/\/www.syscom.mx\/producto\/AE-VC224TIT-HIKVISION-207554.html\" target=\"_blank\" rel=\"noopener\">AE-VC224TIT<\/a><\/strong><\/p>\n<p class=\"row\">1 x\u00a0<strong><a href=\"https:\/\/www.syscom.mx\/producto\/AE-VC212T-ITS-HIKVISION-207560.html\" target=\"_blank\" rel=\"noopener\">AE-VC212TITS<\/a><\/strong><\/p>\n<p class=\"row\"><strong>Garant\u00eda: 2 a\u00f1os<\/strong><\/p>\n<div class=\"row\">\n<div class=\"col-sm-6\">\n<div class=\"panel_segmento\">\n<div><a href=\"https:\/\/www.syscom.mx\/principal\/searchcont?route=DS-MP5604-SD\/GLF\/WI58-HIKVISION-193029&amp;autodetect=dsmp5604\" target=\"_blank\" rel=\"noopener\"><img fetchpriority=\"high\" decoding=\"async\" class=\"img-responsive \" src=\"https:\/\/ftp3.syscom.mx\/usuarios\/fotos\/BancoFotografiasSyscom\/HIKVISION\/DSMP5604SD_GLF_WI58\/DSMP5604SD_GLF_WI58-l.PNG\" alt=\"...\" width=\"400\" height=\"400\" \/><\/a><\/div>\n<div>\n<h2>1 x DS-MP5604SD(LITE)<\/h2>\n<h4>Caracter\u00edsticas:<\/h4>\n<ul>\n<li>Soporta 4 c\u00e1maras m\u00f3vil TURBO 1080p + 1 c\u00e1maras m\u00f3vil IP 1080p (requiere switch PoE).<\/li>\n<li><strong>Compresi\u00f3n: H.264\/H.265.<\/strong><\/li>\n<li>Soporta una memoria SD de hasta 256 GB (no incluida)(<a href=\"https:\/\/www.syscom.mx\/principal\/listadoproductosazul\/videovigilancia-accesorios-generales-memorias-sd-65973.html?ordenar=Precio_de_Menor_a_Mayor&amp;pag=1&amp;marca=hikvision\">Memorias compatibles<\/a>).<\/li>\n<li>Incluye modulo de GPS.<\/li>\n<li>Incluye modulo de 4G. (requiere SIM de datos para transmisi\u00f3n de informaci\u00f3n remota y licencias del software Hik-Central).<\/li>\n<li>Cable para configuraci\u00f3n\u00a0<strong>M12TORJ45<\/strong>, tambi\u00e9n\u00a0compatible\u00a0<strong>XMRLAN<\/strong>(no incluido).<\/li>\n<li>Soporta modulo de entrada y salidas de alarmas (modulo se vende por separado).<\/li>\n<\/ul>\n<\/div>\n<\/div>\n<\/div>\n<div class=\"col-sm-6\">\n<div class=\"panel_segmento\">\n<div><a href=\"https:\/\/www.syscom.mx\/producto\/DS-2CE10DF0T-F-HIKVISION-189229.html\" target=\"_blank\" rel=\"noopener\"><img decoding=\"async\" class=\"img-responsive \" src=\"https:\/\/ftp3.syscom.mx\/usuarios\/fotos\/BancoFotografiasSyscom\/HIKVISION\/AEVC253TIT\/AEVC253TIT-l.PNG\" alt=\"...\" width=\"400\" height=\"400\" \/><\/a><\/div>\n<div>\n<h2>1 x\u00a0<a href=\"https:\/\/www.syscom.mx\/producto\/AE-VC253T-IT-HIKVISION-189698.html\" target=\"_blank\" rel=\"noopener\">AE-VC253T-IT<\/a><\/h2>\n<h4>Caracter\u00edsticas:<\/h4>\n<ul>\n<li>Resoluci\u00f3n M\u00e1xima 2 Megapixel (1920 x 1080).<\/li>\n<li>Lente 2.8 mm (angulo de visi\u00f3n 96\u00b0).<\/li>\n<li>Conector tipo aviacion (por el mismo cable de video inyecta la alimentacion).<\/li>\n<li>15 mts IR (vision nocturna).<\/li>\n<li>Exterior IP68.<\/li>\n<\/ul>\n<\/div>\n<\/div>\n<\/div>\n<\/div>\n<div class=\"col-sm-6\">\n<div class=\"panel_segmento\">\n<div><a href=\"https:\/\/www.syscom.mx\/producto\/DS-2CE10DF0T-F-HIKVISION-189229.html\" target=\"_blank\" rel=\"noopener\"><img decoding=\"async\" class=\"img-responsive \" src=\"https:\/\/ftp3.syscom.mx\/usuarios\/fotos\/BancoFotografiasSyscom\/HIKVISION\/AEVC222TITS\/AEVC222TITS-l.PNG\" alt=\"...\" width=\"400\" height=\"400\" \/><\/a><\/div>\n<div>\n<h2>1 x\u00a0<a href=\"https:\/\/www.syscom.mx\/producto\/AE-VC222T-ITS-HIKVISION-196248.html\" target=\"_blank\" rel=\"noopener\">AE-VC222T-ITS<\/a><\/h2>\n<h4>Caracter\u00edsticas:<\/h4>\n<ul>\n<li>Resoluci\u00f3n M\u00e1xima 2 Megapixel (1920 x 1080).<\/li>\n<li>Lente 2.1 mm (angulo de visi\u00f3n 117\u00b0).<\/li>\n<li>Conector tipo aviacion (por el mismo cable de video inyecta la alimentacion).<\/li>\n<li>15 mts IR (vision nocturna).<\/li>\n<li>Microfono interconstruido.<\/li>\n<li>Interior.<\/li>\n<\/ul>\n<\/div>\n<\/div>\n<\/div>\n<div class=\"col-sm-6\">\n<div class=\"panel_segmento\">\n<div><a href=\"https:\/\/www.syscom.mx\/producto\/AE-VC224TIT-HIKVISION-207554.html\" target=\"_blank\" rel=\"noopener\"><img loading=\"lazy\" decoding=\"async\" class=\"img-responsive \" src=\"https:\/\/ftp3.syscom.mx\/usuarios\/fotos\/BancoFotografiasSyscom\/HIKVISION\/AEVC224TIT\/AEVC224TIT-l.PNG\" alt=\"...\" width=\"400\" height=\"400\" \/><\/a><\/div>\n<div>\n<h2>1 x\u00a0<a href=\"https:\/\/www.syscom.mx\/producto\/AE-VC224TIT-HIKVISION-207554.html\" target=\"_blank\" rel=\"noopener\">AE-VC224TIT<\/a><\/h2>\n<h4>Caracter\u00edsticas:<\/h4>\n<ul>\n<li>Resoluci\u00f3n M\u00e1xima 2 Megapixel (1920 x 1080).<\/li>\n<li>Lente 2.1 mm (angulo de visi\u00f3n 117\u00b0).<\/li>\n<li>Conector tipo aviacion (por el mismo cable de video inyecta la alimentacion).<\/li>\n<li>15 mts IR (vision nocturna).<\/li>\n<li>Exterior IP68.<\/li>\n<\/ul>\n<\/div>\n<\/div>\n<\/div>\n<div class=\"col-sm-6\">\n<div class=\"panel_segmento\">\n<div><a href=\"https:\/\/www.syscom.mx\/producto\/AE-VC212T-ITS-HIKVISION-207560.html\" target=\"_blank\" rel=\"noopener\"><img loading=\"lazy\" decoding=\"async\" class=\"img-responsive \" src=\"https:\/\/ftp3.syscom.mx\/usuarios\/fotos\/BancoFotografiasSyscom\/HIKVISION\/AEVC212TITS\/AEVC212TITS-l.PNG\" alt=\"...\" width=\"400\" height=\"400\" \/><\/a><\/div>\n<div>\n<h2>1 x\u00a0<a href=\"https:\/\/www.syscom.mx\/producto\/AE-VC224TIT-HIKVISION-207554.html\" target=\"_blank\" rel=\"noopener\">AE-VC212T-ITS<\/a><\/h2>\n<h4>Caracter\u00edsticas:<\/h4>\n<ul>\n<li>Resoluci\u00f3n M\u00e1xima 2 Megapixel (1920 x 1080).<\/li>\n<li>Lente 2.1 mm (angulo de visi\u00f3n 117\u00b0).<\/li>\n<li>Conector tipo aviacion (por el mismo cable de video inyecta la alimentacion).<\/li>\n<li>15 mts IR (vision nocturna).<\/li>\n<li>Interior.<\/li>\n<\/ul>\n<\/div>\n<\/div>\n<\/div>\n<div class=\"row\">\n<div class=\"col-sm-12\"><\/div>\n<\/div>\n<p>&nbsp;<\/p>\n<div class=\"row\">\n<div class=\"col-sm-12\">\n<div>\n<p><strong>Existen dos soluciones para poder tener transmision y centralizaci\u00f3n remota:<\/strong><\/p>\n<p>1.- Usando la plataforma de Hik-Central Profesional:<\/p>\n<ul>\n<li><a href=\"https:\/\/www.syscom.mx\/principal\/searchcont?route=DS-MP5604-HIKVISION-188780&amp;autodetect=HC-P-MS-B\" target=\"_blank\" rel=\"noopener\"><strong>HC-P-MS-B<\/strong><\/a>: Esta licencia a\u00f1ade la base para dispositivos m\u00f3viles, incluye 10 unidades y tambien modulo de Bussiness Intelligence.<\/li>\n<li><a href=\"https:\/\/www.syscom.mx\/producto\/HC-P-MS-1-HIKVISION-200925.html\" target=\"_blank\" rel=\"noopener\"><strong>HC-P-MS\/1<\/strong><\/a>: Esta licencia agrega 1 dispositivo m\u00f3vil adicional, se requiere tener una licencia base activa. (Se usa a partir del dispositivo numero 11 en adelante).<\/li>\n<\/ul>\n<p>Esta solucion requiere infraestructura de red adicional:<\/p>\n<ul>\n<li>Se requiere un servidor (PC) dedicada para colocar las licencias del software Hik-Central Profesional, en este servidor se dejan corriendo los servicios para poder consultar el video en vivo, ver grabaciones y posicionamiento de manera remota. (Se recomienda un servidor\u00a0 como minimo core i5 y 8 GB RAM).<\/li>\n<li>Se requiere tener una IP publica fija (dedicada) y un buen ancho de banda que dependera de la cantidad del numero de DVR\u00b4s moviles a centralizar.<\/li>\n<\/ul>\n<p><strong>2.- Usando la plataforma de HikCentral Connect:\u00a0<\/strong><\/p>\n<ul>\n<li><a href=\"https:\/\/www.syscom.mx\/producto\/HCC-VEHICLE-1D-1A-HIKVISION-208153.html\" target=\"_blank\" rel=\"noopener\"><strong>HCC-VEHICLE-1D-1A<\/strong><\/a>:\u00a0 Licencia Anual HikCentral Connect \/ Monitoreo Vehicular de GPS (Ubicaci\u00f3n) y Video en Tiempo Real por 1 A\u00f1o para 1 Dispositivo \/ Compatible con Dash Cam y DVR\u00b4s Moviles. (<a href=\"https:\/\/soporte.syscom.mx\/es\/articles\/6645147-hikcentral-connect-agregar-mdvr-modelo-ds-mp5604\" target=\"_blank\" rel=\"noopener\">Tutorial de configuraci\u00f3n<\/a>)<\/li>\n<\/ul>\n<p>Esta solucion se maneja en la nube, no requiere servidores (PC) de por medio, toda la administraci\u00f3n es por interfaz web.<\/p>\n<\/div>\n<p>&nbsp;<\/p>\n<h2>\u00a0Soluciones moviles Hikvision<\/h2>\n<p>Hikvision la soluci\u00f3n mas completa en grabadores moviles..<\/p>\n<p><img decoding=\"async\" class=\"fr-fic fr-dii\" src=\"https:\/\/ftp3.syscom.mx\/usuarios\/jsosa\/HIKVISION\/imagenes\/banners\/solution%20complete.png\" \/><\/p>\n<p>&nbsp;<\/p>\n<\/div>\n<\/div>\n<\/div>\n<\/div>\n<\/div>\n<\/div>\n<\/div>\n<\/div>\n<p><img decoding=\"async\" class=\"aligncenter\" src=\"https:\/\/tracker.metricool.com\/c3po.jpg?hash=95c94f37730bb8f54dd4308f1f878f9\" \/><\/p>\n","protected":false},"excerpt":{"rendered":"<p>Informaci\u00f3n de Producto Kit DVR M\u00f3vil 1080P \/ Incluye 4 C\u00e1maras TURBOHD \/ Soporta 4G \/ GPS \/ Soporta Memoria SD Especificaciones: &nbsp; Modelo:\u00a0DS-MP5604SD\/GLF(LITE)(KIT) Marca:\u00a0HIKVISION &nbsp; DS-MP5604SD\/GLF(LITE)(KIT) Incluye: 1 x\u00a0DS-MP5604SD(Lite) 1 x\u00a0AE-VC222TS 1 x\u00a0AE-VC253TIT 1 x\u00a0AE-VC224TIT 1 x\u00a0AE-VC212TITS Garant\u00eda: 2 a\u00f1os 1 x DS-MP5604SD(LITE) Caracter\u00edsticas:&hellip;<\/p>\n","protected":false},"featured_media":1474,"comment_status":"open","ping_status":"closed","template":"","meta":{"om_disable_all_campaigns":false,"_monsterinsights_skip_tracking":false,"_monsterinsights_sitenote_active":false,"_monsterinsights_sitenote_note":"","_monsterinsights_sitenote_category":0},"product_brand":[],"product_cat":[60],"product_tag":[62,63,61],"class_list":{"0":"post-934","1":"product","2":"type-product","3":"status-publish","4":"has-post-thumbnail","6":"product_cat-video-grabadoras-moviles","7":"product_tag-camara-movil","8":"product_tag-dashcam","9":"product_tag-videograbadorasmoviles","11":"first","12":"instock","13":"taxable","14":"shipping-taxable","15":"product-type-simple"},"aioseo_notices":[],"_links":{"self":[{"href":"https:\/\/tecsecmty.com\/index.php\/wp-json\/wp\/v2\/product\/934","targetHints":{"allow":["GET"]}}],"collection":[{"href":"https:\/\/tecsecmty.com\/index.php\/wp-json\/wp\/v2\/product"}],"about":[{"href":"https:\/\/tecsecmty.com\/index.php\/wp-json\/wp\/v2\/types\/product"}],"replies":[{"embeddable":true,"href":"https:\/\/tecsecmty.com\/index.php\/wp-json\/wp\/v2\/comments?post=934"}],"version-history":[{"count":1,"href":"https:\/\/tecsecmty.com\/index.php\/wp-json\/wp\/v2\/product\/934\/revisions"}],"predecessor-version":[{"id":1472,"href":"https:\/\/tecsecmty.com\/index.php\/wp-json\/wp\/v2\/product\/934\/revisions\/1472"}],"wp:featuredmedia":[{"embeddable":true,"href":"https:\/\/tecsecmty.com\/index.php\/wp-json\/wp\/v2\/media\/1474"}],"wp:attachment":[{"href":"https:\/\/tecsecmty.com\/index.php\/wp-json\/wp\/v2\/media?parent=934"}],"wp:term":[{"taxonomy":"product_brand","embeddable":true,"href":"https:\/\/tecsecmty.com\/index.php\/wp-json\/wp\/v2\/product_brand?post=934"},{"taxonomy":"product_cat","embeddable":true,"href":"https:\/\/tecsecmty.com\/index.php\/wp-json\/wp\/v2\/product_cat?post=934"},{"taxonomy":"product_tag","embeddable":true,"href":"https:\/\/tecsecmty.com\/index.php\/wp-json\/wp\/v2\/product_tag?post=934"}],"curies":[{"name":"wp","href":"https:\/\/api.w.org\/{rel}","templated":true}]}}