{"id":9348,"date":"2023-02-23T22:41:18","date_gmt":"2023-02-24T04:41:18","guid":{"rendered":"https:\/\/tecsecmty.com\/index.php\/producto\/zkteco-biotimeproappenterprise-licencia-vitalicia-de-aplicacion-movil-para-uso-de-zk-biotime-pro-compatible-con-celulares-android-o-ios-soporta-500-cuentas\/"},"modified":"2023-03-22T23:25:12","modified_gmt":"2023-03-23T05:25:12","slug":"zkteco-biotimeproappenterprise-licencia-vitalicia-de-aplicacion-movil-para-uso-de-zk-biotime-pro-compatible-con-celulares-android-o-ios-soporta-500-cuentas","status":"publish","type":"product","link":"https:\/\/tecsecmty.com\/index.php\/producto\/zkteco-biotimeproappenterprise-licencia-vitalicia-de-aplicacion-movil-para-uso-de-zk-biotime-pro-compatible-con-celulares-android-o-ios-soporta-500-cuentas\/","title":{"rendered":"ZKTECO BIOTIMEPROAPPENTERPRISE &#8211; Licencia Vitalicia de Aplicaci\u00f3n M\u00f3vil para uso de ZK BIOTIME PRO \/ Compatible con celulares ANDROID o iOS \/ Soporta 500 Cuentas"},"content":{"rendered":"<div class=\"row aling-items-center padding-bottom-2x\">\n<div class=\"col-lg-12\">\n<h5 class=\"card-title text-center\">Informaci\u00f3n General<\/h5>\n<p>La aplicaci\u00f3n para dispositivos celulares\u00a0<strong>ZKBioTime<\/strong>\u00a0es una\u00a0<strong>APP<\/strong>\u00a0compatible con el software especializado en el control de tiempo y asistencia\u00a0BioTime Pro\u00a0que expande las funciones del mismo as\u00ed ofreciendo una soluci\u00f3n conveniente de la gesti\u00f3n de asistencia a industrias y\/o empresas con empleados que siempre est\u00e1n en movimiento.<\/p>\n<p><img decoding=\"async\" class=\"overview-center-img-web\" src=\"https:\/\/tvc.mx\/media\/463756\/Licencia-Aplicaci%C3%B3n-M%C3%B3vil-ZKBIOTIME-Compatible-ANDROID-iOS-500-cuentas-BIOTIMEPROAPPENTERPRISE-ZK-TVC-Banner.png\" alt=\"\" \/><\/div>\n<\/div>\n<div class=\"row align-items-center padding-bottom-2x\">\n<div class=\"col-md-5 order-md-2\"><img decoding=\"async\" class=\"d-block m-auto img-thumbnail\" src=\"https:\/\/tvc.mx\/media\/463762\/Licencia-Aplicaci%C3%B3n-M%C3%B3vil-ZKBIOTIME-Compatible-ANDROID-iOS-500-cuentas-BIOTIMEPROAPPENTERPRISE-ZK-TVC-Complemento1.png\" alt=\" \" \/><\/div>\n<div class=\"col-md-7 order-md-1 text-md-left text-center\">\n<h2>Principales Caracter\u00edsticas<\/h2>\n<p class=\"text-muted\">\n<ul>\n<li>Asistencia en Tiempo-Real con ubicaci\u00f3n geogr\u00e1fica.<\/li>\n<li><strong>Funci\u00f3n Geo-Cerca<\/strong><\/li>\n<li>Env\u00edo de fotograf\u00eda de asistencia.<\/li>\n<li>Visualizaci\u00f3n de Turnos asignados.<\/li>\n<li>Solicitudes y Aprobaciones de permisos.<\/li>\n<li>Notificaciones en Tiempo Real<\/li>\n<li>Mensajes p\u00fablicos y privados<\/li>\n<li>F\u00e1cil Operaci\u00f3n: Navegaci\u00f3n en 2 pasos.<\/li>\n<li class=\"ql-align-justify\">Disponible en iOS y Android<\/li>\n<\/ul>\n<p>&nbsp;<\/p>\n<\/div>\n<\/div>\n<hr class=\"padding-bottom-2x\" \/>\n<div class=\"row align-items-center padding-bottom-2x\">\n<div class=\"col-md-5\"><img decoding=\"async\" class=\"d-block m-auto img-thumbnail\" src=\"https:\/\/tvc.mx\/media\/463764\/Licencia-Aplicaci%C3%B3n-M%C3%B3vil-ZKBIOTIME-Compatible-ANDROID-iOS-500-cuentas-BIOTIMEPROAPPENTERPRISE-ZK-TVC-Complemento2.png\" alt=\" \" \/><\/div>\n<div class=\"col-md-7 text-md-left text-center\">\n<h2>Interfaz Administrador<\/h2>\n<p class=\"text-muted\">\n<ul>\n<li>Perfil<\/li>\n<li>Solicitud<\/li>\n<li>Calendario<\/li>\n<li>Mi Status<\/li>\n<li>Anuncio<\/li>\n<li>Notificaciones<\/li>\n<li>Reportes<\/li>\n<li>Aprobaciones<\/li>\n<li>Contacto<\/li>\n<li>Asistencia<\/li>\n<\/ul>\n<p>&nbsp;<\/p>\n<\/div>\n<\/div>\n<hr class=\"padding-bottom-2x\" \/>\n<div class=\"row align-items-center padding-bottom-2x\">\n<div class=\"col-md-5 order-md-2\"><img decoding=\"async\" class=\"d-block m-auto img-thumbnail\" src=\"https:\/\/tvc.mx\/media\/463766\/Licencia-Aplicaci%C3%B3n-M%C3%B3vil-ZKBIOTIME-Compatible-ANDROID-iOS-500-cuentas-BIOTIMEPROAPPENTERPRISE-ZK-TVC-Complemento3.png\" alt=\" \" \/><\/div>\n<div class=\"col-md-7 order-md-1 text-md-left text-center\">\n<h2>Interfaz Empleado<\/h2>\n<p class=\"text-muted\">\n<ul>\n<li class=\"ql-align-justify\">Perfil<\/li>\n<li class=\"ql-align-justify\">Solicitud<\/li>\n<li class=\"ql-align-justify\">Calendario<\/li>\n<li class=\"ql-align-justify\">Mi Status<\/li>\n<li class=\"ql-align-justify\">Anuncio<\/li>\n<li class=\"ql-align-justify\">Notificaciones<\/li>\n<li class=\"ql-align-justify\">Contacto<\/li>\n<li class=\"ql-align-justify\">Asistencia<\/li>\n<\/ul>\n<\/div>\n<\/div>\n","protected":false},"excerpt":{"rendered":"<p>Informaci\u00f3n General La aplicaci\u00f3n para dispositivos celulares\u00a0ZKBioTime\u00a0es una\u00a0APP\u00a0compatible con el software especializado en el control de tiempo y asistencia\u00a0BioTime Pro\u00a0que expande las funciones del mismo as\u00ed ofreciendo una soluci\u00f3n conveniente de la gesti\u00f3n de asistencia a industrias y\/o empresas con empleados que siempre est\u00e1n en&hellip;<\/p>\n","protected":false},"featured_media":9347,"comment_status":"open","ping_status":"closed","template":"","meta":{"om_disable_all_campaigns":false,"_monsterinsights_skip_tracking":false,"_monsterinsights_sitenote_active":false,"_monsterinsights_sitenote_note":"","_monsterinsights_sitenote_category":0},"product_brand":[],"product_cat":[842],"product_tag":[81,727,730,66,731,728,729],"class_list":{"0":"post-9348","1":"product","2":"type-product","3":"status-publish","4":"has-post-thumbnail","6":"product_cat-software-asistencia","7":"product_tag-acceso-y-asistencia","8":"product_tag-cerraduras","9":"product_tag-commax-wulian","10":"product_tag-dahua","11":"product_tag-wejoin","12":"product_tag-yli","13":"product_tag-zkteco","15":"first","16":"instock","17":"sale","18":"taxable","19":"shipping-taxable","20":"purchasable","21":"product-type-simple"},"aioseo_notices":[],"_links":{"self":[{"href":"https:\/\/tecsecmty.com\/index.php\/wp-json\/wp\/v2\/product\/9348","targetHints":{"allow":["GET"]}}],"collection":[{"href":"https:\/\/tecsecmty.com\/index.php\/wp-json\/wp\/v2\/product"}],"about":[{"href":"https:\/\/tecsecmty.com\/index.php\/wp-json\/wp\/v2\/types\/product"}],"replies":[{"embeddable":true,"href":"https:\/\/tecsecmty.com\/index.php\/wp-json\/wp\/v2\/comments?post=9348"}],"version-history":[{"count":1,"href":"https:\/\/tecsecmty.com\/index.php\/wp-json\/wp\/v2\/product\/9348\/revisions"}],"predecessor-version":[{"id":9616,"href":"https:\/\/tecsecmty.com\/index.php\/wp-json\/wp\/v2\/product\/9348\/revisions\/9616"}],"wp:featuredmedia":[{"embeddable":true,"href":"https:\/\/tecsecmty.com\/index.php\/wp-json\/wp\/v2\/media\/9347"}],"wp:attachment":[{"href":"https:\/\/tecsecmty.com\/index.php\/wp-json\/wp\/v2\/media?parent=9348"}],"wp:term":[{"taxonomy":"product_brand","embeddable":true,"href":"https:\/\/tecsecmty.com\/index.php\/wp-json\/wp\/v2\/product_brand?post=9348"},{"taxonomy":"product_cat","embeddable":true,"href":"https:\/\/tecsecmty.com\/index.php\/wp-json\/wp\/v2\/product_cat?post=9348"},{"taxonomy":"product_tag","embeddable":true,"href":"https:\/\/tecsecmty.com\/index.php\/wp-json\/wp\/v2\/product_tag?post=9348"}],"curies":[{"name":"wp","href":"https:\/\/api.w.org\/{rel}","templated":true}]}}