{"id":9398,"date":"2023-02-23T22:42:13","date_gmt":"2023-02-24T04:42:13","guid":{"rendered":"https:\/\/tecsecmty.com\/index.php\/producto\/bosch-i_b820-modulo-interfaz-sdi2-inovonics\/"},"modified":"2023-03-22T23:21:19","modified_gmt":"2023-03-23T05:21:19","slug":"bosch-i_b820-modulo-interfaz-sdi2-inovonics","status":"publish","type":"product","link":"https:\/\/tecsecmty.com\/index.php\/producto\/bosch-i_b820-modulo-interfaz-sdi2-inovonics\/","title":{"rendered":"BOSCH I_B820- MODULO INTERFAZ SDI2 INOVONICS"},"content":{"rendered":"<h5 class=\"card-title text-center\">M\u00f3dulo de interfaz B820 SDI2 Inovonics<\/h5>\n<p class=\"ql-align-justify\"><strong>El m\u00f3dulo de interfaz B820 Inovonics es completamente dispositivo de bus SDI2 supervisado y direccionable que permite comunicaci\u00f3n entre paneles de control Bosch y un Inovonics EN4200 EchoStream Serial Receiver con Transmisores inal\u00e1mbricos EchoStream.<\/strong><\/p>\n<p class=\"ql-align-justify\">Las instalaciones industriales, comerciales e institucionales son Instalaciones t\u00edpicas para el m\u00f3dulo B820. Emparejado con un receptor Inovonics EchoStream EN4200, el B820 el m\u00f3dulo de interfaz Inovonics proporciona una conexi\u00f3n inal\u00e1mbrica soluci\u00f3n de seguridad cuando est\u00e1 conectado al control bus SDI2 del panel. El interruptor B820 proporciona direccionamiento simple y visual.<\/p>\n<p class=\"ql-align-justify\"><strong>Resumen del sistema<\/strong><\/p>\n<p class=\"ql-align-justify\"><strong>Desarrollado por Inovonics<\/strong><\/p>\n<p class=\"ql-align-justify\">La plataforma Inovonics EchoStream, impulsada por la tecnolog\u00eda de red de malla inal\u00e1mbrica Inovonics, asegura rango superior, confiabilidad y escalabilidad para aplicaciones comerciales. Usando una amplia gama de transmisores y repetidores, esta tecnolog\u00eda probada proporciona flexibilidad y rendimiento para cumplir al m\u00e1ximo estrictos requisitos. Este protocolo exclusivo es<\/p>\n<p class=\"ql-align-justify\">disponible solo en productos Inovonics EchoStream.<\/p>\n<p class=\"ql-align-justify\">El B820 es supervisado y se comunica con el panel de control todos los cambios de estado del punto. El m\u00f3dulo los puntos de expansi\u00f3n inal\u00e1mbricos funcionan igual que el puntos cableados en el panel de control. Programaci\u00f3n de llavero y punto inal\u00e1mbrico, as\u00ed como los datos de diagn\u00f3stico est\u00e1n disponibles a su alcance directamente mediante cualquier teclado del panel de control o mediante el uso de Software de programaci\u00f3n remota (RPS).<\/p>\n<p class=\"ql-align-justify\"><strong>Funciones b\u00e1sicas<\/strong><\/p>\n<p class=\"ql-align-justify\"><strong>Supervisi\u00f3n de supervisi\u00f3n<\/strong><\/p>\n<p class=\"ql-align-justify\">El software monitorea y comunica el estado informaci\u00f3n sobre el bus de datos para lo siguiente:<\/p>\n<ul>\n<li class=\"ql-align-justify\">Poder operativo (latido del coraz\u00f3n).<\/li>\n<li class=\"ql-align-justify\">Transmitir datos (TX).<\/li>\n<li class=\"ql-align-justify\">Recibir datos (RX).<\/li>\n<\/ul>\n<p class=\"ql-align-justify\"><strong>Indicadores<\/strong><\/p>\n<ul>\n<li class=\"ql-align-justify\">LED de latido: el LED azul parpadea cuando se apaga el sistema est\u00e1 operativo. Un LED constante de encendido o apagado indica un error de operaci\u00f3n del sistema.<\/li>\n<li class=\"ql-align-justify\">LED TX (transmisi\u00f3n): el LED verde fijo encendido indica transmisi\u00f3n de datos al receptor.<\/li>\n<li class=\"ql-align-justify\">LED RX (recepci\u00f3n): el LED verde fijo encendido indica que recepci\u00f3n de datos desde el receptor. El LED RX parpadea 3 parpadeos r\u00e1pidos cuando el m\u00f3dulo aprende una conexi\u00f3n inal\u00e1mbrica el dispositivo est\u00e1 presente.<\/li>\n<\/ul>\n<p class=\"ql-align-justify\"><strong>Certificaciones y aprobaciones<\/strong><\/p>\n<p class=\"ql-align-justify\"><strong>Certificaci\u00f3n de regi\u00f3n<\/strong><\/p>\n<p class=\"ql-align-justify\"><strong>EE. UU. UL<\/strong><\/p>\n<ul>\n<li class=\"ql-align-justify\">UL UL 365 &#8211; Unidades de alarma antirrobo conectadas a la estaci\u00f3n de polic\u00eda.<\/li>\n<li class=\"ql-align-justify\">UL UL 609 &#8211; Est\u00e1ndar para ladrones locales.<\/li>\n<li class=\"ql-align-justify\">Unidades y sistemas de alarma.<\/li>\n<li class=\"ql-align-justify\">UL UL 636 &#8211; Unidades y sistemas de alarma de retenci\u00f3n.<\/li>\n<li class=\"ql-align-justify\">UL UL 985 &#8211; Unidades del sistema de advertencia de incendio en el hogar.<\/li>\n<li class=\"ql-align-justify\">UL UL 1023 &#8211; Unidades del sistema de alarma antirrobo dom\u00e9stico.<\/li>\n<li class=\"ql-align-justify\">UL UL 1076 &#8211; Alarma antirrobo patentada Unidades y sistemas<\/li>\n<li class=\"ql-align-justify\">UL UL 1610 &#8211; Alarma antirrobo de estaci\u00f3n central Unidades.<\/li>\n<li class=\"ql-align-justify\">CSFM vea nuestro sitio web.<\/li>\n<li class=\"ql-align-justify\">FCC Parte 15 Clase B.<\/li>\n<\/ul>\n<p class=\"ql-align-justify\"><strong>Canad\u00e1 ULC<\/strong><\/p>\n<ul>\n<li class=\"ql-align-justify\">CAN \/ ULC S303 &#8211; Alarma antirrobo local Unidades y sistemas.<\/li>\n<li class=\"ql-align-justify\">ULC CAN \/ ULC S304 &#8211; Est\u00e1ndar para centro de recepci\u00f3n de se\u00f1al y robo en premisa.<\/li>\n<li class=\"ql-align-justify\">ULC ULC-ORD C1023 &#8211; Ladr\u00f3n dom\u00e9stico Unidades de sistema de alarma.<\/li>\n<li class=\"ql-align-justify\">ULC ULC-ORD C1076 &#8211; Ladr\u00f3n patentado Unidades y sistemas de alarma.<\/li>\n<li class=\"ql-align-justify\">IC ICES-003 &#8211; Tecnolog\u00eda de la informaci\u00f3n Equipamiento (ITE).<\/li>\n<\/ul>\n<p class=\"ql-align-justify\"><strong>Notas de instalaci\u00f3n \/ configuraci\u00f3n<\/strong><\/p>\n<p class=\"ql-align-justify\"><strong>Consideraciones de montaje<\/strong><\/p>\n<p class=\"ql-align-justify\">Monte el m\u00f3dulo de interfaz B820 dentro de Inovonics EchoStream Serial Receiver utilizando el suministrado tiras de velcro contenidas dentro del embalaje B820. Consulte el receptor serie E42Stream EN4200 Instrucciones de instalaci\u00f3n y la interfaz SDI2 Inovonics Gu\u00eda de instalaci\u00f3n del m\u00f3dulo B820 para montaje y cableado instrucciones.<\/p>\n<p class=\"ql-align-justify\"><strong>Consideraciones de cableado<\/strong><\/p>\n<p class=\"ql-align-justify\">El B820 se conecta a un panel de control utilizando el PWR, A, B, terminales COM en el panel de control utilizando el regleta de terminales de tornillo. Utilice 12 AWG a 22 AWG (1.5 mm<\/p>\n<p class=\"ql-align-justify\">a 0.6 mm) cables desde el m\u00f3dulo al control panel.<\/p>\n<p class=\"ql-align-justify\">El B820 se conecta al EN4200 a trav\u00e9s de los datos en serie.<\/p>\n<p class=\"ql-align-justify\"><strong>Compatibilidad<\/strong><\/p>\n<p class=\"ql-align-justify\"><strong>Paneles de control\u00a0<\/strong><\/p>\n<ul>\n<li class=\"ql-align-justify\">B9512G \/ B9512G-E.<\/li>\n<li class=\"ql-align-justify\">B8512G \/ B8512G-E.<\/li>\n<li class=\"ql-align-justify\">B6512.<\/li>\n<li class=\"ql-align-justify\">B5512 \/ B5512E.<\/li>\n<li class=\"ql-align-justify\">B4512\/B4512E.<\/li>\n<li class=\"ql-align-justify\">B3512\/B3512E.<\/li>\n<li class=\"ql-align-justify\">D9412GV4\/D7412GV4.<\/li>\n<li class=\"ql-align-justify\">Receivers: Inovonics EchoStream EN4200 Serial Receiver.<\/li>\n<li class=\"ql-align-justify\">Repeaters: Inovonics EchoStream EN5040-T HighPower Repeater.<\/li>\n<li class=\"ql-align-justify\">Transmitters: All Inovonics EchoStream transmitters.<\/li>\n<\/ul>\n<p class=\"ql-align-justify\"><strong>Partes incluidas<\/strong><\/p>\n<p class=\"ql-align-justify\"><strong>Componente de cantidad<\/strong><\/p>\n<ul>\n<li class=\"ql-align-justify\">1 M\u00f3dulo de interfaz B820 Inovonics.<\/li>\n<li class=\"ql-align-justify\">1 paquete de hardware que incluye adhesivo de velcro.<\/li>\n<li class=\"ql-align-justify\">1 paquete de literatura.<\/li>\n<\/ul>\n<p class=\"ql-align-justify\"><strong>Nota:\u00a0M\u00f3dulo de interfaz B820 SDI2 Inovonics<\/strong><\/p>\n<p class=\"ql-align-justify\"><strong>Proporciona comunicaci\u00f3n entre un panel de control y un receptor serie Inchoonics EN4200 EchoStream.<\/strong><\/p>\n<p class=\"ql-align-justify\"><strong>N\u00famero de pedido: B820<\/strong><\/p>\n<p class=\"ql-align-justify\"><strong>Principales caracter\u00edsticas<\/strong><\/p>\n<ul>\n<li class=\"ql-align-justify\">Brinda conectividad a Inovonics EchoStream Receptor serial EN4200.<\/li>\n<li class=\"ql-align-justify\">Puede instalarse hasta 1000 pies del control panel, que permite una recepci\u00f3n inal\u00e1mbrica \u00f3ptima.<\/li>\n<li class=\"ql-align-justify\">Capacidad para almacenar cualquier combinaci\u00f3n de punto y ID de llavero para un total de 350 dispositivos inal\u00e1mbricos (tipos combinados) y hasta 8 ID de repetidor.<\/li>\n<li class=\"ql-align-justify\">Se monta directamente dentro de la carcasa del receptor EN4200, no se requiere un recinto separado.<\/li>\n<li class=\"ql-align-justify\">UL y CSFM listados.<\/li>\n<\/ul>\n<p class=\"ql-align-justify\"><strong>Especificaciones\u00a0<\/strong><\/p>\n<p class=\"ql-align-justify\"><strong>Propiedades<\/strong><\/p>\n<ul>\n<li class=\"ql-align-justify\">Dimensiones: De 3.2 in x 2.8 in x 0.60 in (82,5 mm x 70,0 mm x 15,0 mm).<\/li>\n<li class=\"ql-align-justify\">Peso: 1.5 oz (.04 kg).<\/li>\n<\/ul>\n<p class=\"ql-align-justify\"><strong>Consideraciones ambientales<\/strong><\/p>\n<ul>\n<li class=\"ql-align-justify\">Humedad relativa: De 5% a 93% a + 32 \u00b0 C (+ 90 \u00b0 F)<\/li>\n<li class=\"ql-align-justify\">Temperatura (en funcionamiento): De 0 \u00b0 C a + 49 \u00b0 C (+ 32 \u00b0 F a + 120 \u00b0 F)<\/li>\n<li class=\"ql-align-justify\"><strong>Requerimientos de energ\u00eda<\/strong><\/li>\n<li class=\"ql-align-justify\">Corriente total de 110 mA para el m\u00f3dulo B820 y el Receptor EN4200.<\/li>\n<li class=\"ql-align-justify\">Voltaje (en funcionamiento) 12 V CC nominal.<\/li>\n<\/ul>\n<p class=\"ql-align-justify\"><strong>Alambrado<\/strong><\/p>\n<ul>\n<li class=\"ql-align-justify\">Tama\u00f1o de cable de terminal 12 AWG a 22 AWG (2 mm a 0.65 mm).<\/li>\n<li class=\"ql-align-justify\">Cableado SDI2 Distancia m\u00e1xima: tama\u00f1o del cable (solo cable sin blindaje): 600 pies (183 m) \/ 22 AWG (0,65 mm) 1000 pies (305 m) \/ 18 AWG (1.02 mm).<\/li>\n<\/ul>\n<p><img decoding=\"async\" class=\"overview-center-img-web\" src=\"https:\/\/tvc.mx\/media\/38175\/Logoopaginas-oficial-1920x400.png\" alt=\"\" \/><\/p>\n","protected":false},"excerpt":{"rendered":"<p>M\u00f3dulo de interfaz B820 SDI2 Inovonics El m\u00f3dulo de interfaz B820 Inovonics es completamente dispositivo de bus SDI2 supervisado y direccionable que permite comunicaci\u00f3n entre paneles de control Bosch y un Inovonics EN4200 EchoStream Serial Receiver con Transmisores inal\u00e1mbricos EchoStream. Las instalaciones industriales, comerciales e&hellip;<\/p>\n","protected":false},"featured_media":9397,"comment_status":"open","ping_status":"closed","template":"","meta":{"om_disable_all_campaigns":false,"_monsterinsights_skip_tracking":false,"_monsterinsights_sitenote_active":false,"_monsterinsights_sitenote_note":"","_monsterinsights_sitenote_category":0},"product_brand":[],"product_cat":[847],"product_tag":[81,727,730,66,731,728,729],"class_list":{"0":"post-9398","1":"product","2":"type-product","3":"status-publish","4":"has-post-thumbnail","6":"product_cat-accesorios-impresoras-de-credenciales","7":"product_tag-acceso-y-asistencia","8":"product_tag-cerraduras","9":"product_tag-commax-wulian","10":"product_tag-dahua","11":"product_tag-wejoin","12":"product_tag-yli","13":"product_tag-zkteco","15":"first","16":"instock","17":"sale","18":"taxable","19":"shipping-taxable","20":"purchasable","21":"product-type-simple"},"aioseo_notices":[],"_links":{"self":[{"href":"https:\/\/tecsecmty.com\/index.php\/wp-json\/wp\/v2\/product\/9398","targetHints":{"allow":["GET"]}}],"collection":[{"href":"https:\/\/tecsecmty.com\/index.php\/wp-json\/wp\/v2\/product"}],"about":[{"href":"https:\/\/tecsecmty.com\/index.php\/wp-json\/wp\/v2\/types\/product"}],"replies":[{"embeddable":true,"href":"https:\/\/tecsecmty.com\/index.php\/wp-json\/wp\/v2\/comments?post=9398"}],"version-history":[{"count":1,"href":"https:\/\/tecsecmty.com\/index.php\/wp-json\/wp\/v2\/product\/9398\/revisions"}],"predecessor-version":[{"id":9575,"href":"https:\/\/tecsecmty.com\/index.php\/wp-json\/wp\/v2\/product\/9398\/revisions\/9575"}],"wp:featuredmedia":[{"embeddable":true,"href":"https:\/\/tecsecmty.com\/index.php\/wp-json\/wp\/v2\/media\/9397"}],"wp:attachment":[{"href":"https:\/\/tecsecmty.com\/index.php\/wp-json\/wp\/v2\/media?parent=9398"}],"wp:term":[{"taxonomy":"product_brand","embeddable":true,"href":"https:\/\/tecsecmty.com\/index.php\/wp-json\/wp\/v2\/product_brand?post=9398"},{"taxonomy":"product_cat","embeddable":true,"href":"https:\/\/tecsecmty.com\/index.php\/wp-json\/wp\/v2\/product_cat?post=9398"},{"taxonomy":"product_tag","embeddable":true,"href":"https:\/\/tecsecmty.com\/index.php\/wp-json\/wp\/v2\/product_tag?post=9398"}],"curies":[{"name":"wp","href":"https:\/\/api.w.org\/{rel}","templated":true}]}}