{"id":9400,"date":"2023-02-23T22:42:18","date_gmt":"2023-02-24T04:42:18","guid":{"rendered":"https:\/\/tecsecmty.com\/index.php\/producto\/bosch-i_d8108a-gabinete-para-panel-de-intrusion-series-bg-resistente-a-los-ataques\/"},"modified":"2023-03-22T23:21:21","modified_gmt":"2023-03-23T05:21:21","slug":"bosch-i_d8108a-gabinete-para-panel-de-intrusion-series-bg-resistente-a-los-ataques","status":"publish","type":"product","link":"https:\/\/tecsecmty.com\/index.php\/producto\/bosch-i_d8108a-gabinete-para-panel-de-intrusion-series-bg-resistente-a-los-ataques\/","title":{"rendered":"BOSCH I_D8108A- GABINETE PARA PANEL DE INTRUSION SERIES BG\/ RESISTENTE A LOS ATAQUES"},"content":{"rendered":"<h5 class=\"card-title text-center\">D8108A Recinto resistente a los ataques<\/h5>\n<p class=\"ql-align-justify\"><strong>El recinto alberga una variedad de paneles de control por Bosch, el acero laminado en fr\u00edo de 1,2 mm (calibre 18) el gabinete est\u00e1 listado por UL para la estaci\u00f3n central de incendios, local Fuego, y aplicaciones de Estaci\u00f3n Remota de Fuego.<\/strong><\/p>\n<p class=\"ql-align-justify\">Las cajas D8108A\/D8108A-CE a prueba de ataques contienen y protegen numerosos paneles de control de Bosch Security Systems, Inc. Los paneles de control homologados, instalados en una D8108A\/D8108A-CE, se pueden utilizar en aplicaciones de alarma de alta seguridad de uso mercantil. Consulte las aplicaciones espec\u00edficas de los paneles de control en su manual de instalaci\u00f3n y funcionamiento.<\/p>\n<p class=\"ql-align-justify\"><strong>Certificaciones y aprobaciones<\/strong><\/p>\n<p class=\"ql-align-justify\"><strong>NYC \/ BSA 582-85-SA<\/strong><\/p>\n<p class=\"ql-align-justify\"><strong>Certificaci\u00f3n de regi\u00f3n<\/strong><\/p>\n<p class=\"ql-align-justify\"><strong>EE. UU. UL<\/strong><\/p>\n<ul>\n<li class=\"ql-align-justify\">UL UL 294 &#8211; Est\u00e1ndar para control de acceso Unidades y sistemas<\/li>\n<li class=\"ql-align-justify\">UL UL 365 &#8211; Unidades de alarma antirrobo conectadas a la estaci\u00f3n de polic\u00eda<\/li>\n<li class=\"ql-align-justify\">UL UL 464 &#8211; Est\u00e1ndar para dispositivos de se\u00f1al audible<\/li>\n<li class=\"ql-align-justify\">UL UL 609 &#8211; Est\u00e1ndar para ladrones locales Unidades y sistemas de alarma<\/li>\n<li class=\"ql-align-justify\">UL UL 864 &#8211; Est\u00e1ndar para unidades de control y Accesorios para sistemas de alarma contra incendios.<\/li>\n<li class=\"ql-align-justify\">UL UL 985 &#8211; Unidades del sistema de advertencia de incendio en el hogar Certificaci\u00f3n de regi\u00f3n<\/li>\n<li class=\"ql-align-justify\">UL UL 1023 &#8211; Unidades del sistema de alarma antirrobo dom\u00e9stico.<\/li>\n<li class=\"ql-align-justify\">UL UL 1076 &#8211; Alarma antirrobo patentada Unidades y sistemas<\/li>\n<li class=\"ql-align-justify\">UL UL 1610 &#8211; Alarma antirrobo de estaci\u00f3n central Unidades<\/li>\n<li class=\"ql-align-justify\">UL UL 1635 &#8211; Est\u00e1ndar para alarma digital Unidades del sistema comunicador.<\/li>\n<\/ul>\n<p class=\"ql-align-justify\"><strong>Notas de instalaci\u00f3n \/ configuraci\u00f3n<\/strong><\/p>\n<p class=\"ql-align-justify\"><strong>Cerraduras compatibl<\/strong>es<\/p>\n<ul>\n<li class=\"ql-align-justify\">D101 (Clave # 1358).<\/li>\n<\/ul>\n<p class=\"ql-align-justify\"><strong>Interruptores antisabotaje compatibles<\/strong><\/p>\n<ul>\n<li class=\"ql-align-justify\">D110.<\/li>\n<li class=\"ql-align-justify\">ICP-EZTS.<\/li>\n<\/ul>\n<p class=\"ql-align-justify\"><strong>Partes incluidas<\/strong><\/p>\n<p class=\"ql-align-justify\"><strong>Componente de cantidad<\/strong><\/p>\n<ul>\n<li class=\"ql-align-justify\">1 Recinto.<\/li>\n<li class=\"ql-align-justify\">1 Paquete de hardware.<\/li>\n<li class=\"ql-align-justify\">1 Paquete de literatura.<\/li>\n<\/ul>\n<p class=\"ql-align-justify\"><strong>Nota: D8108A Recinto resistente a los ataques<\/strong><\/p>\n<p class=\"ql-align-justify\"><strong>Caja de acero gris de 41 cm x 41 cm x 9 cm. (16 pulg. X 16 pulg. X 3.5 pulg.). Listado por UL. Incluye un candado y juego de llaves.<\/strong><\/p>\n<p class=\"ql-align-justify\"><strong>N\u00famero de pedido: D8108A\u00a0\u00a0<\/strong><\/p>\n<p class=\"ql-align-justify\"><strong>Principales caracter\u00edsticas<\/strong><\/p>\n<ul>\n<li class=\"ql-align-justify\">Caja de acero laminado en fr\u00edo calibre 18.<\/li>\n<li class=\"ql-align-justify\">Listado por UL para incendio de estaci\u00f3n central, incendio local y Aplicaciones remotas de estaci\u00f3n de bomberos.<\/li>\n<\/ul>\n<p class=\"ql-align-justify\"><strong>Especificaciones<\/strong><\/p>\n<p class=\"ql-align-justify\"><strong>Propiedades<\/strong><\/p>\n<ul>\n<li class=\"ql-align-justify\">Dimensiones 16 pulgadas x 16 pulgadas x 3.5 pulgadas (41 cm x 41 cm x 9 cm).<\/li>\n<li class=\"ql-align-justify\">Peso: De 5,4 kg (12 lb).<\/li>\n<li class=\"ql-align-justify\">Material 1,2 mm (calibre 18) acero laminado en fr\u00edo.<\/li>\n<li class=\"ql-align-justify\">Color: gris.<\/li>\n<\/ul>\n<p class=\"ql-align-justify\"><strong>Montaje consideraciones<\/strong><\/p>\n<ul>\n<li class=\"ql-align-justify\">Montar en lugares secos en interiores.<\/li>\n<\/ul>\n<p><img decoding=\"async\" class=\"overview-center-img-web\" src=\"https:\/\/tvc.mx\/media\/38529\/Logoopaginas-oficial-1920x400.png\" alt=\"\" \/><\/p>\n","protected":false},"excerpt":{"rendered":"<p>D8108A Recinto resistente a los ataques El recinto alberga una variedad de paneles de control por Bosch, el acero laminado en fr\u00edo de 1,2 mm (calibre 18) el gabinete est\u00e1 listado por UL para la estaci\u00f3n central de incendios, local Fuego, y aplicaciones de Estaci\u00f3n&hellip;<\/p>\n","protected":false},"featured_media":9399,"comment_status":"open","ping_status":"closed","template":"","meta":{"om_disable_all_campaigns":false,"_monsterinsights_skip_tracking":false,"_monsterinsights_sitenote_active":false,"_monsterinsights_sitenote_note":"","_monsterinsights_sitenote_category":0},"product_brand":[],"product_cat":[847],"product_tag":[81,727,730,66,731,728,729],"class_list":{"0":"post-9400","1":"product","2":"type-product","3":"status-publish","4":"has-post-thumbnail","6":"product_cat-accesorios-impresoras-de-credenciales","7":"product_tag-acceso-y-asistencia","8":"product_tag-cerraduras","9":"product_tag-commax-wulian","10":"product_tag-dahua","11":"product_tag-wejoin","12":"product_tag-yli","13":"product_tag-zkteco","15":"first","16":"instock","17":"sale","18":"taxable","19":"shipping-taxable","20":"purchasable","21":"product-type-simple"},"aioseo_notices":[],"_links":{"self":[{"href":"https:\/\/tecsecmty.com\/index.php\/wp-json\/wp\/v2\/product\/9400","targetHints":{"allow":["GET"]}}],"collection":[{"href":"https:\/\/tecsecmty.com\/index.php\/wp-json\/wp\/v2\/product"}],"about":[{"href":"https:\/\/tecsecmty.com\/index.php\/wp-json\/wp\/v2\/types\/product"}],"replies":[{"embeddable":true,"href":"https:\/\/tecsecmty.com\/index.php\/wp-json\/wp\/v2\/comments?post=9400"}],"version-history":[{"count":1,"href":"https:\/\/tecsecmty.com\/index.php\/wp-json\/wp\/v2\/product\/9400\/revisions"}],"predecessor-version":[{"id":9574,"href":"https:\/\/tecsecmty.com\/index.php\/wp-json\/wp\/v2\/product\/9400\/revisions\/9574"}],"wp:featuredmedia":[{"embeddable":true,"href":"https:\/\/tecsecmty.com\/index.php\/wp-json\/wp\/v2\/media\/9399"}],"wp:attachment":[{"href":"https:\/\/tecsecmty.com\/index.php\/wp-json\/wp\/v2\/media?parent=9400"}],"wp:term":[{"taxonomy":"product_brand","embeddable":true,"href":"https:\/\/tecsecmty.com\/index.php\/wp-json\/wp\/v2\/product_brand?post=9400"},{"taxonomy":"product_cat","embeddable":true,"href":"https:\/\/tecsecmty.com\/index.php\/wp-json\/wp\/v2\/product_cat?post=9400"},{"taxonomy":"product_tag","embeddable":true,"href":"https:\/\/tecsecmty.com\/index.php\/wp-json\/wp\/v2\/product_tag?post=9400"}],"curies":[{"name":"wp","href":"https:\/\/api.w.org\/{rel}","templated":true}]}}