{"id":9416,"date":"2023-02-23T22:42:47","date_gmt":"2023-02-24T04:42:47","guid":{"rendered":"https:\/\/tecsecmty.com\/index.php\/producto\/dahua-dhi-isc-d718-tns-arco-detector-de-metales-de-18-zonas-con-medicion-de-temperatura-pantalla-de-7-pulgadas-relampago\/"},"modified":"2023-03-22T23:22:33","modified_gmt":"2023-03-23T05:22:33","slug":"dahua-dhi-isc-d718-tns-arco-detector-de-metales-de-18-zonas-con-medicion-de-temperatura-pantalla-de-7-pulgadas-relampago","status":"publish","type":"product","link":"https:\/\/tecsecmty.com\/index.php\/producto\/dahua-dhi-isc-d718-tns-arco-detector-de-metales-de-18-zonas-con-medicion-de-temperatura-pantalla-de-7-pulgadas-relampago\/","title":{"rendered":"DAHUA DHI-ISC-D718-TNS &#8211; Arco Detector de Metales de 18 Zonas con Medici\u00f3n de Temperatura\/ Pantalla de 7 Pulgadas\/ #relampago"},"content":{"rendered":"<div class=\"row aling-items-center padding-bottom-2x\">\n<div class=\"col-lg-12\">\n<h5 class=\"card-title text-center\">Informaci\u00f3n general<\/h5>\n<p>El detector de metales de paso de control de temperatura es una puerta de seguridad de alto rendimiento y alta sensibilidad que puede detectar la temperatura corporal. El dispositivo tiene alta sensibilidad de detecci\u00f3n de metales, peso ligero, fuerte anti-interferencia y rendimiento estable.<\/p>\n<p class=\"ql-align-justify\">Utiliza materiales especiales de alta resistencia que son livianos y f\u00e1ciles de transportar e instalar. El dispositivo tiene un dise\u00f1o modular y se fabrica en l\u00edneas de montaje unificadas, por lo que puede garantizar una buena estabilidad. Tambi\u00e9n ofrece una interfaz intuitiva y un uso simple, por lo que no se requiere capacitaci\u00f3n operativa para usarlo. Con una c\u00e1mara fija de doble lente, esta serie proporciona una soluci\u00f3n todo en uno para capturar videovigilancia para aplicaciones en interiores y exteriores. Junto con la tecnolog\u00eda t\u00e9rmica y visible, la c\u00e1mara es la soluci\u00f3n perfecta para aplicaciones de monitoreo de \u00e1reas oscuras y peque\u00f1as.<\/p>\n<p><img decoding=\"async\" class=\"overview-center-img-web\" src=\"https:\/\/tvc.mx\/media\/585355\/DAHUA-DHI-ISC-D718-TNS---Arco-Detector-Metales-18-Zonas-Medici%C3%B3n-Temperatura-banner-principal.png\" alt=\"Arco Detector de metales\" \/><\/div>\n<\/div>\n<div class=\"row align-items-center padding-bottom-2x\">\n<div class=\"col-md-5\"><img decoding=\"async\" class=\"d-block m-auto img-thumbnail\" src=\"https:\/\/tvc.mx\/media\/585391\/IVS-Dahua.png\" alt=\" IVS\" \/><\/div>\n<div class=\"col-md-7 text-md-left text-center\">\n<h2>Sistema de v\u00eddeo inteligente (IVS)<\/h2>\n<p class=\"text-muted\">\n<p class=\"ql-align-justify\">Con an\u00e1lisis de video inteligente incorporado, la c\u00e1mara tiene la capacidad de detectar y analizar objetos en movimiento para mejorar la videovigilancia. La c\u00e1mara proporciona inteligencia est\u00e1ndar opcional en el borde que permite la detecci\u00f3n de m\u00faltiples comportamientos de objetos, como la detecci\u00f3n de movimiento. IVS tambi\u00e9n admite an\u00e1lisis tripwire, lo que permite que la c\u00e1mara detecte cu\u00e1ndo se ha cruzado una l\u00ednea predeterminada.<\/p>\n<p>&nbsp;<\/p>\n<\/div>\n<\/div>\n<hr class=\"padding-bottom-2x\" \/>\n<div class=\"row align-items-center padding-bottom-2x\">\n<div class=\"col-md-5\"><img decoding=\"async\" class=\"d-block m-auto img-thumbnail\" src=\"https:\/\/tvc.mx\/media\/585483\/Deteccion-Incendios-m.png\" alt=\" \" \/><\/div>\n<div class=\"col-md-7 text-md-left text-center\">\n<h2>Detecci\u00f3n y alarma de incendios<\/h2>\n<p class=\"text-muted\">\n<p class=\"ql-align-justify\">Con la funci\u00f3n de detecci\u00f3n de incendios incorporada, la c\u00e1mara tiene la capacidad de detectar incendios a larga distancia. La c\u00e1mara t\u00e9rmica es sensible a la temperatura, por lo que la precisi\u00f3n de la detecci\u00f3n de incendios ser\u00e1 mayor que la de la c\u00e1mara visible.<\/p>\n<p>&nbsp;<\/p>\n<\/div>\n<\/div>\n<hr class=\"padding-bottom-2x\" \/>\n<div class=\"row align-items-center padding-bottom-2x\">\n<div class=\"col-md-5\"><img decoding=\"async\" class=\"d-block m-auto img-thumbnail\" src=\"https:\/\/tvc.mx\/media\/585487\/DAHUA-DHI-ISC-D718-TNS---Arco-Detector-Metales-18-Zonas-Medici%C3%B3n-Temperatura-caracteristicas.png\" alt=\" \" \/><\/div>\n<div class=\"col-md-7 text-md-left text-center\">\n<h2>Caracter\u00edsticas Principales<\/h2>\n<p class=\"text-muted\">\n<p><strong>\u00b7\u00a0<\/strong>Dos conjuntos de LED rojo-verde de alto brillo, luces indicadoras de \u00e1rea de doble fila s\u00faper brillantes y funci\u00f3n interactiva independiente de 18 zonas con 12 detectores<\/p>\n<p><strong>\u00b7\u00a0<\/strong>Pantalla LCD t\u00e1ctil a todo color de 7 pulgadas<\/p>\n<p><strong>\u00b7\u00a0<\/strong>F\u00e1cil de instalar y usar con dise\u00f1o modular<\/p>\n<p><strong>\u00b7\u00a0<\/strong>Uso seguro con dise\u00f1o de bajo voltaje<\/p>\n<p><strong>\u00b7\u00a0<\/strong>Funcionamiento estable con enchufe de aviaci\u00f3n anti-suelto<\/p>\n<p><strong>\u00b7\u00a0<\/strong>Material laminado de alta presi\u00f3n ign\u00edfugo (HPL) de alta resistencia<\/p>\n<p><strong>\u00b7\u00a0<\/strong>Supervise y muestre la interferencia de fondo en tiempo real<\/p>\n<p>&nbsp;<\/p>\n<\/div>\n<\/div>\n<hr class=\"padding-bottom-2x\" \/>\n<div class=\"row align-items-center padding-bottom-2x\">\n<div class=\"col-md-5 order-md-2\"><img decoding=\"async\" class=\"d-block m-auto img-thumbnail\" src=\"https:\/\/tvc.mx\/media\/585515\/DAHUA-DHI-ISC-D718-TNS---Arco-Detector-Metales-18-Zonas-Medici%C3%B3n-Temperatura-especificaciones-tecnicas.png\" alt=\" Dimensiones\" \/><\/div>\n<div class=\"col-md-7 order-md-1 text-md-left text-center\">\n<h2>Especificaciones T\u00e9cnicas<\/h2>\n<p class=\"text-muted\">\n<p class=\"ql-align-justify\">Tama\u00f1o exterior total:\u00a02210 mm \u00d7 928 mm \u00d7 572 mm (87,0&#8243; \u00d7 36,5&#8243; \u00d7 22,5&#8243;)<\/p>\n<p class=\"ql-align-justify\">Tama\u00f1o interior del pasillo: 1950 mm \u00d7 714 mm \u00d7 572 mm (76,8&#8243; \u00d7 28,1&#8243; \u00d7 22,5&#8243;)<\/p>\n<p class=\"ql-align-justify\">Tama\u00f1o de embalaje: 2409 mm \u00d7 868 mm \u00d7 304 mm (94,8&#8243; \u00d7 34,2&#8243; \u00d7 12,0&#8243;)<\/p>\n<p class=\"ql-align-justify\">Peso neto: 45 kg (99.2 libras)<\/p>\n<p class=\"ql-align-justify\">Peso bruto: 52 (con c\u00e1mara)<\/p>\n<p class=\"ql-align-justify\">Tensi\u00f3n de funcionamiento: Adaptador de corriente CA de 12 V, 100-240 V incluido en el paquete.<\/p>\n<p class=\"ql-align-justify\">Consumo m\u00e1ximo de energ\u00eda: 23 w<\/p>\n<\/div>\n<\/div>\n","protected":false},"excerpt":{"rendered":"<p>Informaci\u00f3n general El detector de metales de paso de control de temperatura es una puerta de seguridad de alto rendimiento y alta sensibilidad que puede detectar la temperatura corporal. El dispositivo tiene alta sensibilidad de detecci\u00f3n de metales, peso ligero, fuerte anti-interferencia y rendimiento estable.&hellip;<\/p>\n","protected":false},"featured_media":1304,"comment_status":"open","ping_status":"closed","template":"","meta":{"om_disable_all_campaigns":false,"_monsterinsights_skip_tracking":false,"_monsterinsights_sitenote_active":false,"_monsterinsights_sitenote_note":"","_monsterinsights_sitenote_category":0},"product_brand":[],"product_cat":[849],"product_tag":[81,727,730,66,731,728,729],"class_list":{"0":"post-9416","1":"product","2":"type-product","3":"status-publish","4":"has-post-thumbnail","6":"product_cat-detectores-de-metal-arco-inspeccion-dahua-acceso-asistencia","7":"product_tag-acceso-y-asistencia","8":"product_tag-cerraduras","9":"product_tag-commax-wulian","10":"product_tag-dahua","11":"product_tag-wejoin","12":"product_tag-yli","13":"product_tag-zkteco","15":"first","16":"instock","17":"sale","18":"taxable","19":"shipping-taxable","20":"purchasable","21":"product-type-simple"},"aioseo_notices":[],"_links":{"self":[{"href":"https:\/\/tecsecmty.com\/index.php\/wp-json\/wp\/v2\/product\/9416","targetHints":{"allow":["GET"]}}],"collection":[{"href":"https:\/\/tecsecmty.com\/index.php\/wp-json\/wp\/v2\/product"}],"about":[{"href":"https:\/\/tecsecmty.com\/index.php\/wp-json\/wp\/v2\/types\/product"}],"replies":[{"embeddable":true,"href":"https:\/\/tecsecmty.com\/index.php\/wp-json\/wp\/v2\/comments?post=9416"}],"version-history":[{"count":1,"href":"https:\/\/tecsecmty.com\/index.php\/wp-json\/wp\/v2\/product\/9416\/revisions"}],"predecessor-version":[{"id":9564,"href":"https:\/\/tecsecmty.com\/index.php\/wp-json\/wp\/v2\/product\/9416\/revisions\/9564"}],"wp:featuredmedia":[{"embeddable":true,"href":"https:\/\/tecsecmty.com\/index.php\/wp-json\/wp\/v2\/media\/1304"}],"wp:attachment":[{"href":"https:\/\/tecsecmty.com\/index.php\/wp-json\/wp\/v2\/media?parent=9416"}],"wp:term":[{"taxonomy":"product_brand","embeddable":true,"href":"https:\/\/tecsecmty.com\/index.php\/wp-json\/wp\/v2\/product_brand?post=9416"},{"taxonomy":"product_cat","embeddable":true,"href":"https:\/\/tecsecmty.com\/index.php\/wp-json\/wp\/v2\/product_cat?post=9416"},{"taxonomy":"product_tag","embeddable":true,"href":"https:\/\/tecsecmty.com\/index.php\/wp-json\/wp\/v2\/product_tag?post=9416"}],"curies":[{"name":"wp","href":"https:\/\/api.w.org\/{rel}","templated":true}]}}